MONTHLY CLIMATOLOGICAL SUMMARY for AUGUST 2018

NAME: Mandy Farms   CITY: Morehead City STATE: NC
ELEV: 10 LAT: 034:43:32 LONG: 0076:45:37

                            TEMPERATURE ( °F), RAIN (in.), WIND SPEED (mph)

                                               HEAT     COOL           AVG
      MEAN                                     DEG      DEG            WIND                       DOM
DAY   TEMP    HIGH   TIME     LOW    TIME      DAYS     DAYS    RAIN   SPEED    HIGH    TIME      DIR
----------------------------------------------------------------------------------------------------------------------------------------------------------
01    083.4   087.0  15:03    79.9   05:26     0.0     18.4    00.00  02.0     09.0    01:08     SSW
02    078.2   081.4  16:49    75.0   14:08     0.0     13.2    00.29  01.0     09.0    13:16     SW
03    076.8   083.5  15:16    70.5   05:22     0.0     11.8    00.75  01.0     13.5    04:24     SW
04    080.8   085.8  09:59    76.1   00:01     0.0     15.8    00.10  01.0     09.0    12:48     SW
05    081.2   087.0  10:35    75.9   06:23     0.0     16.2    00.06  01.0     13.5    14:00     WNW
06    081.1   088.0  11:14    74.3   06:29     0.0     16.1    00.00  01.0     09.0    10:49     W
07    082.1   086.8  10:44    77.5   16:00     0.0     17.1    00.02  01.0     09.0    16:00     SW
08    083.1   087.9  14:20    78.8   07:20     0.0     18.1    00.04  02.0     10.5    06:15     SW
09    079.9   086.6  15:20    73.3   06:30     0.0     14.9    00.00  02.0     12.0    08:02     W
10    080.4   088.6  11:09    72.3   06:44     0.0     15.4    00.00  01.0     07.5    10:19     WSW
11    082.4   087.5  10:59    77.6   06:34     0.0     17.4    00.00  01.0     09.0    12:54     SW
12    081.6   085.4  10:14    77.8   00:59     0.0     16.6    00.30  01.0     12.0    05:39     SW
13    078.6   083.9  16:19    73.6   06:39     0.0     13.6    00.05  01.0     10.5    04:19     WNW
14    081.0   086.6  15:25    75.4   07:08     0.0     16.0    00.00  01.0     13.5    19:26     W
15    081.8   087.1  15:14    76.6   06:37     0.0     16.8    00.00  01.0     09.0    08:44     SW
16    080.9   087.0  14:40    75.0   02:15     0.0     15.9    00.00  01.0     09.0    10:42     SW
17    083.7   088.3  14:47    79.2   07:01     0.0     18.7    00.00  02.0     09.0    09:08     SW
18    082.7   086.7  15:05    78.8   06:29     0.0	     17.7   	00.00  02.0	     12.0	   17:09	    SSW
19    082.6   086.5  15:19    78.7   06:59     0.0     17.6    00.00  02.0     10.5    16:44     SW
20
21
22
23
24
25
26
27
28
29
30
31
----------------------------------------------------------------------------------------------------------------------------------------------------------