MONTHLY CLIMATOLOGICAL SUMMARY for MARCH 2019

NAME: Mandy Farms   CITY: Morehead City STATE: NC
ELEV: 10 LAT: 034:43:32 LONG: 0076:45:37

                            TEMPERATURE ( °F), RAIN (in.), WIND SPEED (mph)

                                               HEAT     COOL           AVG
      MEAN                                     DEG      DEG            WIND                       DOM
DAY   TEMP    HIGH   TIME     LOW    TIME      DAYS     DAYS    RAIN   SPEED    HIGH    TIME      DIR
----------------------------------------------------------------------------------------------------------------------------------------------------------
01    059.4   070.7  12:18    48.1   07:17     05.6     00.0   00.43   03.0    18.0    03:40     NE  
02    055.7   063.5  14:00    48.0   08:46     09.3     00.0   00.00   03.0    18.0    01:01     NNW 
03    058.5   071.0  15:05    46.1   03:58     06.5     00.0   01.09   04.0    22.5    23:16     ENE
04    051.5   064.0  00:08    39.0   23:54     10.5     00.0   00.23   05.0    24.0    04:29     NNW
05    038.7   043.5  16:40    33.9   07:16     26.3     00.0   00.40   03.0    18.0    04:59     N    
06    037.5   045.9  14:41    29.6   01:34     27.5     00.0   00.00   05.0    30.0    10:20     NNW
07    040.5   055.5  15:24    25.8   04:26     24.5     00.0   00.00   02.0    15.0    09:54     W
08    052.5   060.9  14:09    44.2   00:04     12.5     00.0   00.10   04.0    18.0    13:14     ENE
09    050.9   055.5  12:09    46.3   00:24     14.1     00.0   00.00   05.0    24.0    11:54     ENE
10    061.7   074.4  15:04    49.4   01:34     13.3     00.0   00.00   02.0    21.0    15:24     SW
11    064.1   072.3  15:19    55.9   06:29     00.9     00.0   00.04   02.0    16.5    14:24     N
12    050.0   059.8  15:37    40.5   23:18     15.0     00.0   00.00   03.0    24.0    10:15     NE
13    050.5   063.4  14:06    37.9   03:17     14.5     00.0   00.00   02.0    16.5    09:30     E
14    059.2   073.9  14:36    44.6   00:23     05.8     00.0   00.00   01.0    13.5    14:47     SW
15    068.8   074.7  15:00    63.2   01:39     00.0     03.8   00.00   03.0    16.5    19:09     SW
16    055.8   066.0  00:04    45.5   23:19     09.2     00.0   00.00   04.0    27.0    09:59     NNW
17    047.9   060.1  16:16    36.3   07:07     17.1     00.0   00.00   03.0    25.5    09:33     NE
18    052.2   067.2  15:25    37.5   07:08     13.8     00.0   00.00   02.0    16.5    09:53     E
19    048.5   054.0  12:25    43.3   07:36     16.5     00.0   00.00   07.0    30.0    09:46     NE
20    051.2   058.2  23:30    44.2   03:00     13.8     00.0   00.66   05.0    25.5    00:30     NE 
21
22
23
24
25
26
27
28
----------------------------------------------------------------------------------------------------------------------------------------------------------