MONTHLY CLIMATOLOGICAL SUMMARY for JUNE 2019

NAME: Mandy Farms   CITY: Morehead City STATE: NC
ELEV: 10 LAT: 034:43:32 LONG: 0076:45:37

                            TEMPERATURE ( °F), RAIN (in.), WIND SPEED (mph)

                                               HEAT     COOL           AVG
      MEAN                                     DEG      DEG            WIND                       DOM
DAY   TEMP    HIGH   TIME     LOW    TIME      DAYS     DAYS    RAIN   SPEED    HIGH    TIME      DIR
----------------------------------------------------------------------------------------------------------------------------------------------------------
01    074.8   083.2  15:20    66.4   06:22     00.0     09.8    01.57   02.0    15.0    10:52     NNW
02    072.7   082.5  15:10    62.9   06:05     00.0     07.7    00.00   01.0    09.0    11:04     SW
03    076.9   082.7  11:33    71.0   05:34     00.0     11.9    00.00   03.0    22.5    14:06     N
04    072.2   080.3  15:20    64.0   06:20     00.0     07.2    00.00   01.0    15.0    11:19     ENE
05    079.0   083.6  10:40    74.3   03:59     00.0     14.0    00.00   01.0    15.0    15:29     SW
06    080.4   085.2  10:50    75.6   04:50     00.0     15.4    00.04   02.0    15.0    14:40     SW
07    080.8   085.5  14:20    76.0   06:00     00.0     15.8    00.50   01.0    09.0    09:54     WSW
08    076.7   080.6  15:15    72.8   06:00     00.0     11.7    00.21   01.0    10.5    15:30     E
09    077.7   083.0  14:55    72.7   02:54     00.0     12.7    00.19   01.0    07.5    16:39     ESE
10    081.4   086.5  09:50    76.9   06:10     00.0     16.4    00.00   01.0    13.5    16:49     SW
11    077.4   082.3  09:00    72.4   23:24     00.0     12.4    00.00   03.0    24.0    13:09     NNE
12    070.6   074.9  23:35    66.3   08:15     00.0     05.6    00.33   03.0    21.0    10:09     NE 
13    077.4   082.0  14:19    72.9   06:34     00.0     12.4    00.18   03.0    16.5    10:39     SW
14    070.8   080.3  15:14    61.4   23:43     00.0     05.8    00.00   03.0    22.5    10:24     NNW
15    069.5   081.2  15:02    58.0   06:01     00.0     04.5    00.00   01.0    09.0    10:57     SSE
16    077.9   085.6  14:07    70.9   05:59     00.0     12.9    00.00   01.0    10.5    12:45     SW
17    081.3   086.3  14:52    76.3   05:15     00.0     16.3    00.00   02.0    16.5    13:30     SW
18    082.2   087.2  11:19    77.4   05:29     00.0     17.2    00.00   02.0    13.5    13:49     SW
19
20
21
22
23
24
25
26
27
28
----------------------------------------------------------------------------------------------------------------------------------------------------------