MONTHLY CLIMATOLOGICAL SUMMARY for OCTOBER 2018

NAME: Mandy Farms   CITY: Morehead City STATE: NC
ELEV: 10 LAT: 034:43:32 LONG: 0076:45:37

                            TEMPERATURE ( �F), RAIN (in.), WIND SPEED (mph)

                                               HEAT     COOL           AVG
      MEAN                                     DEG      DEG            WIND                       DOM
DAY   TEMP    HIGH   TIME     LOW    TIME      DAYS     DAYS    RAIN   SPEED    HIGH    TIME      DIR
----------------------------------------------------------------------------------------------------------------------------------------------------------
01    076.1   085.8  13:45    67.3   04:24     00.0     11.1    00.00  02.0     19.5    11:59     NE 
02    074.9   086.1  14:42    64.4   06:41     00.0     09.9    00.00  01.0     09.0    13:35     S
03    076.9   086.8  15:08    67.5   07:10     00.0     11.9    00.00  01.0     10.5    13:15     WSW 
04    079.4   088.1  13:03    71.0   05:50     00.0     14.4    00.00  01.0     12.0    09:08     WSW
05    079.7   089.6  15:10    70.0   06:44     00.0     14.7    00.00  01.0     10.5    15:04     W
06    078.1   083.1  15:09    73.1   23:50     00.0     13.1    00.05  01.0     13.5    13:59     NE
07    079.3   087.3  15:10    71.3   02:24     00.0     14.3    00.00  02.0     16.5    12:09     NE
08    079.8   086.2  12:39    73.5   05:29     00.0     14.8    00.00  02.0     19.5    11:04     E
09    080.6   086.9  14:30    74.5   03:44     00.0     15.6    00.03  02.0     16.5    09:59     ESE   
10    082.2   087.2  15:14    77.3   07:59     00.0     17.2    00.07  02.0     13.5    12:09     SSE
11    080.9   086.4  11:39    75.7   20:34     00.0     15.9    00.33  04.0     50.0    18:39     SW
12    070.1   077.7  15:00    60.4   23:44     00.0     12.7    00.00  03.0     21.0    09:49     NE
13    065.2   075.1  13:15    55.2   07:08     00.0     00.2    00.00  02.0     19.5    14:32     NNW
14    068.1   076.3  15:15    60.1   02:38     00.0     03.1    00.00  03.0     18.0    12:09     NE
15    076.8   084.6  15:25    69.1   00:24     00.0     11.8    00.07  01.0     10.5    15:12     SSW
16    079.3   086.4  13:04    72.3   20:15     00.0     14.3    00.00  02.0     19.5    16:19     NW
17
18
19
20
21
22
23
24
25
26
27
28
29
30
31
----------------------------------------------------------------------------------------------------------------------------------------------------------