MONTHLY CLIMATOLOGICAL SUMMARY for JANUARY 2019

NAME: Mandy Farms   CITY: Morehead City STATE: NC
ELEV: 10 LAT: 034:43:32 LONG: 0076:45:37

                            TEMPERATURE (F), RAIN (in.), WIND SPEED (mph)

                                               HEAT     COOL           AVG
      MEAN                                     DEG      DEG            WIND                       DOM
DAY   TEMP    HIGH   TIME     LOW    TIME      DAYS     DAYS    RAIN   SPEED    HIGH    TIME      DIR
----------------------------------------------------------------------------------------------------------------------------------------------------------
01    065.7   068.9  13:49    62.9   07:41     00.0     00.7   00.00   03.0     15.0    10:45     WSW
02    057.9   062.3  00:01    53.7   06:34     07.1     00.0   00.00   05.0     22.5    09:41     NE
03    057.5   061.7  11:55    53.4   05:52     07.5     00.0   00.00   01.0     12.0    13:38     NNW
04    057.8   062.5  23:19    53.0   06:24     07.2     00.0   00.42   03.0     13.5    13:49     ENE
05    057.5   064.8  00:44    50.3   23:59     07.5     00.0   00.00   04.0     31.5    15:29     W
06    054.2   066.5  14:10    42.0   06:30     10.8     00.0   00.00   02.0     15.0    11:32     WNW
07    049.7   055.5  13:12    44.3   07:19     15.3     00.0   00.00   05.0     24.0    09:42     ENE
08    059.1   068.7  14:06    49.7   00:01     05.9     00.0   00.04   02.0     16.5    18:35     SW
09    051.5   061.0  00:04    42.0   20:13     13.5     00.0   00.00   05.0     27.0    12:01     NW
10    037.5   042.6  14:34    32.8   07:44     27.5     00.0   00.00   06.0     21.0    12:44     NNW
11    036.3   044.6  14:07    28.1   07:24     28.7     00.0   00.00   03.0     18.0    10:53     N
12    038.9   046.4  11:52    31.5   02:39     26.1     00.0   00.14   04.0     21.0    10:25     NE
13    049.3   059.5  10:40    39.0   22:37     15.7     00.0   00.33   04.0     22.5    02:14     N
14    036.2   040.8  15:04    31.8   22:02     28.8     00.0   00.00   04.0     22.5    08:07     N
15    038.5   048.0  14:39    29.4   00:19     26.5     00.0   00.00   02.0     15.0    12:59     N
16    040.8   054.1  14:19    27.6   06:54     24.2     00.0   00.00   01.0     12.0    11:14     WSW
17    045.0   052.9  13:14    37.3   00:01     20.0     00.0   00.00   03.0     16.5    09:54     NE    
18
19
20
21
22
23
24
25
26
27
28
29
30
31
----------------------------------------------------------------------------------------------------------------------------------------------------------