MONTHLY CLIMATOLOGICAL SUMMARY for OCT 1998

NAME:    CITY:  STATE: 
ELEV:  LAT:  LONG: 

                            TEMPERATURE ( F), RAIN (in.), WIND SPEED (mph)

                                            
      
DAY   MEAN   HIGH     TIME    LOW    TIME      RAIN   
----------------------------------------------------------------------------------------------------------------------------------------
01    68.0   078.0   14:34    53.1   07:34     00.00   
02    68.0   085.1   15:23    55.1   06:55     00.00   
03    68.0   085.0   14:21    63.0   07:34     00.00   
04    68.0   080.3   17:10    73.3   22:55     00.61   
05    68.0   075.0   16:15    68.1   06:44     00.00   
06    68.0   075.1   16:40    53.1   07:38     00.00   
07    68.0   079.0   16:18    49.1   02:18     00.00   
08    68.0   075.0   15:06    56.2   00:00     00.00  
09    68.0   078.0   00:06    55.1   00:00     00.00   
10    68.0   081.2   15:38    64.1   06:49     00.00   
11    68.0   076.0   14:47    64.4   08:01     00.00   
12    68.0   072.0   16:08    65.4   08:16     00.40   
13    68.0   078.0   15:30    64.1   00:00     00.00   
14    68.0   073.0   13:20    68.0   00:00     00.02   
15    68.0   074.0   16:35    57.3   07:32     00.00   
16    68.0   075.2   15:47    64.0   08:10     00.00   
17    68.0   072.3   15:15    65.1   06:48     00.00   
18    68.0   071.4   14:27    56.4   08:11     00.00   
19    68.0   075.3   14:33    60.4   07:20     00.19   
20    68.0   062.0   15:23    55.0   06:55     00.00   
21    68.0   071.0   13:56    51.2   07:50     00.00    
22    68.0   066.0   14:33    51.2   23:50     00.00   
23    68.0   062.0   14:32    41.2   23:13     00.00   
24    68.0   063.1   13:20    40.1   07:14     00.00   
25    68.0   067.0   12:10    41.1   02:12     00.00   
26    68.0   071.0   13:33    45.1   00:01     00.00   
27    68.0   069.0   13:23    49.1   07:36     00.00   
28    68.0   074.1   14:01    50.1   09:06     00.00  
30    68.0   077.1   23:51    58.2   07:50     00.00   
31    68.0   078.1   15:24    60.0   06:55     00.00   
----------------------------------------------------------------------------------------------------------------------------------------