MONTHLY CLIMATOLOGICAL SUMMARY for OCT 2012

NAME:    CITY:  STATE: 
ELEV:  LAT:  LONG: 

                            TEMPERATURE ( F), RAIN (in.), WIND SPEED (mph)

                                               HEAT     COOL           AVG
      MEAN                                     DEG      DEG            WIND                       DOM
DAY   TEMP    HIGH   TIME     LOW    TIME      DAYS     DAYS    RAIN   SPEED    HIGH    TIME      DIR
----------------------------------------------------------------------------------------------------------------------------------------------------------
01    71.5   081.1   16:16    66.0   07:36     00.0     06.6   00.14   03.3     17.3    14:42     ENE
02    76.0   078.6   16:07    72.7   04:39     00.0     11.1   00.52   02.9     11.5    13:08     WSW
03    78.6   084.0   15:50    75.0   06:46     00.0     13.7   00.00   02.6     10.4    22:06      SW
04    80.0   084.0   10:21    72.7   07:55     00.0     15.0   00.00   01.5     13.8    09:40      W 
05    81.5   083.5   22:08    64.8   00:00     00.0     16.5   00.00   02.2     10.4    13:27      N 
06    71.2   083.8   14:40    61.0   07:47     00.0     06.3   00.00   01.7     10.4    16:22     WSW
07    73.1   084.2   14:34    60.6   00:00     00.0     08.2   00.12   02.6     15.0    19:40     WNW
08    64.0   071.6   16:23    57.9   03:46     00.9     00.0   00.10   07.1     23.0    01:50      NE
09    61.2   066.6   13:51    57.2   09:09     03.8     00.0   00.00   05.2     18.4    13:23     NNW
10    61.1   072.5   14:34    56.7   23:34     03.8     00.0   00.00   02.4     11.5    13:23      NW
11    59.7   069.6   15:03    51.1   00:00     05.3     00.0   00.00   03.6     28.8    11:14      NE
12    60.1   072.7   15:42    47.8   07:33     04.8     00.0   00.00   02.6     13.8    20:48     NNE
13    62.3   071.2   14:35    54.9   07:36     02.7     00.0   00.00   05.9     28.8    09:51     ENE
14    66.1   081.6   14:27    55.0   07:36     00.0     01.2   00.00   01.2     10.4    13:13     ESE
15    69.3   079.5   15:41    59.2   07:40     00.0     04.4   00.00   02.3     11.5    21:10      SW
16    60.5   069.0   15:36    50.5   00:00     04.4     00.0   00.00   04.4     23.0    12:57     NNE
17    58.1   071.3   14:59    48.9   07:09     06.9     00.0   00.00   01.2     13.8    12:11     ENE
18    68.1   081.0   12:18    54.0   00:05     00.0     03.2   00.03   01.4     10.4    15:52      S 
19    72.4   081.1   14:00    65.7   23:50     00.0     07.4   00.00   01.5     10.4    14:51      SW
20    64.6   078.0   14:36    55.0   08:05     00.3     00.0   00.00   01.5     12.7    16:52      SW
21    59.3   071.5   14:35    49.7   00:00     05.6     00.0   00.00   03.0     13.8    13:24      N 
22    56.6   072.5   14:25    45.3   06:44     08.3     00.0   00.00   01.5     13.8    13:26     NNE
23    59.3   078.6   14:26    47.7   05:09     05.6     00.0   00.00   01.3     09.2    14:01     WNW
24    65.6   082.9   14:30    53.8   00:18     00.0     00.6   00.00   01.4     09.2    14:13      W 
25    71.6   082.2   14:27    56.7   07:02     00.0     06.7   00.00   02.6     13.8    14:16      E 
26    68.3   081.3   00:14    62.1   07:15     00.0     03.4   00.18   07.3     27.6    14:37      NE
27    67.2   070.7   04:38    63.3   21:06     00.0     02.3   01.64   14.0     48.3    21:23     ENE
28    60.0   063.5   00:28    55.9   19:08     04.9     00.0   00.92   13.2     44.9    09:24      N 
29    52.7   057.0   00:26    48.2   22:29     12.3     00.0   00.00   09.2     33.4    06:46     WNW
30    52.0   059.5   14:21    48.2   07:02     13.0     00.0   00.00   05.4     26.5    00:18     WSW
31    52.0   062.2   14:15    44.6   07:39     12.9     00.0   00.00   03.0     13.8    10:46     WSW
----------------------------------------------------------------------------------------------------------------------------------------------------------