MONTHLY CLIMATOLOGICAL SUMMARY for OCT 2013

NAME:    CITY:  STATE: 
ELEV:  LAT:  LONG: 

                            TEMPERATURE ( F), RAIN (in.), WIND SPEED (mph)

                                               HEAT     COOL           AVG
      MEAN                                     DEG      DEG            WIND                       DOM
DAY   TEMP    HIGH   TIME     LOW    TIME      DAYS     DAYS    RAIN   SPEED    HIGH    TIME      DIR
----------------------------------------------------------------------------------------------------------------------------------------------------------
01    64.5   077.9   14:59    52.7   06:48     00.5     00.0   00.00   02.3     17.3    11:28      N 
02    68.5   080.6   15:17    57.7   04:35     00.0     03.5   00.00   01.4     11.5    10:29      W 
03    71.3   081.2   16:17    62.4   07:09     00.0     06.3   00.00   01.2     11.5    09:04     WNW
04    71.7   082.2   13:40    62.1   07:30     00.0     06.8   00.00   00.6     08.1    13:52      SW
05    72.3   082.1   15:16    66.0   14:14     00.0     07.3   00.00   00.4     05.8    15:52     WSW
06    69.6   081.5   19:39    65.5   16:42     00.0     04.7   00.00   00.0     06.9    22:12      N 
07    78.0   082.2   16:11    74.7   06:07     00.0     13.1   00.00   01.9     10.3    22:57      SW
08    66.2   075.7   00:15    63.5   14:18     00.0     01.2   02.65   11.3     32.2    17:21      NE
09    64.7   067.8   14:11    62.4   03:06     00.2     00.0   01.32   13.6     36.8    07:10      N 
10    62.5   066.0   13:25    59.7   00:00     02.4     00.0   00.00   11.2     27.6    12:26      NW
11    63.2   067.6   13:45    59.5   07:24     01.8     00.0   00.02   05.6     18.4    13:14      NW
12    66.3   070.9   14:57    62.8   07:43     00.0     01.4   00.00   02.6     11.5    21:13      NW
13    70.6   078.8   16:18    65.3   07:49     00.0     05.6   00.00   05.6     21.9    12:44     NNE
14    69.8   073.4   14:07    66.7   00:00     00.0     04.9   00.04   10.5     28.8    14:00     ENE
15    67.0   072.0   13:48    64.2   07:34     00.0     02.1   00.00   08.5     24.1    14:45     NNW
16    69.3   074.1   13:08    67.1   07:52     00.0     04.3   00.00   05.5     19.6    15:49     NNW
17    69.4   078.6   14:19    60.3   07:17     00.0     04.5   00.00   02.5     11.5    11:50     WSW
18    70.6   078.0   14:50    66.6   07:07     00.0     05.6   00.04   03.2     14.9    13:42      NE
19    70.5   076.5   00:00    66.0   07:39     00.0     05.5   00.44   00.4     08.1    00:30      W 
20    72.3   072.5   16:26    57.2   07:04     00.0     07.4   00.00   00.0     05.8    00:00     WSW
21    62.9   070.7   17:00    54.7   00:01     02.0     00.0   00.00   01.7     08.1    18:13      NW
22    63.0   070.0   14:14    58.5   07:42     02.0     00.0   00.03   01.6     09.2    10:27     WNW
23    62.7   075.0   14:46    53.4   00:00     02.3     00.0   00.33   03.1     24.1    16:40      W 
24    50.4   062.4   15:36    41.9   00:00     14.5     00.0   00.00   05.1     25.3    10:33      NW
25    48.6   059.2   15:18    37.9   00:00     16.4     00.0   00.00   05.9     27.6    16:24     NNW
26    48.5   062.4   16:16    36.9   03:36     16.5     00.0   00.00   03.4     16.1    10:43      NW
27    53.4   066.0   13:58    43.9   01:55     11.5     00.0   00.00   01.7     14.9    11:56     NNW
28    57.0   069.6   16:39    45.0   06:17     07.9     00.0   00.00   00.3     11.5    11:53     NNW
29    59.5   070.5   15:18    49.1   05:23     05.5     00.0   00.00   01.1     12.7    12:44     WNW
30    61.2   070.3   14:37    54.0   07:35     03.7     00.0   00.00   00.4     09.2    10:55     SSW
31    63.6   069.4   22:59    55.4   07:17     01.3     00.0   00.01   00.6     12.7    13:41     ESE
----------------------------------------------------------------------------------------------------------------------------------------------------------