MONTHLY CLIMATOLOGICAL SUMMARY for OCT 2014

NAME:    CITY:  STATE: 
ELEV:  LAT:  LONG: 

                            TEMPERATURE ( F), RAIN (in.), WIND SPEED (mph)

                                               HEAT     COOL           AVG
      MEAN                                     DEG      DEG            WIND                       DOM
DAY   TEMP    HIGH   TIME     LOW    TIME      DAYS     DAYS    RAIN   SPEED    HIGH    TIME      DIR
----------------------------------------------------------------------------------------------------------------------------------------------------------
01    70.5   081.1   14:57    64.0   03:40     00.0     05.6   00.00   03.2     13.8    16:43      N 
02    69.6   080.5   14:53    61.2   07:28     00.0     04.7   00.00   00.7     10.3    11:33     NNE
03    71.5   081.2   14:58    66.0   03:21     00.0     06.5   00.03   00.2     05.8    23:07     NNE
04    73.9   082.8   14:35    58.8   00:00     00.0     09.0   00.01   03.3     18.4    23:08      W 
05    56.7   066.9   15:12    48.4   07:54     08.2     00.0   00.00   03.6     18.4    01:41     NNW
06    60.4   073.4   15:30    46.0   07:13     04.6     00.0   00.00   00.3     08.1    13:14     NNW
07    70.4   077.4   15:29    63.9   07:45     00.0     05.5   00.00   00.3     05.8    00:00      W 
08    75.4   083.5   14:52    70.9   07:24     00.0     10.4   00.00   01.3     09.2    15:30      SW
09    67.7   076.3   14:40    58.6   00:00     00.0     02.8   00.00   03.2     12.7    02:20     NNW
10    67.7   078.7   15:11    56.5   07:23     00.0     02.7   00.00   00.1     05.8    16:00     NNE
11    74.7   083.5   15:48    67.6   00:00     00.0     09.7   00.18   01.7     16.1    23:22     WSW
12    69.1   074.5   13:50    64.9   04:24     00.0     04.1   00.09   06.1     19.6    10:16      NE
13    73.3   082.5   14:38    65.3   07:41     00.0     08.4   00.00   00.7     10.3    12:16      NE
14    76.8   084.0   15:33    71.8   05:53     00.0     11.9   00.00   00.9     09.2    20:22      S 
15    72.4   078.8   10:49    69.3   00:00     00.0     07.5   02.41   01.0     13.8    02:35      SW
16    64.8   074.8   15:17    55.6   07:51     00.1     00.0   00.00   00.7     13.8    14:04      W 
17    62.8   073.6   15:34    54.5   07:58     02.1     00.0   00.00   02.9     12.7    03:29      NW
18    69.0   079.7   15:04    63.3   08:02     00.0     04.0   00.00   02.1     20.7    20:27     WNW
19    58.2   066.1   15:13    46.0   00:00     06.8     00.0   00.00   05.9     26.4    11:55      NW
20    57.6   071.6   15:24    43.0   05:23     07.3     00.0   00.00   00.4     08.1    09:59     NNE
21    66.1   078.0   15:36    56.8   08:01     00.0     01.2   00.05   01.1     11.5    10:50      W 
22    58.5   064.2   00:45    51.1   08:10     06.5     00.0   00.00   06.5     27.6    14:57      NW
23    57.2   068.8   14:51    48.4   07:53     07.8     00.0   00.00   05.2     25.3    14:57     WNW
24    57.5   070.9   15:42    49.8   05:13     07.5     00.0   00.00   02.8     13.8    14:40      NW
25    51.3   073.6   16:26    46.4   12:10     13.6     00.0   00.00   00.0     03.5    04:46     WNW
26    59.6   078.6   16:10    50.2   00:00     05.3     00.0   00.00   03.1     14.9    04:59      NW
27    52.0   077.0   17:00    45.7   06:19     12.9     00.0   00.00   00.0     00.0    00:00      N 
28    64.5   080.8   14:48    50.7   03:53     00.5     00.0   00.00   00.5     08.1    15:00     WNW
29    70.3   078.3   15:34    65.7   07:27     00.0     05.3   00.00   00.5     06.9    17:55     WSW
30    61.8   069.6   00:56    54.9   23:38     03.1     00.0   00.06   05.3     21.9    12:07     NNE
31    58.4   066.2   15:00    52.3   22:38     06.5     00.0   00.00   05.7     23.0    11:46     NNE
----------------------------------------------------------------------------------------------------------------------------------------------------------