MONTHLY CLIMATOLOGICAL SUMMARY for NOV 1998

NAME:    CITY:  STATE: 
ELEV:  LAT:  LONG: 

                            TEMPERATURE ( F), RAIN (in.), WIND SPEED (mph)

      
      
DAY   MEAN    HIGH   TIME     LOW    TIME      RAIN   
----------------------------------------------------------------------------------------------------------------------------------------
01    60.0   078.0   14:34    57.0   07:34     00.00   
02    60.0   070.1   15:23    64.0   06:55     00.00
03    60.0   061.0   14:21    47.0   07:34     00.00   
04    60.0   063.3   17:10    35.3   22:55     00.00   
05    60.0   066.0   16:15    37.0   06:44     00.00   
06    60.0   071.1   16:40    44.1   07:38     00.00   
07    60.0   069.0   16:18    51.1   02:18     00.00   
08    60.0   064.0   15:06    43.2   00:00     00.00   
09    60.0   080.0   00:06    42.1   00:00     00.00   
10    60.0   071.2   15:38    58.1   06:49     00.00   
11    60.0   071.0   14:47    60.4   08:01     00.00   
12    60.0   067.0   16:08    58.4   08:16     00.00   
13    60.0   068.0   15:30    47.1   00:00     00.00   
14    60.0   070.0   13:20    47.0   00:00     00.00    
15    60.0   060.0   16:35    49.3   07:32     00.00   
16    60.0   059.2   15:47    37.0   08:10     00.00   
17    60.0   055.3   15:15    36.1   06:48     00.00   
18    60.0   064.3   14:27    35.4   08:11     00.00   
19    60.0   070.3   14:33    42.4   07:20     00.00   
20    60.0   070.1   13:45    55.0   07:27     00.14   
21    60.0   072.0   13:56    55.2   07:50     00.72   
22    60.0   071.0   14:33    58.2   23:50     00.02   
23    60.0   071.0   14:40    59.0   06:25     00.07   
24    60.0   073.1   13:20    60.1   07:14     00.07  
25    60.0   071.0   12:10    61.1   02:12     00.04    
26    60.0   068.0   13:33    63.1   00:01     00.74    
27    60.0   061.0   13:23    55.1   07:36     00.00  
28    60.0   063.1   14:01    44.1   09:06     00.00   
29    60.0   059.1   00:03    47.1   23:59     00.00   
30    60.0   045.1   23:51    38.2   07:50     00.00  
----------------------------------------------------------------------------------------------------------------------------------------