MONTHLY CLIMATOLOGICAL SUMMARY for NOV 2013

NAME:    CITY:  STATE: 
ELEV:  LAT:  LONG: 

                            TEMPERATURE ( F), RAIN (in.), WIND SPEED (mph)

                                               HEAT     COOL           AVG
      MEAN                                     DEG      DEG            WIND                       DOM
DAY   TEMP    HIGH   TIME     LOW    TIME      DAYS     DAYS    RAIN   SPEED    HIGH    TIME      DIR
----------------------------------------------------------------------------------------------------------------------------------------------------------
01    71.7   076.8   15:42    66.7   05:57     00.0     06.8   00.07   04.4     16.1    04:42     SSW
02    64.7   072.7   00:34    56.5   23:46     00.2     00.0   01.05   02.6     16.1    09:52      W 
03    56.2   064.0   14:41    50.9   07:11     08.7     00.0   00.00   07.8     27.6    11:22     NNW
04    52.4   059.0   09:32    46.4   07:15     12.6     00.0   00.00   09.3     33.4    10:37     NNE
05    61.4   072.1   14:08    51.3   01:31     03.6     00.0   00.00   08.5     27.6    10:15      NW
06    62.8   066.5   12:52    58.8   02:25     02.2     00.0   00.20   04.8     21.9    11:58     WNW
07    65.3   068.2   13:53    56.3   00:00     00.0     00.3   00.12   00.3     18.4    23:35      SW
08    49.6   056.7   14:14    39.2   00:00     15.3     00.0   00.00   04.7     24.1    09:43      W 
09    49.5   059.7   14:50    37.4   06:47     15.5     00.0   00.00   01.0     18.4    10:41      W 
10    57.6   066.0   14:24    51.1   05:08     07.4     00.0   00.00   00.6     08.1    10:34     SSE
11    51.4   059.5   14:21    42.8   00:00     13.5     00.0   00.00   04.6     23.0    09:34      W 
12    48.9   065.5   14:05    35.8   23:48     16.0     00.0   00.00   06.2     38.0    16:48      W 
13    36.4   047.4   14:09    27.9   00:00     28.5     00.0   00.00   09.7     42.5    10:24      NW
14    39.5   055.2   15:10    25.3   06:50     25.5     00.0   00.00   00.7     10.3    12:36     WNW
15    52.4   066.0   13:28    37.9   06:47     12.5     00.0   00.26   00.4     12.7    14:43      N 
16    63.5   073.2   13:25    57.9   03:47     01.5     00.0   00.04   04.1     14.9    19:36      NE
17    63.6   071.4   16:09    61.9   16:00     01.4     00.0   00.04   05.4     11.5    19:24      NE
18    68.8   073.2   12:58    58.1   23:00     00.0     03.9   00.02   03.0     13.8    10:09     SSW
19    51.3   058.6   14:14    45.0   00:00     13.7     00.0   00.00   09.8     32.2    11:00      NE
20    50.8   060.2   13:55    43.7   01:36     14.2     00.0   00.00   10.2     33.4    09:38      NE
21    56.6   064.2   13:08    52.3   00:09     08.4     00.0   00.06   05.9     23.0    00:13     NNE
22    60.6   071.2   13:53    51.3   06:26     04.4     00.0   00.00   01.8     10.3    11:28     ESE
23    57.6   066.9   10:09    49.6   00:00     07.3     00.0   00.12   04.3     26.4    11:32      N 
24    37.9   049.5   00:04    30.2   00:00     27.0     00.0   00.00   11.0     34.5    13:18      NW
25    35.1   046.9   14:04    26.8   05:03     29.8     00.0   00.00   06.3     20.7    10:44     NNE
26    55.1   067.2   00:00    38.8   00:06     09.9     00.0   01.06   03.4     64.4    22:16     SSE
27    39.7   066.2   16:00    35.2   00:00     25.2     00.0   00.29   12.9     31.1    21:05     WNW
28    34.2   045.5   14:08    28.6   06:19     30.7     00.0   00.00   06.4     26.4    08:53     NNW
29    42.6   054.5   14:00    32.6   00:01     22.3     00.0   00.00   07.4     23.0    20:35     NNE
30    46.5   058.6   13:51    37.6   04:00     18.5     00.0   00.00   08.7     28.8    10:06     NNE
----------------------------------------------------------------------------------------------------------------------------------------------------------