MONTHLY CLIMATOLOGICAL SUMMARY for NOV 2014

NAME:    CITY:  STATE: 
ELEV:  LAT:  LONG: 

                            TEMPERATURE ( F), RAIN (in.), WIND SPEED (mph)

                                               HEAT     COOL           AVG
      MEAN                                     DEG      DEG            WIND                       DOM
DAY   TEMP    HIGH   TIME     LOW    TIME      DAYS     DAYS    RAIN   SPEED    HIGH    TIME      DIR
----------------------------------------------------------------------------------------------------------------------------------------------------------
01    50.5   057.4   12:00    46.0   05:31     14.4     00.0   00.38   07.4     33.4    23:26     NNW
02    45.8   050.4   15:42    38.6   00:00     19.1     00.0   00.00   09.8     31.1    12:08      NW
03    45.2   062.6   15:04    31.3   04:31     19.7     00.0   00.00   02.4     17.3    11:05      NW
04    51.7   066.1   14:26    39.7   05:40     13.3     00.0   00.00   00.4     08.1    11:15      W 
05    61.9   071.6   14:12    48.2   00:12     03.1     00.0   00.00   00.2     08.1    12:04     WSW
06    67.3   071.6   15:14    57.0   00:00     00.0     02.4   00.00   02.7     25.3    23:18      SW
07    53.8   064.3   14:19    43.2   23:46     11.2     00.0   00.00   05.4     27.6    03:13      NW
08    51.8   063.5   13:09    40.3   06:56     13.1     00.0   00.00   00.9     10.3    11:42     NNW
09    53.5   061.7   13:42    43.5   23:59     11.4     00.0   00.00   01.4     12.7    11:26     NNW
10    56.9   066.4   13:07    43.8   00:01     08.0     00.0   00.00   04.8     16.1    13:04     NNE
11    63.8   067.5   17:35    58.8   00:19     01.1     00.0   01.38   04.1     13.8    00:45     NNE
12    64.2   076.1   14:25    57.4   00:00     00.7     00.0   00.00   05.1     17.3    03:22     NNW
13    59.7   069.8   12:28    47.3   00:00     05.3     00.0   00.01   05.0     20.7    23:12     NNE
14    42.4   047.3   00:38    34.7   00:00     22.6     00.0   00.03   07.4     24.1    07:14     NNW
15    38.7   049.4   13:59    32.2   07:27     26.2     00.0   00.00   04.3     20.7    12:26      N 
16    48.5   059.2   12:43    36.9   00:28     16.5     00.0   00.45   03.8     17.3    21:08     NNE
17    61.8   071.6   13:28    50.4   00:02     03.1     00.0   00.31   02.3     11.5    13:40      SW
18    42.7   062.8   00:53    27.3   22:36     22.2     00.0   00.00   06.6     24.1    02:37      NW
19    34.4   045.2   14:09    22.8   06:11     30.5     00.0   00.00   02.2     20.7    09:54      NW
20    47.9   058.8   14:21    34.3   05:15     17.1     00.0   00.00   03.2     12.7    13:24     WSW
21    44.3   053.1   14:10    33.3   21:45     20.6     00.0   00.00   04.9     23.0    08:59     NNW
22    42.9   060.8   14:00    30.7   03:46     22.1     00.0   00.00   01.6     14.9    09:18     NNE
23    55.5   065.5   00:00    41.5   02:44     09.4     00.0   00.17   00.7     13.8    17:32      S 
24    66.3   069.7   14:51    62.2   00:00     00.0     01.3   00.44   01.4     11.5    01:12      SW
25    64.2   069.3   10:58    61.3   00:00     00.8     00.0   00.30   01.1     13.8    12:52      W 
26    54.7   069.4   08:30    43.2   00:00     10.3     00.0   00.62   06.5     25.3    15:32     WNW
27    45.3   057.9   13:41    35.2   06:53     19.6     00.0   00.00   04.7     26.4    15:49     WNW
28    39.3   047.1   14:32    28.0   00:00     25.7     00.0   00.00   05.1     25.3    11:14     NNW
29    38.6   054.1   14:12    27.3   06:33     26.4     00.0   00.00   00.4     08.1    10:33      W 
30    52.2   064.2   14:53    38.8   00:07     12.7     00.0   00.00   00.8     08.1    14:23      SW
----------------------------------------------------------------------------------------------------------------------------------------------------------