MONTHLY CLIMATOLOGICAL SUMMARY for NOVEMBER 2018 NAME: Mandy Farms CITY: Morehead City STATE: NC ELEV: 10 LAT: 034:43:32 LONG: 0076:45:37 TEMPERATURE ( °F), RAIN (in.), WIND SPEED (mph) HEAT COOL AVG MEAN DEG DEG WIND DOM DAY TEMP HIGH TIME LOW TIME DAYS DAYS RAIN SPEED HIGH TIME DIR ---------------------------------------------------------------------------------------------------------------------------------------------------------- 01 067.6 080.3 15:05 55.1 07:05 00.0 02.6 00.00 01.0 12.0 12:42 SW 02 073.6 078.3 13:13 69.0 18:02 00.0 08.6 00.40 02.0 15.0 14:16 SSW 03 061.1 072.8 00:45 49.5 21:30 03.9 00.0 00.00 04.0 24.0 07:27 WNW 04 059.8 069.2 13:01 50.5 02:11 05.2 00.0 00.00 05.0 28.5 09:42 NE 05 072.3 076.0 11:30 68.8 07:07 00.0 07.3 01.46 01.0 13.0 02:55 SSW 06 072.3 079.7 11:34 65.0 04:24 00.0 07.2 00.00 01.0 15.0 10:54 SW 07 069.8 075.0 13:24 64.6 07:24 00.0 04.8 00.00 03.0 18.0 10:29 NE 08 063.8 066.8 01:04 60.7 19:49 01.2 00.0 00.42 05.0 24.0 14:04 NE 09 069.5 078.6 14:41 60.4 02:40 00.0 04.5 00.00 03.0 24.0 00:47 NNE 10 058.2 069.2 02:19 47.2 23:32 06.8 00.0 00.05 04.0 21.0 06:44 NNW 11 050.0 056.3 10:57 44.1 06:06 15.0 00.0 00.00 05.0 22.5 07:53 NE 12 059.4 069.7 22:41 49.2 00:19 05.6 00.0 00.00 04.0 21.0 10:34 ENE 13 065.1 073.4 13:19 56.9 23:59 00.0 00.1 02.75 02.0 19.5 04:44 W 14 053.4 057.0 00:04 49.8 19:19 11.6 00.0 00.01 07.0 31.5 12:49 NE 15 060.7 074.4 14:32 47.0 23:13 04.3 00.0 01.81 05.0 30.0 03:02 ENE 16 049.7 058.9 14:11 40.4 06:48 13.9 00.0 00.00 04.0 24.0 00:36 NW 17 050.0 060.7 14:04 39.2 06:59 15.0 00.0 00.00 02.0 16.5 15:59 NNE 18 056.9 066.5 13:45 47.3 06:38 08.1 00.0 00.00 03.0 15.0 08:38 NE 19 056.4 061.3 12:24 51.7 20:58 08.6 00.0 00.20 02.0 16.5 07:30 NNE 20 056.2 062.2 15:34 50.2 02:40 08.8 00.0 00.02 01.0 12.0 09:07 WNW 21 050.4 061.0 13:53 40.3 22:34 14.6 00.0 00.00 02.0 18.0 13:18 NNW 22 046.6 053.4 13:54 39.9 23:59 18.4 00.0 00.00 05.0 27.0 12:44 NE 23 052.6 052.6 13:10 37.1 03:33 12.4 00.0 00.00 05.0 28.5 13:59 NE 24 058.3 067.4 15:19 49.3 00:04 06.7 00.0 00.94 04.0 30.0 12:24 S 25 053.6 062.5 15:14 44.7 07:25 11.4 00.0 00.00 03.0 18.0 09:24 NNW 26 056.2 067.4 10:44 45.0 00:04 08.8 00.0 00.15 02.0 19.5 16:19 W 27 045.9 053.2 00:01 38.9 07:44 19.1 00.0 00.00 03.0 16.5 01:18 WNW 28 036.8 044.1 14:28 29.2 06:41 27.7 00.0 00.00 05.0 24.0 08:24 NW 29 039.0 050.2 14:00 28.0 07:07 26.0 00.0 00.00 02.0 13.5 10:53 NNW 30 049.9 065.2 14:29 34.8 00:04 15.1 00.0 00.00 01.0 15.0 14:04 SW ----------------------------------------------------------------------------------------------------------------------------------------------------------