MONTHLY CLIMATOLOGICAL SUMMARY for NOVEMBER 2019 NAME: Mandy Farms CITY: Morehead City STATE: NC ELEV: 10 LAT: 034:43:32 LONG: 0076:45:37 TEMPERATURE ( �F), RAIN (in.), WIND SPEED (mph) HEAT COOL AVG MEAN DEG DEG WIND DOM DAY TEMP HIGH TIME LOW TIME DAYS DAYS RAIN SPEED HIGH TIME DIR ---------------------------------------------------------------------------------------------------------------------------------------------------------- 01 060.4 077.2 00:14 49.3 08:14 04.6 00.0 00.37 05.0 24.0 07:44 NNW 02 057.8 066.4 14:49 51.8 03:19 08.2 00.0 00.00 01.9 19.5 10:19 NE 03 053.5 062.7 13:34 44.7 06:49 11.5 00.0 00.00 01.9 16.5 13:34 N 04 055.9 069.5 14:34 41.6 01:19 09.1 00.0 00.00 02.0 21.0 11:14 ENE 05 067.9 071.7 08:34 61.2 23:35 00.0 02.9 00.28 01.0 07.5 08:59 SSE 06 060.7 067.3 11:49 54.6 23:24 04.3 00.0 00.00 03.8 25.5 12:49 NE 07 063.9 077.3 14:24 55.2 00:22 01.1 00.0 00.00 00.7 12.0 09:19 NE 08 052.1 065.1 00:29 43.3 23:24 12.4 00.0 00.38 05.0 28.5 07:44 N 09 047.0 057.0 13:59 39.4 04:24 18.0 00.0 00.00 04.1 22.5 10:04 NNE 10 048.7 062.3 14:19 37.4 07:04 16.3 00.0 00.00 00.5 09.0 10:03 NNW 11 053.4 067.8 14:39 40.4 06:44 11.6 00.0 00.00 00.3 09.0 13:09 WSW 12 057.0 071.4 12:59 36.7 23:59 08.0 00.0 00.64 03.2 27.0 16:29 N 13 037.2 043.5 14:12 31.8 05:15 27.8 00.0 00.00 06.8 30.0 00:21 N 14 048.6 058.9 14:59 35.7 04:54 16.4 00.0 00.00 02.8 21.0 12:14 NNE 15 052.8 056.9 22:34 46.3 06:19 12.2 00.0 01.21 03.9 22.5 21:54 NNE 16 051.9 053.8 08:59 49.8 04:09 13.1 00.0 00.36 09.2 43.5 18:49 NE 17 053.1 057.1 11:14 50.0 22:17 11.9 00.0 00.64 07.9 42.0 01:09 NNE 18 048.3 051.1 14:00 46.2 07:09 16.7 00.0 00.02 03.0 24.0 00:04 NNW 19 047.9 050.9 14:46 45.5 05:08 17.1 00.0 00.04 00.6 10.5 15:44 NNW 20 051.3 060.5 14:19 43.5 06:03 13.7 00.0 00.00 02.0 27.0 12:15 NNW 21 045.3 057.8 13:55 36.2 06:46 19.7 00.0 00.00 01.5 18.0 10:52 NNE 22 051.8 067.6 14:14 40.3 04:14 13.2 00.0 00.00 00.8 12.0 11:19 WSW 23 057.0 066.1 23:59 51.3 03:18 08.0 00.0 00.04 01.1 15.0 05:15 ENE 24 055.0 066.2 00:04 39.9 23:36 10.0 00.0 00.16 04.0 27.0 13:39 WNW 25 046.8 063.7 14:29 37.2 06:44 18.2 00.0 00.00 00.3 09.0 13:59 W 26 050.8 068.1 13:55 42.0 07:08 14.2 00.0 00.00 00.4 10.5 11:01 NW 27 060.5 069.1 11:59 49.8 07:04 04.5 00.0 00.00 01.5 16.5 20:14 WSW 28 056.0 062.2 14:19 46.0 23:34 09.0 00.0 00.00 04.3 27.0 09:19 NNW 29 046.2 055.0 14:09 39.8 07:19 18.8 00.0 00.00 03.9 19.5 03:14 NNW 30 046.6 050.7 10:44 38.2 01:58 08.4 00.0 00.06 00.5 12.0 23:54 NE ----------------------------------------------------------------------------------------------------------------------------------------------------------