MONTHLY CLIMATOLOGICAL SUMMARY for JAN 2012

NAME:    CITY:  STATE: 
ELEV:  LAT:  LONG: 

                            TEMPERATURE ( F), RAIN (in.), WIND SPEED (mph)

                                               HEAT     COOL           AVG
      MEAN                                     DEG      DEG            WIND                       DOM
DAY   TEMP    HIGH   TIME     LOW    TIME      DAYS     DAYS    RAIN   SPEED    HIGH    TIME      DIR
----------------------------------------------------------------------------------------------------------------------------------------------------------
01    54.0   064.8   14:24    40.1   07:40     10.9     00.0   00.00   02.4     19.6    15:29     SSW
02    48.8   059.7   00:08    36.3   20:43     16.2     00.0   00.00   04.6     21.9    10:20      NW
03    34.3   039.6   14:34    29.5   00:00     30.7     00.0   00.00   08.7     31.1    15:39      NW
04    33.6   043.9   21:06    22.1   07:30     31.3     00.0   00.00   03.1     15.0    19:01      W 
05    44.4   055.9   15:18    36.3   23:48     20.5     00.0   00.00   02.2     19.6    10:45     WNW
06    48.8   061.3   14:25    35.2   03:51     16.1     00.0   00.00   01.8     18.4    16:57      SW
07    55.3   061.3   14:16    49.3   07:26     09.6     00.0   00.00   01.8     15.0    14:36      SW
08    54.4   060.6   14:01    49.6   22:40     10.6     00.0   00.00   06.2     33.4    09:47     NNE
09    49.0   052.0   12:06    45.5   06:35     16.0     00.0   00.59   05.7     23.0    11:06     NNE
10    49.4   056.5   13:52    45.0   00:00     15.6     00.0   00.00   02.5     12.7    12:59     NNW
11    55.4   061.7   22:47    44.1   01:05     09.5     00.0   00.90   03.2     18.4    07:40     ENE
12    55.7   061.3   00:00    50.9   07:41     09.3     00.0   00.00   04.5     23.0    23:40     SSW
13    47.9   063.7   01:15    39.2   08:25     17.1     00.0   00.00   04.0     25.3    01:25     WSW
14    39.9   047.5   14:42    32.9   07:51     25.0     00.0   00.00   02.0     13.8    11:22     WNW
15    40.9   047.5   06:02    33.8   02:32     24.0     00.0   00.00   05.0     27.6    11:55     NNW
16    40.6   052.5   14:02    28.6   05:53     24.3     00.0   00.00   01.7     19.6    09:53     NNE
17    57.4   063.5   12:48    46.2   00:35     07.6     00.0   00.00   03.7     24.2    22:27     SSW
18    50.9   060.1   00:19    40.3   00:00     14.0     00.0   00.30   06.1     26.5    15:32     NNE
19    42.6   051.6   14:07    34.3   07:37     22.3     00.0   00.00   04.4     19.6    00:17     NNW
20    49.3   060.6   12:33    37.8   06:57     15.6     00.0   00.00   01.6     13.8    19:07     NNW
21    56.8   062.4   11:45    47.3   00:00     08.2     00.0   00.40   03.3     26.5    22:33     WSW
22    44.1   047.3   00:07    41.0   08:01     20.9     00.0   00.00   09.5     31.1    04:00      N 
23    53.4   063.0   21:01    45.1   03:44     11.5     00.0   00.00   03.5     23.0    22:31     SSW
24    60.1   067.6   13:50    46.2   00:00     04.9     00.0   00.00   02.6     19.6    00:46      S 
25    51.5   066.7   13:28    42.8   02:31     13.4     00.0   00.00   03.1     24.2    15:02      E 
26    56.3   070.0   13:49    42.1   07:04     08.6     00.0   00.00   00.9     13.8    14:34     SSE
27    59.7   066.2   06:21    45.9   00:00     05.3     00.0   00.42   04.3     24.2    06:20     SSW
28    49.6   065.4   12:34    36.9   07:26     15.3     00.0   00.00   01.2     12.7    14:44     WSW
29    45.5   056.3   15:42    32.5   22:59     19.4     00.0   00.00   04.1     24.2    12:19     NNE
30    44.8   059.5   14:52    32.9   00:32     20.2     00.0   00.00   02.8     20.7    13:57      NW
31    48.6   064.9   12:45    34.2   07:28     16.3     00.0   00.00   02.1     24.2    13:46      SW
----------------------------------------------------------------------------------------------------------------------------------------------------------