MONTHLY CLIMATOLOGICAL SUMMARY for JAN 2013

NAME:    CITY:  STATE: 
ELEV:  LAT:  LONG: 

                            TEMPERATURE ( F), RAIN (in.), WIND SPEED (mph)

                                               HEAT     COOL           AVG
      MEAN                                     DEG      DEG            WIND                       DOM
DAY   TEMP    HIGH   TIME     LOW    TIME      DAYS     DAYS    RAIN   SPEED    HIGH    TIME      DIR
----------------------------------------------------------------------------------------------------------------------------------------------------------
01    53.2   060.8   11:40    47.9   01:51     11.7     00.0   00.00   02.3     17.3    15:02      SW
02    47.4   055.0   00:07    40.8   22:04     17.5     00.0   00.34   06.3     24.2    10:13     ENE
03    40.9   043.2   14:06    33.6   00:00     24.0     00.0   00.07   05.1     26.5    04:05     ENE
04    39.5   054.5   15:02    28.8   05:55     25.4     00.0   00.00   02.7     20.7    12:55      NW
05    38.9   052.9   15:12    26.4   07:27     26.0     00.0   00.00   02.2     13.8    12:13     NNE
06    45.2   050.4   11:57    35.8   00:01     19.7     00.0   00.03   01.1     09.2    12:24     NNW
07    44.9   054.0   14:12    38.3   07:04     20.0     00.0   00.00   06.1     27.6    11:21      NE
08    49.0   061.9   15:18    39.6   00:32     15.9     00.0   00.00   04.1     21.9    07:57     ENE
09    56.0   070.3   14:18    42.4   03:13     08.9     00.0   00.00   01.6     11.5    13:56     ENE
10    53.3   060.9   13:37    46.8   23:01     11.6     00.0   00.00   06.3     24.2    12:16     ENE
11    58.5   073.0   13:44    47.5   00:18     06.4     00.0   00.11   03.8     18.4    10:33      E 
12    59.6   069.1   12:32    53.2   07:57     05.3     00.0   00.01   01.2     08.1    11:13      SW
13    61.5   070.5   14:03    54.9   07:52     03.4     00.0   00.00   02.2     08.1    22:31      SW
14    65.0   073.0   12:59    56.8   04:25     00.0     00.0   00.00   03.2     12.7    14:45      SW
15    57.5   067.5   13:54    52.5   20:01     07.5     00.0   00.15   02.8     08.9    17:43      NE
16    62.0   071.4   14:18    52.7   23:45     03.0     00.0   00.00   01.6     04.7    13:17      SW
17    56.8   071.4   11:48    42.1   23:47     08.2     00.0   00.63   04.3     17.1    17:39      SE
18    41.5   048.7   14:34    34.2   23:45     23.5     00.0   00.00   04.0     10.2    15:15      SE
19    46.1   060.1   14:05    32.0   01:02     18.9     00.0   00.00   01.8     06.3    10:15      SE
20    52.3   064.0   13:49    40.6   23:45     12.7     00.0   00.00   01.0     04.2    08:54      SW
21    51.5   064.8   13:44    37.4   06:04     13.5     00.0   00.00   02.0     05.8    08:53      S
22    35.4   046.0   14:26    29.1   00:00     29.6     00.0   00.00   01.5     10.4    13:06     NNW
23    32.9   043.5   15:14    26.8   07:37     32.0     00.0   00.00   02.5     11.5    13:07     NNW
24    37.8   048.4   03:50    26.6   23:36     27.1     00.0   00.00   07.2     29.9    14:58      N 
25    31.4   040.6   12:37    23.2   02:57     33.6     00.0   00.20   04.4     16.1    10:13      NE
26    33.9   042.1   10:59    29.3   07:32     31.0     00.0   00.00   05.2     20.7    11:37     NNE
27    35.1   044.3   14:10    29.3   07:28     29.9     00.0   00.00   04.7     26.5    11:41      NE
28    44.6   059.0   14:59    32.0   00:03     20.3     00.0   00.00   01.9     12.7    11:41     ENE
29    58.1   068.7   12:22    50.2   04:14     06.9     00.0   00.00   01.5     10.4    14:17      SW
30    63.1   071.1   13:10    54.3   00:45     01.8     00.0   00.02   04.2     16.1    22:12      SW
31    54.5   065.5   02:55    43.0   23:59     10.5     00.0   00.26   05.0     19.6    03:10     WSW
----------------------------------------------------------------------------------------------------------------------------------------------------------