MONTHLY CLIMATOLOGICAL SUMMARY for JAN. 2014

NAME:    CITY:  STATE: 
ELEV:  LAT:  LONG: 

                            TEMPERATURE ( F), RAIN (in.), WIND SPEED (mph)

                                               HEAT     COOL           AVG
      MEAN                                     DEG      DEG            WIND                       DOM
DAY   TEMP    HIGH   TIME     LOW    TIME      DAYS     DAYS    RAIN   SPEED    HIGH    TIME      DIR
----------------------------------------------------------------------------------------------------------------------------------------------------------
01    43.4   053.8   15:29    31.1   04:14     21.5     00.0   00.06   02.8     13.8    17:41      NE
02    50.2   059.6   21:34    46.6   06:51     14.8     00.0   00.90   03.3     33.4    21:35      NW
03    36.2   051.4   00:09    27.1   00:00     28.7     00.0   00.02   12.9     44.9    07:53      NW
04    36.7   047.3   14:19    25.9   02:00     28.2     00.0   00.00   08.0     24.1    14:29      NE
05    58.1   064.8   12:01    40.6   02:02     06.9     00.0   00.01   02.7     14.9    08:49     SSE
06    54.1   064.8   09:47    32.7   00:00     10.9     00.0   00.02   07.7     42.5    12:58     WSW
07    22.2   032.7   00:01    16.0   08:13     42.7     00.0   00.00   10.1     35.6    06:12     WNW
08    26.9   042.1   14:22    17.1   07:46     38.0     00.0   00.00   02.1     13.8    10:56     NNE
09    40.9   054.7   14:06    25.0   00:14     24.1     00.0   00.00   06.1     20.7    14:06      NE
10    56.4   067.1   15:28    39.2   03:25     08.5     00.0   00.22   02.3     11.5    22:35      S 
11    62.7   071.4   13:01    55.4   22:09     02.2     00.0   01.01   04.7     29.9    17:53      SW
12    50.6   058.9   14:18    36.2   00:00     14.4     00.0   00.01   06.5     27.6    11:51     WNW
13    48.2   064.8   14:08    32.9   06:53     16.7     00.0   00.00   00.7     09.2    13:24     SSW
14    55.8   061.7   13:00    42.1   00:00     09.1     00.0   01.41   02.7     19.6    15:49      W 
15    45.8   061.3   14:43    33.8   07:48     19.2     00.0   00.00   01.5     13.8    12:58      NW
16    39.9   045.9   03:25    28.2   00:00     25.0     00.0   00.00   06.1     24.1    10:36     NNW
17    44.7   056.8   14:31    27.7   03:47     20.2     00.0   00.00   03.2     16.1    17:20      SW
18    40.4   056.3   01:53    24.1   00:00     24.6     00.0   00.15   06.9     32.2    01:54      W 
19    41.0   054.9   13:42    23.5   01:01     23.9     00.0   00.00   02.6     19.6    11:25      SW
20    51.2   058.8   14:46    38.9   00:01     13.7     00.0   00.00   03.9     14.9    13:08      SW
21    50.1   061.4   14:28    31.4   00:00     14.8     00.0   00.09   06.4     35.6    22:38      W 
22    26.4   032.7   12:31    18.3   00:00     38.5     00.0   00.00   10.2     36.8    01:56      NW
23    28.2   040.9   14:55    16.7   03:40     36.8     00.0   00.00   02.9     17.3    15:04      N 
24    22.7   030.2   00:59    12.0   23:36     42.2     00.0   00.00   09.1     32.2    08:21     NNW
25    34.5   048.0   14:14    11.5   01:53     30.4     00.0   00.00   05.6     21.9    16:18     WSW
26    43.2   051.8   13:51    28.4   07:56     21.8     00.0   00.00   04.3     21.9    04:10     WSW
27    50.4   060.3   14:26    40.9   00:00     14.5     00.0   00.00   03.7     35.6    23:47      SW
28    29.0   040.8   00:01    23.2   22:44     36.0     00.0   00.00   13.1     38.0    06:47     NNE
29    22.8   027.1   13:10    18.9   08:32     42.1     00.0   00.00   10.3     26.4    06:15     NNW
30    30.2   036.5   14:13    23.0   01:00     34.7     00.0   00.11   07.8     24.1    14:20      N 
31    36.9   053.4   13:42    30.6   23:59     28.1     00.0   00.00   03.9     16.1    02:25     NNW
----------------------------------------------------------------------------------------------------------------------------------------------------------