MONTHLY CLIMATOLOGICAL SUMMARY for DEC 1998

NAME:    CITY:  STATE: 
ELEV:  LAT:  LONG: 

                            TEMPERATURE ( F), RAIN (in.), WIND SPEED (mph)

     
                          
DAY   MEAN    HIGH     TIME     LOW    TIME     RAIN   
----------------------------------------------------------------------------------------------------------------------------------------
01    56.0    041.1   14:34    30.0   07:34     00.00   
02    56.0    050.1   15:23    31.0   06:55     00.00   
03    56.0    059.1   14:21    32.0   07:34     00.00   
04    56.0    064.3   17:10    40.3   22:55     00.00   
05    56.0    065.1   16:15    43.0   06:44     00.00   
06    56.0    066.1   16:40    59.1   07:38     00.70   
07    56.0    055.0   16:18    38.1   02:18     00.00   
08    56.0    058.0   15:06    34.2   00:00     00.00   
09    56.0    061.0   00:06    35.1   00:00     00.00   
10    56.0    080.2   15:38    45.1   06:49     00.00  
11    56.0    056.0   14:47    46.4   08:01     00.00  
12    56.0    057.0   16:08    33.4   08:16     00.00   
13    56.0    065.0   15:30    47.1   00:00     00.30   
14    56.0    064.0   13:20    61.0   00:00     00.20   
15    56.0    059.0   16:35    45.3   07:32     00.00   
16    56.0    055.2   15:47    51.0   08:10     00.00  
17    56.0    052.3   15:15    36.1   06:48     00.00   
18    56.0    054.4   14:27    42.4   08:11     00.20   
19    56.0    054.3   14:33    51.4   07:20     00.40  
20    56.0    066.1   13:45    53.0   07:27     00.00   
21    56.0    058.0   13:56    50.2   07:50     00.00   
22    56.0    053.0   14:33    42.2   23:50     00.20  
23    56.0    050.0   14:40    37.0   06:25     00.00  
24    56.0    047.1   13:20    33.1   07:14     01.39  
25    56.0    035.0   12:10    39.1   02:12     01.00   
26    56.0    051.0   13:33    35.1   00:01     01.01   
27    56.0    051.0   13:23    30.1   07:36     00.00   
28    56.0    054.1   14:01    29.1   09:06     00.00   
29    56.0    050.3   00:03    30.1   23:59     00.00   
30    56.0    056.1   23:51    29.2   07:50     00.00   
31    56.0    058.1   14:42    46.2   23:54     00.00   
-------------------------------------------------------------------------------------------------------------------------------------