MONTHLY CLIMATOLOGICAL SUMMARY for DEC 2012

NAME:    CITY:  STATE: 
ELEV:  LAT:  LONG: 

                            TEMPERATURE ( F), RAIN (in.), WIND SPEED (mph)

                                               HEAT     COOL           AVG
      MEAN                                     DEG      DEG            WIND                       DOM
DAY   TEMP    HIGH   TIME     LOW    TIME      DAYS     DAYS    RAIN   SPEED    HIGH    TIME      DIR
----------------------------------------------------------------------------------------------------------------------------------------------------------
01    46.2   065.5   13:05    34.7   06:54     18.7     00.0   00.00   01.0     09.2    16:28      SE
02    51.0   066.8   14:43    37.4   06:36     14.0     00.0   00.00   00.7     09.2    13:00      SE
03    58.8   073.6   13:04    49.1   00:05     06.2     00.0   00.00   01.2     09.2    15:45     SSW
04    57.9   072.2   14:46    47.1   07:29     07.1     00.0   00.00   01.5     10.4    12:52     WSW
05    60.5   073.8   14:06    52.2   06:06     04.5     00.0   00.00   02.9     26.5    19:51     ENE
06    50.7   054.1   03:25    47.3   00:00     14.2     00.0   00.00   09.5     27.6    01:50     ENE
07    57.5   067.3   12:27    47.1   02:04     07.4     00.0   00.40   04.2     16.1    10:35     ENE
08    60.1   067.1   11:24    55.9   00:00     04.8     00.0   00.04   02.5     12.7    13:35     WSW
09    60.6   072.9   15:00    51.4   07:48     04.3     00.0   00.00   00.7     08.1    14:41      SE
10    63.8   068.3   12:08    59.4   21:12     01.2     00.0   00.21   03.7     23.0    17:53      SW
11    63.7   072.3   14:09    52.7   00:00     01.3     00.0   00.35   04.5     20.7    21:21      S 
12    50.4   053.2   02:59    46.2   20:38     14.5     00.0   00.44   11.1     32.2    17:21     ENE
13    48.4   052.4   14:41    44.6   00:00     16.5     00.0   00.60   08.9     34.5    05:15     NNE
14    46.1   059.0   13:30    36.3   23:22     18.8     00.0   00.00   04.3     25.3    13:12      NE
15    49.1   061.0   14:51    36.3   00:24     15.9     00.0   00.00   02.4     16.1    12:32     ENE
16    59.6   063.3   11:06    54.0   00:13     05.4     00.0   00.15   01.2     09.2    08:48     WSW
17    60.6   064.9   12:09    57.7   00:00     04.4     00.0   00.48   02.2     16.1    23:17     WSW
18    57.2   066.1   14:47    44.8   00:00     07.7     00.0   00.01   04.0     16.1    16:09      W 
19    48.6   065.8   14:54    36.3   07:21     16.3     00.0   00.00   01.4     11.5    14:21     WSW
20    57.0   067.8   14:57    41.5   01:31     07.9     00.0   00.00   05.6     17.3    03:20      SE
21    49.2   064.9   02:33    40.3   23:53     15.7     00.0   00.25   07.9     25.3    02:26      W 
22    40.8   049.8   14:51    35.4   05:37     24.1     00.0   00.00   05.8     26.5    11:53     WNW
23    42.8   054.9   14:56    26.1   07:13     22.2     00.0   00.00   02.4     10.4    21:11      W 
24    52.2   063.6   13:28    42.1   05:46     12.7     00.0   00.02   01.6     13.8    19:55      SW
25    51.2   061.0   13:25    44.8   04:11     13.8     00.0   00.00   04.8     16.1    20:21     ENE
26    57.0   064.8   15:39    49.1   00:15     08.0     00.0   01.84   08.0     28.8    14:57      S 
27    44.7   052.0   14:15    38.8   21:13     20.2     00.0   00.00   05.6     34.5    10:55     WNW
28    40.5   050.4   14:23    30.7   07:39     24.5     00.0   00.00   02.4     15.0    10:21      NE
29    49.0   061.4   12:06    43.2   00:00     15.9     00.0   01.08   05.4     26.5    15:43      NW
30    39.7   048.5   13:32    30.2   23:51     25.2     00.0   00.00   05.5     32.2    13:38      NW
31    42.5   054.1   14:54    27.3   05:26     22.4     00.0   00.00   02.9     13.8    14:55     WSW
----------------------------------------------------------------------------------------------------------------------------------------------------------