MONTHLY CLIMATOLOGICAL SUMMARY for DEC 2013

NAME:    CITY:  STATE: 
ELEV:  LAT:  LONG: 

                            TEMPERATURE ( F), RAIN (in.), WIND SPEED (mph)

                                               HEAT     COOL           AVG
      MEAN                                     DEG      DEG            WIND                       DOM
DAY   TEMP    HIGH   TIME     LOW    TIME      DAYS     DAYS    RAIN   SPEED    HIGH    TIME      DIR
----------------------------------------------------------------------------------------------------------------------------------------------------------
01    49.6   059.7   12:25    43.0   02:20     15.3     00.0   00.01   04.1     14.9    11:57      N 
02    50.3   055.9   12:31    44.5   00:00     14.6     00.0   00.00   05.7     17.3    17:22      N 
03    48.5   064.4   13:32    36.9   07:36     16.4     00.0   00.00   02.5     09.2    11:02      W 
04    57.4   065.5   10:52    49.3   00:12     07.5     00.0   00.54   00.7     12.7    12:24     NNE
05    61.1   071.6   15:41    49.8   07:24     03.8     00.0   00.00   01.8     08.1    13:19      S 
06    67.1   075.4   14:04    63.1   07:19     00.0     02.1   00.00   03.6     11.5    22:47     SSW
07    54.0   066.9   03:33    42.8   22:16     10.9     00.0   00.76   08.9     32.2    18:21      NE
08    44.5   049.3   13:55    42.6   11:09     20.5     00.0   00.14   09.9     27.6    03:43     NNE
09    55.3   069.6   13:55    44.1   03:31     09.6     00.0   00.00   03.2     10.3    06:36     WSW
10    54.7   067.1   13:08    37.6   00:00     10.2     00.0   00.14   05.1     27.6    16:09     WNW
11    37.6   053.4   13:17    30.0   05:25     27.3     00.0   00.00   03.2     18.4    10:03      N 
12    37.5   049.8   14:03    26.8   00:00     27.4     00.0   00.00   04.8     27.6    10:53      N 
13    35.5   051.7   14:22    24.4   05:57     29.4     00.0   00.00   01.6     13.8    10:27      W 
14    51.6   067.1   14:31    31.1   00:26     13.4     00.0   02.42   04.1     24.1    16:41      SE
15    53.6   061.5   01:37    41.4   21:52     11.4     00.0   00.14   04.3     21.9    11:44      W 
16    42.5   057.6   14:51    34.3   07:25     22.5     00.0   00.00   04.4     27.6    10:44      NW
17    50.2   060.7   13:32    35.1   00:54     14.7     00.0   00.00   03.4     19.6    22:46      SW
18    43.1   054.9   00:02    28.2   00:00     21.9     00.0   00.00   06.1     35.6    02:06      NW
19    42.0   058.8   13:58    27.7   01:49     22.9     00.0   00.00   01.2     14.9    11:54     WSW
20    54.3   068.9   12:42    41.0   07:15     10.6     00.0   00.00   00.7     09.2    10:16      S 
21    62.3   070.9   11:26    54.0   07:17     02.6     00.0   00.00   01.6     09.2    22:34     SSW
22    67.3   075.2   13:53    63.1   01:18     00.0     02.4   00.94   03.9     13.8    11:36     SSW
23    66.8   073.2   11:34    60.3   00:00     00.0     01.9   00.14   05.0     16.1    09:59      SW
24    44.6   060.3   00:13    36.0   20:50     20.3     00.0   00.31   09.3     27.6    04:33     NNW
25    38.0   045.9   14:21    30.6   07:20     27.0     00.0   00.00   08.9     25.3    08:49     NNE
26    42.6   046.4   11:10    39.7   00:00     22.3     00.0   00.03   06.4     20.7    12:38     NNW
27    43.1   053.1   13:36    35.1   23:13     21.8     00.0   00.17   06.1     24.1    10:51     NNE
28    47.1   062.1   14:22    33.1   03:01     17.8     00.0   00.00   04.2     19.6    10:10      NE
29    60.5   066.0   11:45    50.5   00:46     04.4     00.0   00.35   04.9     21.9    13:34      SW
30    50.3   059.9   13:11    41.4   07:42     14.7     00.0   00.00   02.7     14.9    10:24      NW
31    47.2   054.0   13:28    35.2   00:00     17.7     00.0   00.00   05.5     24.1    12:21      NW
----------------------------------------------------------------------------------------------------------------------------------------------------------