MONTHLY CLIMATOLOGICAL SUMMARY for DEC 2014

NAME:    CITY:  STATE: 
ELEV:  LAT:  LONG: 

                            TEMPERATURE ( F), RAIN (in.), WIND SPEED (mph)

                                               HEAT     COOL           AVG
      MEAN                                     DEG      DEG            WIND                       DOM
DAY   TEMP    HIGH   TIME     LOW    TIME      DAYS     DAYS    RAIN   SPEED    HIGH    TIME      DIR
----------------------------------------------------------------------------------------------------------------------------------------------------------
01    55.2   067.9   13:42    45.5   07:27     09.8     00.0   00.00   00.8     10.3    10:03      SW
02    52.4   057.6   13:18    45.5   04:15     12.6     00.0   00.00   04.9     20.7    10:34      NE
03    56.1   069.9   13:37    49.3   07:34     08.8     00.0   00.00   01.4     11.5    00:14     NNW
04    53.2   058.3   13:43    48.7   00:00     11.7     00.0   00.00   07.5     23.0    13:03     NNE
05    53.8   062.2   13:38    46.4   02:24     11.1     00.0   00.00   06.7     25.3    13:47     NNE
06    59.5   068.9   14:40    51.3   00:40     05.5     00.0   00.33   00.4     13.8    23:46      W 
07    48.0   060.8   00:19    43.7   00:00     16.9     00.0   00.02   14.2     38.0    07:03      N 
08    49.5   058.1   13:39    43.7   01:02     15.4     00.0   00.00   13.7     43.7    13:17     NNE
09    42.9   046.0   00:10    41.0   17:41     22.0     00.0   00.17   10.8     26.4    07:34      NW
10    46.0   055.8   13:52    39.4   07:23     19.0     00.0   00.12   08.9     31.1    01:12     WNW
11    37.4   050.1   14:25    27.3   00:00     27.5     00.0   00.00   04.8     24.1    12:59      W 
12    36.1   055.8   13:48    26.6   00:40     28.8     00.0   00.00   04.4     19.6    13:28     WNW
13    39.7   056.8   14:21    28.2   06:16     25.2     00.0   00.00   01.3     11.5    12:28      NW
14    41.1   056.8   13:50    32.7   00:00     23.8     00.0   00.00   02.7     20.7    11:49     NNE
15    41.9   060.6   14:01    30.7   05:39     23.1     00.0   00.00   00.9     12.7    11:01      E 
16    51.2   065.5   14:23    33.6   02:26     13.7     00.0   00.00   02.4     16.1    23:53      SW
17    51.9   063.5   13:54    43.7   23:57     13.0     00.0   00.00   04.5     18.4    09:15     WNW
18    43.1   053.8   14:55    33.1   00:00     21.8     00.0   00.00   03.6     19.6    12:14     NNE
19    42.8   054.5   13:56    33.1   00:22     22.1     00.0   00.00   02.9     18.4    12:06     NNW
20    41.1   044.2   11:34    37.6   00:45     23.8     00.0   00.08   04.7     17.3    11:39      NE
21    42.8   046.8   15:41    37.4   04:22     22.1     00.0   00.08   08.8     29.9    12:18      NE
22    48.7   051.3   14:33    44.6   00:03     16.3     00.0   00.17   08.5     24.1    04:03      N 
23    50.6   057.0   15:45    44.1   03:34     14.4     00.0   00.19   04.6     12.7    16:42      NE
24    64.2   066.9   16:24    56.5   00:07     00.7     00.0   00.93   01.9     19.6    17:05     SSW
25    54.5   064.9   00:06    38.7   23:59     10.5     00.0   00.04   04.0     21.9    15:17      W 
26    43.6   062.4   14:15    32.9   06:01     21.3     00.0   00.00   00.5     11.5    11:45      NW
27    44.8   061.9   14:12    32.5   06:59     20.1     00.0   00.00   00.5     11.5    11:50     WSW
28    56.8   069.1   13:43    43.5   00:02     08.2     00.0   00.00   00.8     11.5    19:52      SW
29    54.1   059.2   06:28    46.2   23:50     10.8     00.0   00.08   05.8     23.0    23:49     NNE
30    43.2   048.0   11:38    37.2   00:00     21.7     00.0   00.02   10.3     27.6    08:31      N 
31    37.7   049.1   14:39    28.2   23:31     27.3     00.0   00.00   05.7     19.6    14:22     NNW
----------------------------------------------------------------------------------------------------------------------------------------------------------