MONTHLY CLIMATOLOGICAL SUMMARY for DECEMBER 2018 NAME: Mandy Farms CITY: Morehead City STATE: NC ELEV: 10 LAT: 034:43:32 LONG: 0076:45:37 TEMPERATURE (F), RAIN (in.), WIND SPEED (mph) HEAT COOL AVG MEAN DEG DEG WIND DOM DAY TEMP HIGH TIME LOW TIME DAYS DAYS RAIN SPEED HIGH TIME DIR ---------------------------------------------------------------------------------------------------------------------------------------------------------- 01 061.0 068.3 12:19 54.3 06:54 04.0 00.0 00.44 01.0 10.5 11:14 ESE 02 065.4 069.7 23:29 61.3 06:49 00.0 00.4 00.01 02.0 15.0 19:04 SW 03 063.9 068.6 00:01 59.2 07:20 01.1 00.0 00.00 02.0 13.5 01:33 WSW 04 051.3 057.9 13:49 45.4 07:19 13.7 00.0 00.00 01.8 22.5 10:51 SSE 05 042.5 052.0 13:37 33.0 23:55 22.5 00.0 00.00 03.0 21.0 14:10 NNW 06 039.8 049.6 14:03 30.2 06:24 25.2 00.0 00.00 02.0 12.0 08:53 NW 07 043.0 052.2 15:01 34.1 01:44 22.0 00.0 00.00 01.0 15.0 10:30 N 08 043.5 047.6 11:33 39.4 00:29 21.5 00.0 00.13 03.0 18.0 22:04 NE 09 048.9 058.5 14:52 39.6 02:20 16.1 00.0 03.24 07.0 34.5 18:39 NE 10 044.1 049.0 00:02 39.3 21:29 20.9 00.0 00.12 06.0 30.0 01:33 NNE 11 039.8 049.3 14:15 30.5 22:30 25.2 00.0 00.00 04.0 25.5 02:07 NNW 12 041.5 052.2 13:54 30.9 00:04 23.5 00.0 00.00 01.0 15.0 12:54 NNE 13 045.6 056.9 10:54 34.5 07:09 19.4 00.0 00.00 01.0 06.0 11:14 W 14 054.0 067.2 13:41 40.9 00:23 11.0 00.0 00.87 02.0 16.5 13:16 SE 15 061.4 067.0 10:52 55.9 22:35 03.6 00.0 00.35 01.0 13.5 12:19 SW 16 056.4 062.4 15:12 50.6 07:10 08.6 00.0 00.00 02.0 16.5 11:22 W 17 052.2 064.0 14:14 40.8 07:12 12.8 00.0 00.00 02.0 22.5 11:49 WNW 18 044.8 052.0 13:40 37.8 22:19 20.2 00.0 00.00 02.0 19.5 11:44 NNE 19 047.5 058.9 13:39 36.0 01:14 17.5 00.0 00.00 03.0 15.0 09:55 ENE 20 060.2 068.1 21:49 52.5 00:14 04.8 00.0 00.63 02.0 15.0 21:49 SSE 21 060.0 068.2 10:40 52.0 23:59 05.0 00.0 00.15 04.0 27.0 23:26 SW 22 050.5 060.9 14:20 40.0 23:26 14.5 00.0 00.00 04.0 22.5 00:17 W 23 046.2 058.1 14:31 34.5 05:05 18.8 00.0 00.00 01.0 13.5 19:36 WSW 24 046.5 057.1 13:59 36.0 23:04 18.5 00.0 00.00 03.0 24.0 09:24 NW 25 043.2 057.1 14:32 30.4 04:39 21.8 00.0 00.00 01.0 10.5 09:40 NNE 26 043.2 053.2 14:11 33.2 04:25 21.8 00.0 00.00 03.0 22.5 10:09 NE 27 051.9 063.2 19:24 40.7 12:04 13.1 00.0 00.00 04.0 21.0 11:34 ENE 28 064.7 068.1 09:49 61.3 23:14 00.3 00.0 00.60 03.0 21.0 00:14 WSW 29 061.4 070.6 14:49 52.5 22:09 03.6 00.0 00.02 02.0 18.0 14:04 WNW 30 056.5 061.5 15:29 51.4 02:39 08.5 00.0 00.22 01.0 10.5 21:44 NE 31 063.4 072.6 13:58 54.4 01:52 01.6 00.0 00.03 02.0 09.0 06:48 E ----------------------------------------------------------------------------------------------------------------------------------------------------------