MONTHLY CLIMATOLOGICAL SUMMARY for DECEMBER 2019 NAME: Mandy Farms CITY: Morehead City STATE: NC ELEV: 10 LAT: 034:43:32 LONG: 0076:45:37 TEMPERATURE ( �F), RAIN (in.), WIND SPEED (mph) HEAT COOL AVG MEAN DEG DEG WIND DOM DAY TEMP HIGH TIME LOW TIME DAYS DAYS RAIN SPEED HIGH TIME DIR ---------------------------------------------------------------------------------------------------------------------------------------------------------- 01 058.8 066.7 10:19 47.7 00:02 06.2 0.00 00.50 01.2 19.5 14:34 ENE 02 049.6 057.9 00:00 40.8 23:59 15.4 0.00 00.00 03.5 27.0 07:55 NW 03 044.7 054.1 14:26 37.5 07:05 20.3 0.00 00.00 04.0 27.0 13:39 WNW 04 049.6 059.3 14:02 43.1 05:08 15.4 0.00 00.00 02.1 19.5 10:20 WNW 05 047.5 058.2 13:51 36.5 21:19 17.5 0.00 00.00 03.3 22.5 09:21 NW 06 048.7 063.9 12:42 32.0 06:22 16.3 0.00 00.05 00.3 10.5 19:21 W 07 049.8 055.4 13:14 43.0 04:54 15.2 0.00 00.00 03.7 27.0 14:43 NE 08 053.2 066.0 14:07 40.5 02:05 11.8 0.00 00.00 03.8 24.0 09:10 NE 09 062.9 067.0 14:47 58.6 17:21 03.1 0.00 00.76 00.4 10.5 00:06 SSW 10 066.3 072.4 13:59 62.6 07:24 00.0 01.3 00.00 01.6 16.5 13:01 WSW 11 049.3 066.4 00:06 41.1 18:34 15.7 0.00 00.05 05.0 24.0 05:52 N 12 043.6 050.0 13:57 37.6 07:03 21.4 0.00 00.00 05.6 30.0 11:01 NE 13 055.3 061.2 13:49 46.7 00:01 09.7 0.00 00.64 02.3 19.5 00:04 NE 14 059.3 064.7 02:29 52.1 20:09 05.7 0.00 00.18 01.3 19.5 18:49 WSW 15 049.7 059.4 14:14 40.4 07:44 15.3 0.00 00.00 00.8 15.0 00:09 WSW 16 051.8 066.3 14:14 40.1 06:30 13.2 0.00 00.00 00.2 07.5 11:49 WSW 17 065.0 068.8 10:38 60.0 18:45 00.0 0.00 00.04 01.4 15.0 01:39 WSW 18 045.0 055.6 00:00 35.0 20:29 20.0 0.00 00.00 05.1 28.5 00:32 N 19 035.5 043.6 13:34 25.9 23:50 29.5 0.00 00.00 03.3 19.5 11:59 N 20 037.5 052.9 14:03 24.4 07:05 27.5 0.00 00.00 01.6 15.0 11:20 NNE 21 042.1 049.3 14:14 38.6 04:09 22.9 0.00 00.00 02.7 18.0 11:04 NNE 22 045.9 057.1 13:59 37.4 01:34 19.1 0.00 00.00 02.5 16.5 13:49 NE 23 053.2 056.6 16:19 49.2 04:29 11.8 0.00 00.51 02.4 16.5 11:59 ENE 24 055.7 064.8 14:29 46.0 22:09 09.3 0.00 00.00 06.9 34.5 09:54 NE 25 052.2 065.4 14:19 44.4 03:39 12.8 0.00 00.00 03.4 19.5 00:54 NNE 26 056.7 071.2 14:04 48.2 07:29 08.3 0.00 00.00 00.6 10.5 09:38 NE 27 057.6 073.0 14:04 49.4 06:59 07.4 0.00 00.00 00.2 09.0 10:39 ENE 28 060.4 074.1 14:24 51.7 07:29 04.6 0.00 00.00 00.2 12.0 10:54 ENE 29 063.8 074.2 13:49 53.0 01:04 01.2 0.00 00.03 00.1 07.5 14:19 SSW 30 061.0 068.0 10:54 54.0 23:46 04.0 0.00 00.49 02.3 18.0 11:49 SW 31 054.4 060.0 14:39 48.1 07:39 10.6 0.00 00.00 01.4 15.0 10:04 W ----------------------------------------------------------------------------------------------------------------------------------------------------------