MONTHLY CLIMATOLOGICAL SUMMARY for FEB 2012

NAME:    CITY:  STATE: 
ELEV:  LAT:  LONG: 

                            TEMPERATURE ( F), RAIN (in.), WIND SPEED (mph)

                                               HEAT     COOL           AVG
      MEAN                                     DEG      DEG            WIND                       DOM
DAY   TEMP    HIGH   TIME     LOW    TIME      DAYS     DAYS    RAIN   SPEED    HIGH    TIME      DIR
----------------------------------------------------------------------------------------------------------------------------------------------------------
01    56.4   066.0   14:11    44.8   00:34     08.6     00.0   00.00   03.0     20.7    23:54      SW
02    59.4   070.8   15:09    44.8   23:20     05.5     00.0   00.17   04.2     20.7    14:11      W 
03    46.5   055.9   13:47    35.2   23:23     18.5     00.0   00.00   05.9     38.0    11:10     ENE
04    53.1   067.7   13:22    34.2   02:04     11.9     00.0   00.00   02.7     19.6    09:28     SSW
05    51.6   060.1   00:55    42.5   00:00     13.3     00.0   00.25   05.8     27.6    11:27     ENE
06    47.2   055.2   16:02    39.9   07:29     17.8     00.0   00.00   03.1     15.0    08:55      NE
07    49.4   058.7   14:20    44.1   22:56     15.5     00.0   00.04   02.9     24.2    11:43      NE
08    47.7   061.2   13:09    38.3   03:06     17.2     00.0   00.02   02.3     15.0    16:57      N 
09    40.1   050.5   14:49    31.3   00:00     24.8     00.0   00.00   01.8     13.8    13:08      NE
10    43.6   057.4   12:09    29.1   07:01     21.3     00.0   00.36   01.2     10.4    16:15     ENE
11    45.4   054.3   12:29    28.8   00:00     19.6     00.0   00.01   04.5     27.6    22:26      NW
12    30.5   040.3   15:33    23.7   07:40     34.4     00.0   00.00   05.4     25.3    01:40      NW
13    36.6   048.4   14:33    23.7   07:28     28.3     00.0   00.00   02.3     15.0    09:55      W 
14    45.4   058.5   14:14    31.1   00:34     19.5     00.0   00.00   00.5     12.7    20:23     SSE
15    50.0   065.1   14:13    39.4   00:00     14.9     00.0   00.00   02.7     20.7    10:06     NNE
16    52.1   065.5   13:34    37.8   05:07     12.9     00.0   00.37   02.5     17.3    22:47      E 
17    53.7   064.4   14:14    42.8   00:00     11.2     00.0   00.00   04.3     21.9    08:12      N 
18    54.0   068.5   14:10    41.4   01:54     10.9     00.0   00.00   02.4     17.3    10:55      E 
19    50.1   055.6   02:59    43.9   00:00     14.9     00.0   00.57   10.3     42.6    16:37     ESE
20    43.5   053.1   14:43    35.2   00:00     21.4     00.0   00.00   05.8     19.6    14:34     NNE
21    51.3   066.6   14:49    33.4   00:49     13.6     00.0   00.00   02.4     10.4    09:10     SSW
22    57.6   067.9   11:11    47.5   07:19     07.4     00.0   00.00   03.3     20.7    15:00      SW
23    60.1   066.0   16:17    53.4   07:11     04.8     00.0   00.06   03.1     13.8    04:13      SW
24    63.8   068.0   14:35    58.6   23:21     01.2     00.0   00.75   06.4     24.2    11:20      S 
25    49.9   059.0   00:04    42.1   00:00     15.1     00.0   00.00   07.7     25.3    13:16     WNW
26    39.7   053.0   15:50    27.7   05:56     25.3     00.0   00.00   02.6     16.1    10:10     ENE
27    52.8   066.2   14:26    32.2   00:11     12.1     00.0   00.03   01.1     10.4    18:27     SSE
28    55.1   064.4   13:49    47.2   22:49     09.8     00.0   00.00   06.7     27.6    09:57     ENE
29    59.6   071.7   12:48    45.9   00:20     05.4     00.0   00.00   03.6     18.4    13:52      SW
----------------------------------------------------------------------------------------------------------------------------------------------------------