MONTHLY CLIMATOLOGICAL SUMMARY for FEB 2013

NAME:    CITY:  STATE: 
ELEV:  LAT:  LONG: 

                            TEMPERATURE ( F), RAIN (in.), WIND SPEED (mph)

                                               HEAT     COOL           AVG
      MEAN                                     DEG      DEG            WIND                       DOM
DAY   TEMP    HIGH   TIME     LOW    TIME      DAYS     DAYS    RAIN   SPEED    HIGH    TIME      DIR
----------------------------------------------------------------------------------------------------------------------------------------------------------
01    42.4   055.9   10:52    25.2   00:00     22.6     00.0   00.00   05.1     26.5    11:43     WNW
02    34.5   048.1   15:17    24.3   01:56     30.4     00.0   00.00   01.9     09.2    10:02     NNW
03    42.7   054.7   14:01    32.0   23:00     22.2     00.0   00.00   02.8     16.1    13:46     WNW
04    40.3   050.6   15:23    26.4   07:36     24.7     00.0   00.00   02.3     16.1    10:19     NNW
05    50.3   062.1   14:20    40.6   05:16     14.7     00.0   00.00   02.0     10.4    14:45     WSW
06    51.5   067.7   14:21    39.7   07:44     13.4     00.0   00.00   02.9     16.1    22:17      E 
07    52.3   060.8   13:03    44.8   01:40     12.6     00.0   02.55   09.8     41.4    23:31      E 
08    52.9   062.2   03:59    46.8   09:04     12.0     00.0   01.92   06.5     29.9    00:02     NNW
09    45.4   054.1   21:00    30.6   00:00     19.5     00.0   00.00   06.6     23.0    00:04     NNW
10    42.0   056.8   14:32    26.8   06:07     23.0     00.0   00.00   03.0     17.3    09:58      E 
11    58.2   061.7   15:08    48.0   01:09     06.8     00.0   00.18   03.7     15.0    21:14     WSW
12    57.0   065.8   14:21    52.3   00:00     07.9     00.0   00.06   02.1     13.8    09:39     WNW
13    52.3   057.2   15:03    48.0   06:49     12.6     00.0   00.58   03.3     13.8    11:17      NE
14    46.2   053.8   15:10    39.9   23:40     18.7     00.0   00.00   02.9     18.4    11:11      NE
15    45.7   061.2   14:36    36.3   05:27     19.2     00.0   00.00   01.8     16.1    12:05      NE
16    42.2   055.0   12:58    34.3   23:50     22.8     00.0   00.08   05.4     21.9    19:12     NNE
17    32.6   040.6   13:02    24.3   23:07     32.4     00.0   00.02   06.2     26.5    13:43      NW
18    36.9   050.7   15:34    20.3   06:41     28.0     00.0   00.00   02.1     13.8    09:15     WNW
19    53.3   065.0   09:43    37.0   07:03     11.6     00.0   00.34   03.3     17.3    19:02     WSW
20    46.6   059.5   15:17    35.1   00:00     18.4     00.0   00.00   03.0     17.3    12:50      NW
21    42.8   058.2   15:14    32.5   07:06     22.1     00.0   00.00   03.6     18.4    08:56      NE
22    44.1   049.9   13:44    39.5   07:41     20.8     00.0   00.00   06.8     20.7    11:56      E 
23    53.1   060.8   06:31    48.2   20:32     11.8     00.0   00.83   02.1     13.8    20:15      NW
24    51.0   063.0   15:36    43.0   23:57     13.9     00.0   00.00   02.7     16.1    12:58     NNW
25    42.6   046.0   11:53    37.4   07:44     22.3     00.0   00.00   08.2     23.0    21:31      E 
26    54.9   065.7   19:45    41.7   00:16     10.1     00.0   00.94   06.1     24.2    12:47     ESE
27    53.3   061.3   12:29    47.7   06:57     11.6     00.0   00.00   03.1     13.8    16:07      W 
28    49.6   062.9   13:32    39.7   22:05     15.3     00.0   00.00   03.3     17.3    14:39     WNW
----------------------------------------------------------------------------------------------------------------------------------------------------------