MONTHLY CLIMATOLOGICAL SUMMARY for FEB 2014

NAME:    CITY:  STATE: 
ELEV:  LAT:  LONG: 

                            TEMPERATURE ( F), RAIN (in.), WIND SPEED (mph)

                                               HEAT     COOL           AVG
      MEAN                                     DEG      DEG            WIND                       DOM
DAY   TEMP    HIGH   TIME     LOW    TIME      DAYS     DAYS    RAIN   SPEED    HIGH    TIME      DIR
----------------------------------------------------------------------------------------------------------------------------------------------------------
01    43.4   058.6   14:26    28.2   02:30     21.6     00.0   00.04   04.6     18.4    11:33     NNE
02    49.8   059.8   13:29    44.2   04:26     15.1     00.0   00.01   02.0     10.3    12:53      SW
03    52.5   066.0   11:44    41.9   00:00     12.4     00.0   00.00   04.9     26.4    22:08     WNW
04    41.5   044.2   00:00    38.7   07:44     23.4     00.0   00.03   10.4     32.2    00:04      NE
05    53.5   063.1   12:13    44.2   00:43     11.4     00.0   00.48   03.8     17.3    13:48     WSW
06    40.7   050.7   00:04    34.5   00:00     24.2     00.0   00.00   09.8     28.8    07:37     NNE
07    38.4   048.0   14:44    32.4   07:57     26.6     00.0   00.12   06.9     24.1    14:20     NNE
08    38.6   042.1   17:15    35.6   00:00     26.3     00.0   00.58   07.0     18.4    15:48     NNE
09    41.2   053.6   15:22    31.1   04:51     23.7     00.0   00.00   03.8     16.1    14:06      NE
10    42.3   048.2   12:33    34.3   00:00     22.6     00.0   00.00   08.5     28.8    12:44      NE
11    30.6   034.3   00:01    28.2   23:05     34.4     00.0   00.20   10.3     31.1    08:29      E 
12    36.2   055.2   00:00    28.2   00:21     28.7     00.0   01.07   11.8     35.6    15:34      E 
13    42.8   055.2   02:02    35.8   18:02     22.2     00.0   00.62   07.2     31.1    20:03      W 
14    44.5   054.4   13:54    35.4   07:17     20.5     00.0   00.00   04.8     21.9    01:26      SW
15    45.6   053.1   05:11    34.3   00:00     19.3     00.0   00.07   08.5     42.5    14:58      W 
16    39.4   050.6   14:51    32.0   03:41     25.5     00.0   00.00   03.7     16.1    03:59      W 
17    38.4   045.6   14:05    34.0   07:23     26.5     00.0   00.00   10.0     35.6    09:11     ENE
18    50.5   067.8   15:10    36.5   00:55     14.4     00.0   00.00   04.5     27.6    11:07     WNW
19    53.2   064.3   11:00    39.2   00:56     11.7     00.0   00.00   05.1     19.6    09:21     WSW
20    59.7   070.5   15:35    49.8   03:47     05.2     00.0   00.00   04.4     27.6    05:03     SSE
21    62.0   071.6   11:03    55.0   00:00     02.9     00.0   00.19   04.8     19.6    15:34      SW
22    52.5   064.9   14:03    42.1   00:00     12.5     00.0   00.01   04.2     24.1    11:19     NNE
23    51.5   064.9   12:08    38.5   06:48     13.4     00.0   00.00   02.3     10.3    10:30      W 
24    51.7   064.7   14:44    38.3   00:00     13.2     00.0   00.00   04.5     24.1    09:17     NNE
25    48.7   066.3   12:24    35.1   06:28     16.3     00.0   00.00   05.0     23.0    18:49      NE
26    40.3   045.9   08:28    35.6   21:58     24.7     00.0   00.22   08.1     23.0    09:31      NE
27    42.1   053.3   14:15    30.7   07:08     22.9     00.0   00.00   04.6     17.3    16:25      W 
28    37.3   042.8   14:52    34.3   22:24     27.6     00.0   00.00   13.5     35.6    10:29      NE
----------------------------------------------------------------------------------------------------------------------------------------------------------