MONTHLY CLIMATOLOGICAL SUMMARY for FEBRUARY 2019 NAME: Mandy Farms CITY: Morehead City STATE: NC ELEV: 10 LAT: 034:43:32 LONG: 0076:45:37 TEMPERATURE ( °F), RAIN (in.), WIND SPEED (mph) HEAT COOL AVG MEAN DEG DEG WIND DOM DAY TEMP HIGH TIME LOW TIME DAYS DAYS RAIN SPEED HIGH TIME DIR ---------------------------------------------------------------------------------------------------------------------------------------------------------- 01 041.8 058.1 14:49 26.0 02:44 23.2 0.0 00.00 01.0 10.5 11:44 SSW 02 050.0 062.0 14:31 38.1 03:09 15.0 0.0 00.00 03.0 19.5 06:03 ENE 03 053.8 058.5 11:09 49.1 00:12 11.2 0.0 02.00 05.0 39.0 20:34 ENE 04 055.2 060.1 15:00 50.4 09:24 09.8 0.0 01.11 07.0 34.5 06:49 NNW 05 056.2 068.2 11:21 44.6 07:15 08.8 0.0 00.00 01.0 12.0 12:42 NW 06 057.5 070.5 13:41 44.6 07:10 07.5 0.0 00.00 01.0 07.5 12:28 SW 07 062.2 068.0 14:46 56.7 05:38 02.8 0.0 00.00 02.0 13.5 15:20 SW 08 061.1 066.9 15:00 55.4 23:53 03.7 0.0 00.00 03.0 24.0 22:59 W 09 045.3 055.3 00:01 35.6 23:49 19.7 0.0 00.00 06.0 31.5 10:29 NE 10 045.7 056.8 15:18 34.8 02:05 19.3 0.0 00.00 05.0 21.0 09:12 NE 11 050.1 052.5 12:37 47.7 21:45 14.9 0.0 00.62 03.0 16.5 19:49 NE 12 056.6 065.9 16:34 47.3 02:04 08.4 0.0 00.20 02.0 15.0 22:44 E 13 056.6 062.7 14:51 46.8 23:59 08.4 0.0 00.00 04.0 28.5 12:32 WNW 14 046.5 060.2 13:49 33.0 07:04 18.5 0.0 00.00 02.0 13.5 01:59 SSE 15 058.3 067.5 10:43 49.2 00:01 06.7 0.0 00.05 02.0 18.0 16:07 SW 16 050.0 059.0 12:26 41.0 23:37 14.4 0.0 00.52 03.0 24.0 14:19 NNE 17 047.3 054.4 13:04 40.2 05:14 17.7 0.0 00.00 04.0 16.5 01:49 NE 18 058.2 067.0 14:18 49.6 06:23 06.8 0.0 00.07 02.0 22.5 05:19 WNW 19 045.9 052.8 00:03 39.2 22:10 19.1 0.0 00.03 06.0 25.5 09:39 NE 20 052.1 063.5 17:44 40.7 00:04 12.9 0.0 00.62 04.0 25.5 04:09 ENE 21 060.5 067.7 14:59 53.5 02:59 04.5 0.0 00.00 01.0 12.0 10:34 WSW 22 052.1 059.5 01:42 44.7 22:10 12.9 0.0 00.13 06.0 30.0 09:43 NE 23 050.4 055.6 17:33 45.2 03:00 14.6 0.0 00.15 05.0 30.0 02:22 NE 24 059.7 068.2 09:29 51.3 01:59 05.3 0.0 00.00 03.0 31.5 23:49 WSW 25 051.7 063.1 13:44 40.7 23:04 13.3 0.0 00.00 05.0 30.0 13:29 WNW 26 049.5 063.5 14:09 36.5 05:19 15.5 0.0 00.00 01.0 12.0 11:39 SE 27 060.5 074.1 13:30 47.0 01:19 04.5 0.0 00.00 01.0 10.5 14:39 SW 28 058.3 069.1 10:09 47.6 20:22 06.7 0.0 00.00 05.0 27.0 11:18 NE ----------------------------------------------------------------------------------------------------------------------------------------------------------