MONTHLY CLIMATOLOGICAL SUMMARY for MAR 2012

NAME:    CITY:  STATE: 
ELEV:  LAT:  LONG: 

                            TEMPERATURE ( F), RAIN (in.), WIND SPEED (mph)

                                               HEAT     COOL           AVG
      MEAN                                     DEG      DEG            WIND                       DOM
DAY   TEMP    HIGH   TIME     LOW    TIME      DAYS     DAYS    RAIN   SPEED    HIGH    TIME      DIR
----------------------------------------------------------------------------------------------------------------------------------------------------------
01    63.4   075.1   14:19    57.6   00:00     01.6     00.0   00.02   05.4     21.9    01:21     SSW
02    61.2   069.3   14:03    54.3   07:07     03.7     00.0   00.00   04.0     21.9    22:27     SSE
03    62.0   067.7   12:59    57.9   22:28     03.0     00.0   00.42   03.9     17.3    07:23     SSW
04    47.1   058.3   00:19    37.8   23:44     17.8     00.0   01.41   05.3     27.6    05:28     NNE
05    47.0   064.4   11:59    30.9   05:04     17.9     00.0   00.00   06.5     34.5    10:43     WNW
06    40.4   053.6   14:26    30.0   05:56     24.5     00.0   00.00   04.1     25.3    08:49     ENE
07    53.5   068.9   14:08    37.6   00:48     11.5     00.0   00.00   02.6     13.8    13:27      E 
08    62.5   074.9   13:16    50.5   04:04     02.5     00.0   00.00   02.7     16.1    16:19      SW
09    55.9   063.7   12:14    40.8   23:51     09.0     00.0   00.01   04.8     23.0    16:42     ENE
10    45.9   057.9   13:33    36.1   03:20     19.0     00.0   00.00   06.5     24.2    10:37     ENE
11    50.5   067.1   16:15    39.4   04:58     14.4     00.0   00.00   04.1     19.6    10:32      E 
12    55.1   071.4   13:54    40.3   05:20     09.9     00.0   00.00   01.7     13.8    15:03      SW
13    61.1   073.2   14:53    50.4   01:55     03.8     00.0   00.00   02.8     17.3    19:03      SW
14    64.2   078.1   16:20    54.1   07:08     00.7     00.0   00.00   02.0     10.4    12:26      SW
15    63.1   076.7   14:37    51.4   07:27     01.9     00.0   00.00   01.9     11.5    15:50      SW
16    65.6   075.5   11:07    57.9   07:50     00.0     00.7   00.00   02.8     17.3    16:15      SW
17    67.0   080.4   13:50    60.3   00:00     00.0     02.1   00.06   02.5     15.0    23:23     SSE
18    62.4   073.6   16:42    55.4   21:51     02.5     00.0   00.00   03.0     16.1    02:41     ENE
19    64.6   077.4   12:47    56.3   06:43     00.3     00.0   00.00   01.6     13.8    11:35      SW
20    69.2   080.0   15:11    56.3   10:00     00.0     04.3   00.00   01.7     10.4    14:35     SSW
21    65.7   076.0   13:16    59.9   07:12     00.0     00.7   00.00   01.2     16.1    14:00     SSW
22    67.3   077.7   15:04    61.2   00:00     00.0     02.4   00.16   01.9     15.0    15:51     SSW
23    67.3   078.7   14:16    57.7   07:14     00.0     02.3   00.00   02.4     16.1    16:59      SW
24    66.7   070.5   19:05    65.1   00:00     00.0     01.7   00.32   02.6     06.9    20:21     SSW
25    67.6   079.0   14:36    60.3   23:20     00.0     02.7   00.11   02.7     19.6    03:05      W 
26    64.0   075.7   15:37    56.5   04:39     01.0     00.0   00.18   07.7     27.6    12:52      N 
27    53.2   062.0   15:19    44.1   00:00     11.8     00.0   00.00   06.0     23.0    00:34     ENE
28    60.3   071.9   15:20    42.8   01:04     04.6     00.0   00.00   04.7     21.9    15:24      SW
29    70.3   085.7   15:11    59.5   07:23     00.0     05.3   00.00   05.4     23.0    11:32     WNW
30    66.2   075.5   14:23    58.9   04:08     00.0     01.3   00.00   05.5     24.2    11:57      E 
31    66.4   073.8   10:06    60.4   00:26     00.0     01.5   00.05   02.1     21.9    16:01      SW
----------------------------------------------------------------------------------------------------------------------------------------------------------