MONTHLY CLIMATOLOGICAL SUMMARY for MAR 2013

NAME:    CITY:  STATE: 
ELEV:  LAT:  LONG: 

                            TEMPERATURE ( F), RAIN (in.), WIND SPEED (mph)

                                               HEAT     COOL           AVG
      MEAN                                     DEG      DEG            WIND                       DOM
DAY   TEMP    HIGH   TIME     LOW    TIME      DAYS     DAYS    RAIN   SPEED    HIGH    TIME      DIR
----------------------------------------------------------------------------------------------------------------------------------------------------------
01    45.2   058.6   13:19    33.1   06:23     19.7     00.0   00.00   02.7     15.0    11:07      NW
02    43.8   058.4   15:22    34.0   05:03     21.2     00.0   00.00   02.4     16.1    11:41     NNW
03    39.1   050.9   12:34    30.7   06:47     25.8     00.0   00.00   00.9     10.4    12:49      SE
04    37.8   051.6   16:18    28.4   06:52     27.1     00.0   00.00   01.2     09.2    11:58     SSE
05    48.5   062.6   13:56    31.3   00:34     16.4     00.0   00.02   01.5     08.1    12:52     WSW
06    48.7   058.3   01:55    42.3   22:54     16.2     00.0   00.08   07.7     32.2    20:06     WNW
07    46.3   056.5   14:33    39.6   06:43     18.6     00.0   00.00   07.8     27.6    00:06     NNW
08    45.2   055.0   14:08    34.2   06:33     19.8     00.0   00.00   06.9     25.3    15:49     NNW
09    47.8   062.5   14:03    35.4   00:00     17.1     00.0   00.00   05.0     20.7    14:19     NNE
10    48.1   064.6   16:15    30.6   07:25     16.8     00.0   00.00   03.3     17.3    10:33     ENE
11    58.3   071.2   15:23    43.7   00:11     06.7     00.0   00.00   02.5     12.7    23:30      SE
12    60.0   066.6   15:17    54.5   22:42     04.9     00.0   01.23   02.9     18.4    11:47     WSW
13    52.7   063.5   13:47    44.8   06:30     12.2     00.0   00.00   04.3     18.4    22:47     NNW
14    43.5   054.4   16:10    34.3   07:53     21.4     00.0   00.00   05.7     23.0    03:20     NNW
15    46.6   058.1   12:07    29.8   07:34     18.4     00.0   00.00   03.9     15.0    14:11     WSW
16    58.4   066.4   16:42    52.7   00:42     06.5     00.0   00.00   04.9     12.7    01:05      SW
17    54.1   063.6   11:39    47.7   22:56     10.8     00.0   00.00   04.4     17.3    14:41     ESE
18    55.2   070.5   15:46    48.2   01:10     09.8     00.0   00.00   03.5     18.4    01:46      E 
19    58.2   072.1   15:52    49.1   00:00     06.7     00.0   00.49   01.6     15.0    14:28     SSW
20    51.0   062.3   15:17    41.1   00:00     14.0     00.0   00.00   01.6     13.8    10:49      E 
21    43.8   059.7   13:40    33.6   06:10     21.1     00.0   00.00   01.7     13.8    15:52      SE
22    39.4   051.3   16:31    26.8   07:26     25.6     00.0   00.00   02.3     12.7    15:04      SW
23    47.4   059.7   17:13    36.3   07:38     17.5     00.0   00.00   00.7     06.9    17:03      SW
24    48.4   057.7   16:31    40.5   02:27     16.5     00.0   00.48   04.1     26.5    15:19      E 
25    46.3   055.1   14:00    40.5   22:53     18.6     00.0   00.00   02.4     15.0    16:25      SW
26    43.7   054.3   11:44    34.0   07:23     21.2     00.0   00.00   01.2     12.7    05:10      S 
27    45.4   060.1   15:35    33.6   07:30     19.5     00.0   00.00   01.7     12.7    13:32     SSE
28    44.8   060.0   14:20    33.3   07:29     20.1     00.0   00.00   01.4     13.8    14:25      SE
29    47.1   060.6   13:15    34.0   07:19     17.8     00.0   00.00   02.0     16.1    11:49      SW
30    53.2   066.8   13:10    44.4   05:45     11.7     00.0   00.00   00.8     08.1    11:42     SSW
31    56.1   066.8   13:53    45.3   01:05     08.9     00.0   00.04   03.6     15.0    15:11      SW
----------------------------------------------------------------------------------------------------------------------------------------------------------