MONTHLY CLIMATOLOGICAL SUMMARY for MAR 2014

NAME:    CITY:  STATE: 
ELEV:  LAT:  LONG: 

                            TEMPERATURE ( F), RAIN (in.), WIND SPEED (mph)

                                               HEAT     COOL           AVG
      MEAN                                     DEG      DEG            WIND                       DOM
DAY   TEMP    HIGH   TIME     LOW    TIME      DAYS     DAYS    RAIN   SPEED    HIGH    TIME      DIR
----------------------------------------------------------------------------------------------------------------------------------------------------------
01    45.3   062.9   13:22    34.3   07:07     19.7     00.0   00.00   06.9     23.0    10:56      N 
02    52.9   066.0   15:06    38.3   03:06     12.1     00.0   00.00   02.6     11.5    15:25      SW
03    45.9   065.4   11:17    30.2   00:00     19.1     00.0   00.00   10.3     44.9    18:19     NNE
04    30.7   034.5   15:42    26.6   06:31     34.2     00.0   00.00   12.2     36.8    00:29      N 
05    36.5   039.7   17:02    32.4   05:05     28.5     00.0   00.20   08.5     26.4    22:47      N 
06    40.6   048.8   00:00    35.8   02:57     24.3     00.0   00.86   14.6     38.0    23:46      NE
07    47.5   052.5   10:34    40.8   00:00     17.5     00.0   01.37   20.2     49.5    03:57     NNE
08    48.0   065.2   14:13    34.5   06:40     16.9     00.0   00.00   07.8     29.9    00:37     WNW
09    52.6   067.8   14:43    41.5   00:00     12.4     00.0   00.00   04.7     20.7    14:28     NNW
10    53.4   069.6   14:44    37.0   04:54     11.5     00.0   00.00   02.8     17.3    11:14      W 
11    49.5   062.8   17:30    45.3   07:06     15.5     00.0   00.00   01.3     12.7    17:35     SSW
12    58.8   069.0   15:02    54.1   03:02     06.1     00.0   00.07   06.4     29.9    23:26      SW
13    42.6   055.3   00:01    27.9   00:00     22.3     00.0   00.00   13.9     40.3    09:18     WNW
14    42.0   057.8   15:28    23.5   06:36     23.0     00.0   00.00   02.3     14.9    16:38      SW
15    57.4   069.3   14:39    46.6   00:04     07.5     00.0   00.00   04.0     14.9    14:45      SW
16    51.4   056.8   10:58    44.1   06:59     13.6     00.0   00.68   04.6     23.0    20:28      NE
17    42.5   048.2   00:12    39.0   23:34     22.4     00.0   00.43   11.0     26.4    10:44     NNE
18    43.4   047.3   16:41    39.2   01:31     21.5     00.0   00.10   13.5     35.6    19:21      N 
19    51.7   063.9   18:32    43.3   03:14     13.3     00.0   00.00   08.0     27.6    02:44      N 
20    54.2   068.9   14:03    46.2   06:32     10.7     00.0   00.00   04.4     21.9    13:49      W 
21    52.7   066.7   13:16    41.0   07:32     12.3     00.0   00.00   03.3     18.4    10:50      NE
22    58.1   072.3   15:40    44.1   02:35     06.8     00.0   00.18   03.1     17.3    15:08      SW
23    54.5   061.7   11:21    41.5   00:00     10.4     00.0   00.00   07.0     34.5    19:43     NNE
24    41.3   050.9   15:38    34.9   23:23     23.7     00.0   00.00   07.7     27.6    09:44     NNE
25    42.8   054.5   15:28    34.2   01:41     22.1     00.0   00.78   07.8     35.6    21:58     NNW
26    38.7   049.1   14:58    29.3   00:00     26.2     00.0   00.00   11.3     35.6    12:54      NW
27    41.3   057.9   15:28    25.2   07:17     23.6     00.0   00.00   02.3     14.9    10:24      E 
28    60.1   072.7   14:34    41.0   00:01     04.8     00.0   00.00   02.6     10.3    14:41     SSW
29    62.9   064.2   17:17    61.3   05:42     02.0     00.0   00.26   03.1     11.5    23:30     SSW
30    52.9   062.4   00:35    44.0   21:20     12.0     00.0   00.00   09.6     36.8    12:49      W 
31    54.1   070.2   15:36    43.0   07:25     10.9     00.0   00.00   09.7     40.3    10:00      NW
----------------------------------------------------------------------------------------------------------------------------------------------------------