MONTHLY CLIMATOLOGICAL SUMMARY for APR 2012

NAME:    CITY:  STATE: 
ELEV:  LAT:  LONG: 

                            TEMPERATURE ( F), RAIN (in.), WIND SPEED (mph)

                                               HEAT     COOL           AVG
      MEAN                                     DEG      DEG            WIND                       DOM
DAY   TEMP    HIGH   TIME     LOW    TIME      DAYS     DAYS    RAIN   SPEED    HIGH    TIME      DIR
----------------------------------------------------------------------------------------------------------------------------------------------------------
01    58.8   068.1   16:29    52.7   08:20     06.1     00.0   00.21   05.6     27.6    01:56     ENE
02    63.7   074.3   10:21    51.6   23:07     01.3     00.0   00.00   05.7     24.2    17:09     ENE
03    58.2   071.2   16:05    41.2   07:06     06.7     00.0   00.00   02.2     13.8    11:12     WSW
04    69.1   077.7   16:08    60.6   00:08     00.0     04.2   00.00   02.5     16.1    15:19      SW
05    60.2   066.7   02:59    51.6   21:10     04.7     00.0   00.09   07.3     31.1    12:56     ENE
06    49.8   053.9   18:01    42.3   00:00     15.1     00.0   00.69   08.5     29.9    15:11     ENE
07    51.2   065.7   15:10    38.7   05:04     13.7     00.0   00.00   03.1     20.7    12:13     NNW
08    60.2   073.0   16:00    44.8   00:19     04.8     00.0   00.00   02.5     13.8    12:53     WSW
09    63.3   073.2   13:03    54.1   07:02     01.6     00.0   00.00   03.4     16.1    17:04     WSW
10    64.5   074.5   16:04    54.7   07:33     00.5     00.0   00.00   04.4     19.6    22:06     WSW
11    58.5   066.9   15:21    44.8   00:00     06.4     00.0   00.00   05.2     21.9    16:17     NNW
12    49.9   063.6   15:30    36.7   06:44     15.1     00.0   00.00   04.0     18.4    15:40     NNW
13    54.3   071.0   12:12    39.4   05:47     10.7     00.0   00.00   01.7     10.4    16:27      W 
14    58.9   074.6   15:03    42.3   06:41     06.0     00.0   00.00   02.3     12.7    11:27      SW
15    68.2   076.2   14:17    61.5   02:56     00.0     03.3   00.00   04.0     19.6    14:52      SW
16    69.5   079.7   15:44    61.5   06:51     00.0     04.6   00.00   03.1     16.1    16:40      SW
17    70.9   081.2   13:56    63.1   06:50     00.0     06.0   00.00   01.9     09.2    20:26     SSW
18    68.4   078.8   14:33    58.6   03:51     00.0     03.5   00.00   02.5     16.1    14:01      E 
19    62.7   067.6   14:18    59.5   04:59     02.3     00.0   00.04   04.7     18.4    03:02      NE
20    64.8   077.3   16:04    57.1   06:53     00.1     00.0   00.00   03.2     13.8    12:05      E 
21    69.6   082.4   15:50    57.7   04:18     00.0     04.7   00.00   02.3     15.0    21:41      SW
22    64.2   069.4   16:06    53.8   00:00     00.8     00.0   00.87   04.0     19.6    20:29     WNW
23    54.1   063.2   11:38    44.6   00:00     10.9     00.0   00.00   05.6     20.7    20:04     WNW
24    56.5   071.0   14:55    42.3   01:50     08.4     00.0   00.00   02.9     17.3    17:53     WSW
25    58.9   071.7   15:58    48.0   06:19     06.0     00.0   00.00   02.1     16.1    14:45      SW
26    68.8   076.1   11:56    56.5   01:01     00.0     03.9   00.00   04.5     25.3    14:38     SSW
27    68.9   080.4   12:08    62.8   22:56     00.0     03.9   00.00   04.0     19.6    14:18     ESE
28    64.9   075.5   13:48    57.9   00:00     00.0     00.0   01.07   05.3     19.6    06:15     ENE
29    62.2   069.9   11:23    56.8   01:30     02.7     00.0   00.00   04.1     16.1    15:00     ENE
30    67.8   079.2   15:12    56.5   06:30     00.0     02.9   00.00   03.5     16.1    13:45      E 
----------------------------------------------------------------------------------------------------------------------------------------------------------