MONTHLY CLIMATOLOGICAL SUMMARY for APR 2013

NAME:    CITY:  STATE: 
ELEV:  LAT:  LONG: 

                            TEMPERATURE ( F), RAIN (in.), WIND SPEED (mph)

                                               HEAT     COOL           AVG
      MEAN                                     DEG      DEG            WIND                       DOM
DAY   TEMP    HIGH   TIME     LOW    TIME      DAYS     DAYS    RAIN   SPEED    HIGH    TIME      DIR
----------------------------------------------------------------------------------------------------------------------------------------------------------
01    58.7   066.6   16:53    53.4   00:00     06.2     00.0   00.02   01.8     08.1    12:36      SW
02    53.3   062.7   15:34    46.6   00:00     11.6     00.0   00.00   03.0     16.1    09:35      SE
03    49.2   057.6   16:11    43.7   23:35     15.8     00.0   00.00   02.8     17.3    09:29      E 
04    50.9   061.2   00:00    43.3   01:19     14.0     00.0   01.92   04.9     18.4    14:09      E 
05    52.4   061.2   01:42    43.7   00:00     12.5     00.0   00.00   02.8     12.7    01:49      SE
06    50.3   062.2   13:44    39.9   04:43     14.7     00.0   00.00   04.2     18.4    14:03      E 
07    57.0   073.6   15:29    43.9   07:04     07.9     00.0   00.00   02.0     12.7    09:29     SSW
08    63.7   075.4   15:26    54.7   06:35     01.2     00.0   00.00   02.8     10.4    15:52     WSW
09    66.1   076.3   16:05    59.2   07:12     00.0     01.2   00.00   03.2     12.7    17:59     WSW
10    67.1   079.9   15:53    60.4   05:02     00.0     02.1   00.00   04.2     12.7    16:16     WSW
11    69.0   079.5   10:07    60.4   02:33     00.0     04.0   00.00   03.5     15.0    17:01     WSW
12    67.5   074.1   15:39    64.4   23:50     00.0     02.5   01.01   04.8     19.6    19:13     WSW
13    61.8   070.4   14:45    49.1   00:00     03.2     00.0   00.00   04.9     27.6    10:11      E 
14    62.3   077.4   16:25    47.3   07:04     02.6     00.0   00.08   01.0     11.5    21:59     SSW
15    65.1   073.8   14:57    58.5   09:30     00.0     00.1   00.62   03.6     19.6    16:17      SE
16    67.8   079.0   14:26    59.7   00:00     00.0     02.9   00.00   03.8     17.3    14:45      E 
17    66.2   080.5   15:58    54.3   06:50     00.0     01.2   00.00   00.8     10.4    16:08      S 
18    68.5   076.8   14:25    57.6   06:46     00.0     03.6   00.00   00.9     09.2    17:30     SSW
19    71.3   078.6   15:48    66.2   06:05     00.0     06.4   00.12   04.9     16.1    17:59     WSW
20    59.8   070.7   00:41    52.5   09:31     05.2     00.0   01.33   05.1     19.6    08:41     NNW
21    54.6   062.9   11:30    46.4   03:27     10.3     00.0   00.00   11.1     41.4    12:04     ENE
22    53.6   056.3   13:53    50.2   00:01     11.3     00.0   00.30   10.6     29.9    07:03      NE
23    56.6   065.0   15:36    49.1   00:00     08.4     00.0   00.00   06.9     21.9    09:47     NNE
24    60.3   074.8   15:49    45.5   06:11     04.6     00.0   00.00   01.9     10.4    16:29     WSW
25    62.3   069.6   11:42    52.2   23:52     02.6     00.0   00.07   05.0     25.3    12:07     ENE
26    59.0   069.6   15:22    46.4   06:00     05.9     00.0   00.00   05.3     29.9    12:39     ENE
27    61.9   071.6   15:13    51.8   02:07     03.1     00.0   00.00   04.0     18.4    13:13      E 
28    63.7   073.2   16:44    49.8   06:49     01.3     00.0   00.00   01.4     11.5    12:09      E 
29    64.5   069.3   16:31    61.7   12:09     00.5     00.0   00.57   00.7     08.1    17:33     WSW
30    67.3   074.5   17:29    61.0   23:54     00.0     02.4   00.00   03.4     17.3    14:23      E 
----------------------------------------------------------------------------------------------------------------------------------------------------------