MONTHLY CLIMATOLOGICAL SUMMARY for APR 2014

NAME:    CITY:  STATE: 
ELEV:  LAT:  LONG: 

                            TEMPERATURE ( F), RAIN (in.), WIND SPEED (mph)

                                               HEAT     COOL           AVG
      MEAN                                     DEG      DEG            WIND                       DOM
DAY   TEMP    HIGH   TIME     LOW    TIME      DAYS     DAYS    RAIN   SPEED    HIGH    TIME      DIR
----------------------------------------------------------------------------------------------------------------------------------------------------------
01    56.2   073.0   14:53    37.8   07:12     08.8     00.0   00.00   02.5     11.5    16:19      SW
02    61.9   073.0   15:23    53.8   06:31     03.1     00.0   00.00   04.5     13.8    11:07      SW
03    62.7   071.5   12:58    55.8   07:11     02.3     00.0   00.00   04.6     14.9    21:18      SW
04    64.0   073.7   14:55    58.6   07:29     01.0     00.0   00.00   05.9     19.6    16:53      SW
05    64.9   075.0   15:03    55.9   23:54     00.1     00.0   00.00   05.9     20.7    22:43      SW
06    54.8   058.3   11:38    51.6   08:07     10.2     00.0   00.00   14.1     35.6    09:57      NE
07    66.1   074.3   14:14    55.0   00:13     00.0     01.2   00.40   05.1     21.9    21:17     SSE
08    64.3   067.8   16:27    61.0   00:00     00.7     00.0   00.37   05.3     19.6    04:51      SW
09    60.1   070.3   15:24    53.6   07:14     04.9     00.0   00.00   06.8     32.2    08:29     NNW
10    59.9   073.7   14:53    43.9   07:17     05.0     00.0   00.00   02.5     10.3    15:25     SSW
11    64.7   075.0   15:14    54.1   04:37     00.2     00.0   00.00   04.5     21.9    09:38      SW
12    66.6   076.8   15:45    57.4   07:03     00.0     01.6   00.00   02.1     11.5    15:05      SW
13    66.7   076.8   16:03    54.3   07:00     00.0     01.8   00.00   00.9     08.1    15:22      S 
14    68.8   078.6   14:37    59.0   07:03     00.0     03.9   00.09   01.5     11.5    15:49     SSW
15    66.7   071.4   14:34    50.0   00:00     00.0     01.7   00.79   05.5     38.0    23:45      SW
16    45.6   054.0   15:35    38.8   08:10     19.3     00.0   00.09   14.9     39.1    01:11     NNE
17    52.1   064.5   15:19    42.1   01:52     12.8     00.0   00.00   12.2     32.2    14:42     NNE
18    53.9   064.1   14:15    46.2   05:59     11.0     00.0   00.03   11.1     27.6    09:17     NNE
19    53.7   056.7   16:21    50.5   00:35     11.2     00.0   03.04   13.9     40.3    11:36      NE
20    54.3   056.7   13:38    51.4   00:00     10.7     00.0   00.14   15.6     46.0    16:41     NNE
21    58.5   070.5   15:31    50.2   04:31     06.4     00.0   00.00   10.4     33.4    12:16      N 
22    60.8   074.5   15:13    44.8   06:50     04.1     00.0   00.00   03.0     12.7    15:01      SW
23    64.4   074.0   11:18    49.6   00:00     00.5     00.0   00.00   04.1     26.4    17:50      NW
24    56.7   069.0   15:13    48.6   00:15     08.2     00.0   00.00   03.0     18.4    09:22      NE
25    64.4   078.4   15:23    48.9   01:36     00.5     00.0   00.18   02.2     16.1    21:55      S 
26    65.2   076.4   15:10    58.3   07:07     00.0     00.3   00.00   05.7     27.6    09:51     WNW
27    66.1   078.0   11:34    59.7   06:22     00.0     01.2   00.00   03.9     19.6    18:08      E 
28    69.2   078.6   14:23    57.4   04:05     00.0     04.3   00.00   01.3     09.2    00:25     SSW
29    73.4   082.2   15:38    68.9   07:10     00.0     08.4   00.08   01.1     10.3    12:45     SSW
30    72.0   079.9   13:01    67.3   18:24     00.0     07.1   00.32   01.9     10.3    18:00      S 
----------------------------------------------------------------------------------------------------------------------------------------------------------