MONTHLY CLIMATOLOGICAL SUMMARY for APRIL 2019 NAME: Mandy Farms CITY: Morehead City STATE: NC ELEV: 10 LAT: 034:43:32 LONG: 0076:45:37 TEMPERATURE ( °F), RAIN (in.), WIND SPEED (mph) HEAT COOL AVG MEAN DEG DEG WIND DOM DAY TEMP HIGH TIME LOW TIME DAYS DAYS RAIN SPEED HIGH TIME DIR ---------------------------------------------------------------------------------------------------------------------------------------------------------- 01 049.5 056.0 00:19 43.0 07:50 15.5 00.0 00.00 07.0 24.0 05:54 NNW 02 049.5 057.0 12:39 42.0 00:53 15.5 00.0 01.56 07.0 43.5 15:09 NNW 03 052.0 065.0 14:59 37.0 07:09 13.0 00.0 00.00 02.0 18.0 10:34 WNW 04 059.4 071.0 15:34 48.4 06:34 05.6 00.0 00.00 01.0 10.5 12:29 WSW 05 060.4 068.5 12:04 52.4 02:34 04.6 00.0 00.12 02.0 19.5 12:54 SSE 06 066.1 072.6 13:09 59.6 23:55 00.0 01.1 00.00 03.0 22.5 13:49 NNE 07 064.2 074.3 15:00 54.2 06:36 00.8 00.0 00.00 02.0 15.0 09:48 ENE 08 065.7 075.7 14:06 55.9 02:08 00.0 00.7 00.00 02.0 16.5 18:09 SW 09 071.4 078.5 14:17 64.4 22:11 00.0 06.4 00.15 02.0 25.5 12:13 W 10 064.9 072.6 15:07 57.3 23:53 00.1 00.0 00.00 05.0 36.0 11:39 NE 11 064.8 077.0 13:59 52.7 04:24 00.2 00.0 00.00 01.0 15.0 09:19 SSE 12 071.1 076.9 14:44 65.9 06:39 00.0 06.1 00.00 03.0 15.0 11:49 SSE 13 071.8 076.2 12:54 67.5 04:14 00.0 06.8 01.11 01.0 10.0 13:29 S 14 072.4 078.8 14:44 66.2 06:19 00.0 07.4 00.00 01.0 13.5 11:54 SSW 15 067.5 076.5 15:09 58.9 23:22 00.0 02.5 00.32 05.0 30.0 14:19 WNW 16 057.4 065.9 15:27 49.4 06:35 07.6 00.0 00.00 04.0 19.5 05:32 N 17 065.8 074.7 15:06 57.2 06:36 00.0 00.3 00.00 01.0 12.0 10:14 SW 18 070.2 078.6 15:06 62.1 06:40 00.0 05.2 00.00 01.0 12.0 13:35 SW 19 072.4 078.5 10:34 66.4 21:14 00.0 07.4 00.27 03.0 15.0 20:54 S 20 066.1 070.6 13:14 61.6 06:25 00.0 01.1 00.16 03.0 19.5 02:40 SW 21 060.7 067.0 15:19 54.4 07:14 04.3 00.0 00.00 01.0 12.0 00:04 W 22 062.9 073.8 14:20 52.2 06:41 02.1 00.0 00.00 02.0 19.5 12:06 NW 23 065.6 076.8 15:03 54.5 05:17 00.0 00.6 00.00 01.0 13.5 16:19 SW 24 071.5 077.9 13:50 65.3 02:44 00.0 06.5 00.00 02.0 12.0 07:24 SW 25 070.9 078.0 15:34 64.0 06:39 00.0 05.9 00.00 01.0 13.5 15:09 SW 26 070.4 077.9 13:47 63.2 20:09 00.0 05.4 00.37 02.0 25.5 19:08 WSW 27 065.2 075.1 13:47 55.4 06:40 00.0 00.2 00.00 04.0 22.5 09:33 WNW 28 069.9 076.2 10:35 63.7 03:43 00.0 04.9 00.00 02.0 16.5 11:54 SW 29 067.3 076.6 15:00 59.2 06:36 00.0 02.3 00.00 03.0 21.0 08:44 NE 30 070.4 079.9 10:34 61.8 06:34 00.0 05.4 00.00 01.0 12.0 16:39 SW ----------------------------------------------------------------------------------------------------------------------------------------------------------