MONTHLY CLIMATOLOGICAL SUMMARY for MAY 2012

NAME:    CITY:  STATE: 
ELEV:  LAT:  LONG: 

                            TEMPERATURE ( F), RAIN (in.), WIND SPEED (mph)

                                               HEAT     COOL           AVG
      MEAN                                     DEG      DEG            WIND                       DOM
DAY   TEMP    HIGH   TIME     LOW    TIME      DAYS     DAYS    RAIN   SPEED    HIGH    TIME      DIR
----------------------------------------------------------------------------------------------------------------------------------------------------------
01    72.9   080.1   14:49    67.6   03:20     00.0     08.0   00.00   03.6     16.1    15:16      SW
02    73.5   082.1   15:49    67.5   06:41     00.0     08.5   00.00   03.0     12.7    11:32      SW
03    74.1   083.8   15:50    65.7   06:25     00.0     09.2   00.00   02.1     12.7    09:44      SW
04    74.1   083.1   13:05    66.4   06:36     00.0     09.2   00.00   01.6     13.8    14:29     SSW
05    76.0   087.3   11:02    68.0   00:00     00.0     11.1   01.28   02.2     13.8    22:21      SW
06    70.4   078.8   13:03    65.4   23:49     00.0     05.5   00.02   06.8     28.8    13:59     ENE
07    70.2   078.8   15:18    63.5   05:39     00.0     05.2   00.00   05.9     20.7    11:59     ENE
08    70.8   083.5   12:07    58.5   05:52     00.0     05.8   00.00   00.8     08.1    10:26     SSW
09    73.7   085.6   12:05    65.5   06:29     00.0     08.7   00.10   01.8     11.5    13:13      SW
10    68.3   080.5   15:28    57.7   00:00     00.0     03.3   00.00   04.2     18.4    12:27      NW
11    65.2   079.0   15:09    52.7   06:20     00.0     00.3   00.00   02.6     18.4    10:49     NNE
12    66.9   080.1   14:58    52.5   06:27     00.0     02.0   00.00   00.8     11.5    10:36      E 
13    71.4   079.0   11:46    63.0   06:22     00.0     06.4   00.00   01.1     08.1    13:32     SSW
14    72.9   081.0   14:31    68.0   05:05     00.0     08.0   00.00   01.5     10.4    10:07     SSW
15    76.0   083.3   12:54    69.1   04:59     00.0     11.1   00.00   01.4     10.4    15:39      SW
16    74.0   085.0   12:01    66.7   19:49     00.0     09.1   00.73   01.1     09.2    18:46      SW
17    70.6   078.1   16:44    64.7   21:08     00.0     05.6   00.82   02.1     16.1    19:51     ENE
18    66.1   071.6   12:03    61.3   20:43     00.0     01.1   00.09   07.9     25.3    09:29     ENE
19    67.1   076.4   14:54    59.4   00:00     00.0     02.2   00.00   07.9     25.3    14:31     ENE
20    66.9   075.9   15:45    57.4   00:45     00.0     02.0   00.00   02.9     16.1    12:12     ENE
21    70.1   079.5   16:03    61.2   05:29     00.0     05.2   00.00   01.9     16.1    09:01     ENE
22    72.6   084.1   12:01    62.8   06:19     00.0     07.6   00.01   01.2     10.4    14:28      SW
23    74.7   085.6   15:52    68.5   00:10     00.0     09.8   00.06   01.7     12.7    16:24      SW
24    77.3   087.4   15:49    67.8   06:38     00.0     12.3   00.00   01.3     11.5    14:28      SE
25    75.9   083.7   10:58    70.0   05:57     00.0     10.9   00.11   05.3     25.3    19:48     ENE
26    76.5   083.2   13:56    70.6   01:20     00.0     11.6   00.02   09.5     32.2    13:38     ENE
27    77.9   085.8   13:08    72.5   02:13     00.0     12.9   00.13   02.1     13.8    00:39     SSE
28    78.7   085.8   11:19    71.6   05:53     00.0     13.8   00.00   01.9     09.2    12:07     WSW
29    78.9   085.7   12:44    74.1   06:23     00.0     13.9   00.05   02.2     12.7    13:25     WSW
30    73.5   079.2   13:05    67.3   00:00     00.0     08.6   02.84   03.9     25.3    17:26     WNW
31    77.3   087.6   12:43    66.7   01:16     00.0     12.3   00.01   01.5     10.4    17:54     WSW
----------------------------------------------------------------------------------------------------------------------------------------------------------