MONTHLY CLIMATOLOGICAL SUMMARY for  MAY 2013

NAME:    CITY:  STATE: 
ELEV:  LAT:  LONG: 

                            TEMPERATURE ( F), RAIN (in.), WIND SPEED (mph)

                                               HEAT     COOL           AVG
      MEAN                                     DEG      DEG            WIND                       DOM
DAY   TEMP    HIGH   TIME     LOW    TIME      DAYS     DAYS    RAIN   SPEED    HIGH    TIME      DIR
----------------------------------------------------------------------------------------------------------------------------------------------------------
01    65.9   074.3   15:41    60.3   01:00     00.0     00.9   00.08   06.1     20.7    13:31     ENE
02    64.0   071.1   15:19    60.3   23:01     00.9     00.0   00.12   08.2     23.0    19:05     ENE
03    62.2   069.8   11:53    56.8   00:00     02.7     00.0   00.00   10.9     36.8    12:00     ENE
04    58.5   066.1   13:15    55.0   04:43     06.4     00.0   00.26   09.8     28.8    09:52     ENE
05    63.6   071.6   14:55    56.5   04:04     01.3     00.0   00.08   07.2     23.0    08:29      E 
06    66.1   073.2   12:36    61.3   00:32     00.0     01.2   00.52   02.2     12.7    17:02      S 
07    62.6   073.1   13:46    54.1   06:51     02.3     00.0   00.01   01.1     08.1    15:41      W 
08    65.2   075.0   13:30    53.4   06:30     00.0     00.3   00.00   01.7     09.2    15:43     WSW
09    69.7   078.6   15:56    62.1   06:55     00.0     04.8   00.00   01.4     08.1    13:52     WSW
10    70.9   082.2   11:57    60.1   06:35     00.0     05.9   00.00   01.4     06.9    19:29     WSW
11    73.3   080.6   12:33    68.5   00:00     00.0     08.4   00.00   02.9     11.5    13:39     WSW
12    72.1   080.3   16:08    64.8   22:18     00.0     07.2   00.00   02.1     16.1    23:44      W 
13    63.4   071.0   15:50    49.6   23:50     01.6     00.0   00.00   05.3     23.0    12:15     NNE
14    61.0   069.6   16:55    45.9   06:34     04.0     00.0   00.00   03.2     18.4    12:03     NNW
15    68.8   079.9   11:50    61.2   03:50     00.0     03.8   00.00   03.1     12.7    18:12      SW
16    72.7   082.1   12:06    65.5   04:20     00.0     07.7   00.00   02.7     10.4    01:34      SW
17    74.0   082.2   16:20    68.2   00:00     00.0     09.0   00.00   00.5     13.8    11:08     WSW
18    73.9   082.2   16:42    64.9   05:55     00.0     09.0   00.00   00.6     05.8    16:42      SW
19    74.5   082.2   16:08    66.0   05:39     00.0     09.6   00.00   00.5     05.8    23:51     SSW
20    75.0   082.2   16:11    68.2   06:26     00.0     10.0   00.00   01.6     08.1    15:28     WSW
21    75.4   082.2   13:03    70.2   05:00     00.0     10.5   00.00   01.8     06.9    12:26      SW
22    75.6   080.6   17:30    72.0   06:44     00.0     10.7   00.00   01.2     06.9    16:57      SW
23    73.8   080.6   16:05    71.1   10:19     00.0     08.8   01.17   00.4     06.9    17:11      SW
24    71.9   080.5   16:39    59.9   00:00     00.0     07.0   00.00   02.7     23.0    17:37      N 
25    60.9   074.0   15:43    51.2   06:18     04.0     00.0   00.00   04.3     19.6    08:56     NNW
26    64.1   075.0   16:23    54.1   05:53     00.8     00.0   00.00   01.5     19.6    13:34     NNE
27    66.9   076.8   16:44    52.5   05:47     00.0     02.0   00.00   00.8     09.2    09:06     SSW
28    73.0   082.2   16:00    63.5   06:14     00.0     08.0   00.00   01.1     08.1    15:09     WSW
29    74.3   083.7   14:49    66.0   06:28     00.0     09.4   00.00   01.1     09.2    16:44      W 
30    75.5   080.4   12:34    69.3   06:43     00.0     10.5   00.00   02.1     08.1    16:26      S 
----------------------------------------------------------------------------------------------------------------------------------------------------------