MONTHLY CLIMATOLOGICAL SUMMARY for MAY 2014

NAME:    CITY:  STATE: 
ELEV:  LAT:  LONG: 

                            TEMPERATURE ( F), RAIN (in.), WIND SPEED (mph)

                                               HEAT     COOL           AVG
      MEAN                                     DEG      DEG            WIND                       DOM
DAY   TEMP    HIGH   TIME     LOW    TIME      DAYS     DAYS    RAIN   SPEED    HIGH    TIME      DIR
----------------------------------------------------------------------------------------------------------------------------------------------------------
01    71.9   077.4   15:24    67.3   02:25     00.0     07.0   00.11   04.0     14.9    14:12     SSW
02    66.3   072.9   11:42    61.5   23:46     00.0     01.4   00.01   03.3     20.7    04:48      W 
03    66.0   075.4   15:13    59.9   07:24     00.0     01.1   00.06   01.9     11.5    17:04      SW
04    68.5   078.7   15:04    58.8   04:54     00.0     03.6   00.00   04.6     19.6    12:05      W 
05    66.9   074.2   14:59    61.2   06:44     00.0     01.9   00.00   05.1     19.6    11:10      E 
06    72.4   085.8   15:16    63.7   00:00     00.0     07.4   00.00   04.4     19.6    15:05     NNW
07    71.1   080.3   15:09    63.7   02:23     00.0     06.2   00.00   02.3     14.9    01:12      SE
08    73.7   083.4   14:37    67.8   03:58     00.0     08.8   00.00   02.7     11.5    09:41      SW
09    73.7   081.9   14:31    67.3   05:53     00.0     08.7   00.00   02.7     14.9    15:59     SSW
10    74.2   082.5   14:38    69.8   06:37     00.0     09.2   00.00   02.7     13.8    14:56     SSW
11    74.6   082.3   15:37    70.7   06:41     00.0     09.7   00.00   01.1     10.3    14:18      SW
12    76.0   084.5   10:14    69.8   06:53     00.0     11.1   00.00   01.3     06.9    23:09      SW
13    75.3   084.2   16:08    70.2   04:14     00.0     10.3   00.00   02.1     13.8    09:02     SSW
14    75.9   085.8   14:56    68.5   06:20     00.0     10.9   00.00   00.7     10.3    10:45     SSW
15    76.3   085.3   11:19    69.3   05:30     00.0     11.4   00.00   01.4     14.9    13:30      S 
16    73.2   080.8   14:55    64.0   00:00     00.0     08.2   01.14   04.2     20.7    13:15     WSW
17    64.2   075.6   15:06    54.5   00:00     00.7     00.0   00.00   07.0     23.0    12:42      NW
18    64.1   077.3   11:42    51.8   06:30     00.9     00.0   00.00   01.4     14.9    19:09      NW
19    63.8   074.0   15:06    52.2   00:00     01.2     00.0   00.00   05.1     27.6    11:52     NNE
20    64.3   077.9   14:22    47.7   06:22     00.7     00.0   00.00   02.5     11.5    10:55      SW
21    72.0   080.0   14:55    66.6   06:05     00.0     07.1   00.00   03.7     14.9    16:35     SSW
22    75.6   088.6   14:53    69.4   06:30     00.0     10.7   00.00   01.3     18.4    13:10      SW
23    75.1   086.7   12:54    65.8   05:43     00.0     10.2   00.32   02.4     16.1    12:23      N 
24    70.1   078.6   15:20    63.0   00:00     00.0     05.2   00.00   04.2     24.1    08:52      N 
25    69.6   080.6   14:41    56.7   06:24     00.0     04.6   00.00   01.0     10.3    14:11      SW
26    74.0   082.2   15:26    65.3   06:12     00.0     09.1   00.00   02.7     11.5    17:35     SSW
27    75.2   082.4   14:25    69.1   00:00     00.0     10.3   00.19   04.5     14.9    23:21     SSW
28    76.1   085.4   14:15    69.1   00:13     00.0     11.1   00.03   02.2     11.5    09:04      SW
29    74.5   082.3   10:24    68.0   00:00     00.0     09.6   00.00   06.6     19.6    17:09     NNE
30    69.8   076.7   12:56    65.8   06:25     00.0     04.8   00.00   03.4     14.9    11:41     NNE
31    70.4   084.6   15:10    59.9   06:29     00.0     05.5   00.00   05.1     24.1    17:59     NNE
----------------------------------------------------------------------------------------------------------------------------------------------------------