MONTHLY CLIMATOLOGICAL SUMMARY for MAY 2019 NAME: Mandy Farms CITY: Morehead City STATE: NC ELEV: 10 LAT: 034:43:32 LONG: 0076:45:37 TEMPERATURE ( °F), RAIN (in.), WIND SPEED (mph) HEAT COOL AVG MEAN DEG DEG WIND DOM DAY TEMP HIGH TIME LOW TIME DAYS DAYS RAIN SPEED HIGH TIME DIR ---------------------------------------------------------------------------------------------------------------------------------------------------------- 01 072.3 081.1 14:54 63.5 06:24 00.0 07.3 00.00 01.0 10.5 12:24 SW 02 074.4 081.7 11:14 67.1 06:34 00.0 09.4 00.00 01.0 13.5 14:04 SW 03 072.6 081.6 10:41 63.7 06:14 00.0 07.6 00.00 01.0 05.0 11:04 SE 04 074.8 083.4 12:09 66.6 06:20 00.0 09.8 00.00 01.0 13.5 15:27 SW 05 074.1 079.6 12:37 68.8 09:01 00.0 09.1 00.56 02.0 19.5 17:09 SW 06 067.6 073.4 15:07 62.0 06:52 00.0 02.6 00.21 04.0 19.5 09:05 NNE 07 068.1 079.6 12:16 56.6 06:05 00.0 03.1 00.00 01.0 12.0 10:06 ENE 08 069.8 080.0 10:50 59.7 05:52 00.0 04.8 00.00 01.0 09.0 13:11 SE 09 071.7 081.0 15:10 62.5 06:10 00.0 06.7 00.00 01.0 12.0 13:18 SSE 10 072.7 081.4 11:16 64.3 05:52 00.0 07.7 00.00 01.0 12.0 12:51 SW 11 076.3 081.7 10:20 71.1 05:04 00.0 11.3 00.00 01.0 09.0 11:53 SW 12 074.2 079.6 09:54 69.0 17:00 00.0 09.2 00.37 02.0 16.5 11:55 SW 13 073.9 080.3 14:32 67.8 23:57 00.0 08.9 00.06 02.0 16.5 18:31 SW 14 067.6 074.8 12:45 60.4 05:29 00.0 02.6 00.00 03.0 21.0 16:46 NW 15 062.0 071.8 14:39 52.5 06:12 03.0 00.0 00.00 02.0 18.0 09:12 N 16 067.8 078.2 15:29 57.8 04:29 00.0 02.8 00.00 01.0 13.5 16:04 WSW 17 075.4 081.0 14:49 70.3 05:44 00.0 10.4 00.00 02.0 19.5 15:44 SW 18 078.2 085.1 11:35 71.6 06:15 00.0 13.2 00.00 01.0 10.5 01:15 SW 19 075.5 082.5 13:55 69.5 06:05 00.0 10.5 00.00 01.0 12.0 15:30 SW 20 077.5 082.6 14:55 72.3 06:25 00.0 12.5 00.00 01.0 13.5 12:30 SW 21 077.9 086.1 14:50 69.7 23:05 00.0 12.9 00.00 02.0 16.5 16:26 SW 22 072.8 080.3 14:21 65.2 05:52 00.0 07.8 00.00 04.0 21.0 08:58 NE 23 071.5 081.9 15:31 61.0 06:07 00.0 06.5 00.00 01.0 12.0 16:58 SSW 24 080.7 088.5 12:30 73.0 06:18 00.0 15.7 00.00 02.0 12.0 07:43 SW 25 077.8 086.5 10:52 69.0 06:06 00.0 12.8 00.00 01.0 15.0 12:25 E 26 080.9 086.4 14:02 75.3 03:05 00.0 15.9 00.00 01.0 12.0 09:52 SW 27 083.3 094.2 14:29 72.4 04:41 00.0 18.3 00.00 01.0 19.5 14:26 NW 28 080.4 087.7 11:18 73.1 05:49 00.0 15.4 00.00 01.0 13.5 16:00 SW 29 082.5 092.6 11:05 72.3 06:35 00.0 17.5 00.00 01.0 13.5 14:39 SW 30 081.6 088.9 11:00 74.2 06:20 00.0 16.6 00.00 01.0 13.5 14:34 SW 31 079.7 088.2 11:33 71.2 18:17 00.0 14.7 00.20 02.0 19.5 17:53 SW ----------------------------------------------------------------------------------------------------------------------------------------------------------