MONTHLY CLIMATOLOGICAL SUMMARY for JUNE 2012

NAME:    CITY:  STATE: 
ELEV:  LAT:  LONG: 

                            TEMPERATURE ( F), RAIN (in.), WIND SPEED (mph)

                                               HEAT     COOL           AVG
      MEAN                                     DEG      DEG            WIND                       DOM
DAY   TEMP    HIGH   TIME     LOW    TIME      DAYS     DAYS    RAIN   SPEED    HIGH    TIME      DIR
----------------------------------------------------------------------------------------------------------------------------------------------------------
01    79.0   086.7   16:11    71.8   05:59     00.0     14.1   00.00   02.8     12.7    20:40      SW
02    75.7   083.6   16:15    65.7   23:28     00.0     10.7   00.06   02.8     16.1    11:33      NW
03    71.7   084.0   15:59    57.2   06:06     00.0     06.8   00.00   02.4     16.1    15:20      NW
04    74.7   083.0   16:39    65.7   23:51     00.0     09.7   00.24   00.9     10.4    17:53     WSW
05    66.8   072.6   17:00    61.9   00:00     00.0     01.9   00.02   03.0     11.5    19:23     ENE
06    66.4   075.7   15:17    57.9   04:09     00.0     01.5   00.01   03.2     15.0    15:37     ENE
07    68.8   082.9   15:47    57.6   02:55     00.0     03.8   00.00   01.8     10.4    12:25      NE
08    71.9   085.8   13:00    57.4   05:48     00.0     07.0   00.00   00.8     06.9    11:19      W 
09    76.2   085.8   13:57    64.2   06:26     00.0     11.3   00.00   00.8     04.6    22:20      SW
10    77.1   085.8   13:06    66.9   06:21     00.0     12.2   00.00   00.8     04.6    18:35      SW
11    76.9   084.0   14:27    69.8   06:15     00.0     12.0   00.00   00.5     04.6    15:32      SW
12    77.5   084.4   13:07    73.9   23:26     00.0     12.5   00.09   01.6     08.1    12:46      SW
13    77.5   084.0   17:38    72.5   00:00     00.0     12.5   00.25   01.6     10.4    17:03      NE
14    72.0   078.9   13:24    64.9   06:14     00.0     07.0   00.00   04.3     18.4    12:21     ENE
15    71.6   081.0   13:31    64.2   05:13     00.0     06.6   00.00   05.4     16.1    14:08     ENE
16    71.0   080.9   14:35    63.0   00:00     00.0     06.1   00.00   04.5     17.3    17:52     ENE
17    70.5   081.8   14:31    61.2   04:45     00.0     05.5   00.00   03.2     13.8    13:32      NE
18    72.1   084.0   16:08    59.4   06:30     00.0     07.2   00.00   01.0     10.4    12:55     ENE
19    76.0   084.0   17:15    64.8   05:44     00.0     11.0   00.00   00.6     04.6    11:17     WSW
20    79.4   085.8   15:47    71.6   06:32     00.0     14.5   00.00   01.0     04.6    16:26      SW
21    80.0   087.5   16:25    72.9   06:10     00.0     15.0   00.00   01.3     05.8    18:57      SW
22    79.9   087.6   15:54    72.7   06:09     00.0     15.0   00.00   01.7     06.9    18:06      SW
23    78.5   087.6   14:37    70.7   23:37     00.0     13.5   00.61   01.1     05.8    15:46      SW
24    78.9   087.6   16:11    69.6   04:53     00.0     14.0   00.00   00.4     06.9    14:29     SSW
25    78.6   086.9   08:21    74.7   11:39     00.0     13.7   02.05   01.8     11.5    17:41      SW
26    72.5   077.7   00:56    64.6   00:00     00.0     07.5   00.02   03.4     15.0    12:37     ENE
27    72.8   085.6   14:09    58.5   06:07     00.0     07.8   00.00   02.1     16.1    13:35     ENE
28    76.6   089.6   16:09    61.5   05:20     00.0     11.7   00.00   01.1     05.8    23:05     WSW
29    81.6   090.7   13:08    76.1   05:58     00.0     16.7   00.00   02.5     09.2    15:07      SW
30    83.9   094.7   12:54    75.6   06:32     00.0     19.0   00.00   01.4     09.2    10:50     WSW
----------------------------------------------------------------------------------------------------------------------------------------------------------