MONTHLY CLIMATOLOGICAL SUMMARY for JUNE 2013

NAME:    CITY:  STATE: 
ELEV:  LAT:  LONG: 

                            TEMPERATURE ( F), RAIN (in.), WIND SPEED (mph)

                                               HEAT     COOL           AVG
      MEAN                                     DEG      DEG            WIND                       DOM
DAY   TEMP    HIGH   TIME     LOW    TIME      DAYS     DAYS    RAIN   SPEED    HIGH    TIME      DIR
----------------------------------------------------------------------------------------------------------------------------------------------------------
01    76.3   081.1   11:04    72.1   06:40     00.0     11.4   00.00   01.9     06.9    19:24      S 
02    76.8   081.3   12:54    73.6   06:44     00.0     11.8   00.00   03.1     09.2    13:51      S 
03    75.0   081.9   11:42    70.4   16:53     00.0     10.1   00.49   02.6     12.7    12:29     WSW
04    75.0   082.2   15:38    69.8   07:13     00.0     10.1   00.00   03.4     20.7    15:41     ENE
05    73.4   079.9   12:21    67.6   06:51     00.0     08.5   00.00   01.5     11.5    19:53      S 
06    75.7   082.2   14:12    68.9   02:19     00.0     10.8   00.07   01.6     12.7    12:15      S 
07    77.5   082.2   12:49    73.4   04:23     00.0     12.5   00.58   05.6     25.3    16:04      SW
08    78.4   084.0   11:11    75.0   05:37     00.0     13.4   00.00   04.1     13.8    12:34     SSW
09    77.6   082.2   11:12    75.2   00:00     00.0     12.7   00.00   03.2     09.2    17:36      S 
10    78.0   081.9   13:35    73.4   23:02     00.0     13.0   00.00   04.6     10.3    19:31      S 
11    77.6   080.8   16:35    73.9   03:56     00.0     12.7   00.00   04.4     11.5    19:05     WSW
12    78.9   084.6   12:53    72.1   07:01     00.0     14.0   00.00   01.9     09.2    16:28      S 
13    80.5   084.8   11:06    72.5   00:00     00.0     15.6   00.02   04.4     23.0    20:58      S 
14    74.0   080.6   12:26    67.5   00:00     00.0     09.0   00.33   04.5     23.0    13:35     NNW
15    70.8   079.6   15:30    59.7   06:26     00.0     05.8   00.00   01.9     09.2    16:34     SSW
16    76.8   080.7   12:53    73.0   07:03     00.0     11.9   00.00   03.6     10.3    17:44     SSE
17    77.7   081.3   13:18    74.6   03:15     00.0     12.8   00.00   04.2     09.2    16:53     SSE
18    77.7   083.5   17:57    72.3   07:49     00.0     12.7   00.27   03.3     12.7    17:06     SSW
19    73.3   078.3   01:18    69.4   00:00     00.0     08.3   01.28   05.0     19.6    19:59     ENE
20    74.6   083.3   15:06    68.4   03:36     00.0     09.7   00.00   08.0     27.6    14:32     ENE
21    76.2   084.0   16:46    68.7   02:36     00.0     11.2   00.00   05.4     23.0    12:42     ENE
22    75.2   082.3   12:53    72.0   07:15     00.0     10.2   00.58   00.6     11.5    18:51      SW
23    78.8   084.0   15:19    72.9   06:40     00.0     13.8   00.06   00.9     10.3    22:46     WSW
24    79.3   084.0   14:17    75.0   06:20     00.0     14.4   00.24   02.2     11.5    09:53     WSW
25    79.0   085.1   10:19    73.8   21:40     00.0     14.0   00.02   02.8     10.3    15:13      S 
26    79.3   082.9   12:45    76.5   00:01     00.0     14.4   00.00   03.1     11.5    14:44     SSE
27    79.4   083.0   12:03    75.4   04:17     00.0     14.5   00.00   05.1     11.5    23:38      S 
28    80.7   084.0   14:42    77.2   01:38     00.0     15.7   00.07   05.3     21.9    18:34      SW
29    77.7   083.1   15:57    72.9   07:52     00.0     12.8   01.36   03.4     13.8    01:04     WSW
----------------------------------------------------------------------------------------------------------------------------------------------------------