MONTHLY CLIMATOLOGICAL SUMMARY for JUNE 2014

NAME:    CITY:  STATE: 
ELEV:  LAT:  LONG: 

                            TEMPERATURE ( F), RAIN (in.), WIND SPEED (mph)

                                               HEAT     COOL           AVG
      MEAN                                     DEG      DEG            WIND                       DOM
DAY   TEMP    HIGH   TIME     LOW    TIME      DAYS     DAYS    RAIN   SPEED    HIGH    TIME      DIR
----------------------------------------------------------------------------------------------------------------------------------------------------------
01    67.6   077.1   14:29    59.0   05:58     00.0     02.6   00.00   07.2     26.4    11:37      NE
02    68.3   080.4   14:36    55.0   06:22     00.0     03.4   00.00   01.5     13.8    11:56      NE
03    71.7   083.6   13:54    58.3   06:16     00.0     06.8   00.00   02.6     11.5    16:42      SW
04    77.6   087.6   15:12    70.2   06:19     00.0     12.6   00.00   01.6     09.2    21:39     SSW
05    76.7   084.4   15:09    69.1   00:16     00.0     11.7   02.61   04.6     20.7    18:14      SW
06    75.9   084.1   14:18    70.7   07:10     00.0     11.0   00.01   04.6     19.6    14:44     ENE
07    74.9   083.8   14:30    63.7   00:00     00.0     10.0   00.00   06.0     24.1    15:13      NE
08    71.9   084.4   11:56    58.8   06:11     00.0     07.0   00.00   00.9     14.9    11:56     NNE
09    77.0   083.8   10:25    70.3   02:48     00.0     12.1   00.00   00.9     08.1    10:58     SSW
10    78.1   085.0   15:10    70.7   08:06     00.0     13.2   00.59   01.2     21.9    06:29      SW
11    80.6   087.5   14:05    75.7   03:46     00.0     15.6   00.00   01.0     11.5    08:39      SW
12    77.8   084.7   14:25    71.6   06:53     00.0     12.9   00.89   01.0     11.5    23:59     SSW
13    79.9   086.0   14:20    75.7   04:57     00.0     14.9   00.00   03.3     11.5    19:19     SSW
14    75.7   085.5   13:03    68.7   06:14     00.0     10.8   00.47   01.2     26.4    02:04      N 
15    75.9   084.6   15:01    68.9   05:02     00.0     10.9   00.00   02.8     18.4    09:14      NE
16    77.9   087.5   11:33    67.5   06:19     00.0     12.9   00.00   01.4     10.3    17:15      SW
17    80.0   087.4   11:07    74.8   06:16     00.0     15.1   00.00   02.8     12.7    18:26      SW
18    80.1   087.3   14:55    74.8   06:14     00.0     15.2   00.00   02.8     12.7    13:21      SW
19    80.9   087.6   14:44    75.4   06:20     00.0     15.9   00.00   03.2     14.9    09:05     SSW
20    78.9   089.6   14:26    70.5   04:59     00.0     13.9   01.26   01.6     24.1    15:34      W 
21    78.1   087.9   15:05    71.8   05:54     00.0     13.2   00.05   01.5     16.1    03:40      SW
22    77.9   087.5   13:20    72.1   04:14     00.0     13.0   00.00   04.9     26.4    14:03     NNE
23    78.0   087.1   14:54    71.2   06:15     00.0     13.0   00.00   05.3     24.1    12:35      NE
24    80.4   088.5   14:27    72.1   06:25     00.0     15.4   00.00   00.5     11.5    08:42     SSE
25    80.8   088.8   15:08    73.6   05:33     00.0     15.9   00.13   01.9     14.9    03:57      SW
26    83.1   089.6   14:37    76.8   06:31     00.0     18.2   00.00   01.6     16.1    23:53     WSW
27    77.9   089.6   11:44    72.7   16:50     00.0     13.0   00.50   02.5     18.4    21:03     NNE
28    76.9   088.1   11:55    72.3   00:00     00.0     11.9   00.48   05.0     26.4    13:50      NE
29    75.9   083.5   14:37    67.5   00:00     00.0     10.9   00.00   05.7     23.0    13:36      NE
30    75.9   088.8   14:57    63.9   06:32     00.0     11.0   00.00   00.5     11.5    09:53      N 
----------------------------------------------------------------------------------------------------------------------------------------------------------