MONTHLY CLIMATOLOGICAL SUMMARY for JULY 2012

NAME:    CITY:  STATE: 
ELEV:  LAT:  LONG: 

                            TEMPERATURE ( F), RAIN (in.), WIND SPEED (mph)

                                               HEAT     COOL           AVG
      MEAN                                     DEG      DEG            WIND                       DOM
DAY   TEMP    HIGH   TIME     LOW    TIME      DAYS     DAYS    RAIN   SPEED    HIGH    TIME      DIR
----------------------------------------------------------------------------------------------------------------------------------------------------------
01    79.6   091.0   15:09    66.7   18:36     00.0     14.7   01.54   02.3     47.2    17:29      SW
02    81.2   091.2   14:41    72.5   05:17     00.0     16.2   00.00   01.8     13.8    17:06      W 
03    82.0   089.6   16:34    72.7   06:19     00.0     17.0   00.00   01.8     10.4    12:09      SW
04    83.1   089.5   16:26    78.1   04:59     00.0     18.1   00.00   03.4     13.8    14:19      SW
05    83.9   091.2   16:06    79.0   06:33     00.0     19.0   00.00   03.2     12.7    18:19      SW
06    83.7   090.6   16:01    79.5   07:07     00.0     18.8   00.00   02.6     12.7    12:00      SW
07    84.4   091.6   15:04    80.2   04:50     00.0     19.5   00.00   02.8     11.5    18:38      SW
08    84.3   092.5   15:56    80.2   06:31     00.0     19.3   00.00   03.2     12.7    14:53      SW
09    84.7   091.6   16:38    80.4   06:27     00.0     19.8   00.00   04.0     17.3    21:07      SW
10    80.3   088.2   14:00    72.0   20:38     00.0     15.4   01.88   02.1     17.3    19:06     WSW
11    77.1   088.3   16:34    72.0   06:25     00.0     12.1   00.91   01.1     11.5    17:41      N 
12    76.7   081.4   15:52    72.9   01:58     00.0     11.8   00.04   01.3     08.1    20:02     WSW
13    78.6   084.7   12:34    73.6   05:09     00.0     13.6   00.00   00.7     06.9    13:22     SSW
14    80.1   085.8   13:00    74.7   06:45     00.0     15.2   00.00   01.6     08.1    16:59     SSW
15    80.6   086.0   13:12    75.0   06:38     00.0     15.6   00.00   01.9     08.1    18:41     SSW
16    82.5   087.6   16:41    76.3   23:40     00.0     17.5   00.00   02.8     13.8    12:18      SW
17    84.1   089.5   16:35    76.8   00:03     00.0     19.1   00.00   03.3     13.8    22:29      SW
18    83.4   087.6   16:52    79.5   04:54     00.0     18.5   00.00   03.8     18.4    17:36      SW
19    84.5   089.6   16:29    79.5   06:31     00.0     19.6   00.00   04.5     17.3    14:05      SW
20    81.5   086.2   13:00    79.3   06:50     00.0     16.5   00.00   04.7     13.8    03:07     SSW
21    78.7   085.1   13:14    74.1   02:48     00.0     13.7   00.24   01.7     11.5    16:23     SSW
22    80.0   085.8   15:32    73.9   17:40     00.0     15.1   00.46   01.2     10.4    16:20     SSW
23    81.3   087.1   13:59    72.7   23:52     00.0     16.4   00.16   02.9     10.4    19:13      SW
24    78.5   085.8   14:26    72.3   01:14     00.0     13.6   00.50   01.7     15.0    18:45     SSW
25    78.5   085.8   12:13    73.6   06:39     00.0     13.5   00.00   01.0     13.8    10:21      N 
26    81.6   086.4   12:10    77.2   00:25     00.0     16.6   00.00   02.4     11.5    12:33     SSW
27    84.1   088.5   13:09    81.7   06:28     00.0     19.2   00.00   04.0     11.5    15:50     SSW
28    81.2   087.3   12:08    72.0   20:43     00.0     16.3   00.38   02.3     09.2    23:58     SSW
29    79.5   084.7   13:12    72.3   04:06     00.0     14.5   00.00   01.0     09.2    13:30     SSW
30    77.3   082.2   10:44    74.8   00:00     00.0     12.4   00.50   00.2     08.1    12:25     SSE
31    78.3   088.0   16:03    73.6   09:46     00.0     13.4   00.08   02.1     12.7    16:53      SW
----------------------------------------------------------------------------------------------------------------------------------------------------------