MONTHLY CLIMATOLOGICAL SUMMARY for JULY 2013

NAME:    CITY:  STATE: 
ELEV:  LAT:  LONG: 

                            TEMPERATURE ( F), RAIN (in.), WIND SPEED (mph)

                                               HEAT     COOL           AVG
      MEAN                                     DEG      DEG            WIND                       DOM
DAY   TEMP    HIGH   TIME     LOW    TIME      DAYS     DAYS    RAIN   SPEED    HIGH    TIME      DIR
----------------------------------------------------------------------------------------------------------------------------------------------------------
01    77.4   083.8   11:24    75.2   04:49     00.0     12.5   00.16   03.5     09.2    12:52     WSW
02    79.9   085.8   17:20    73.6   04:27     00.0     14.9   00.05   01.9     14.9    03:15     WSW
03    81.0   085.8   16:45    75.2   05:27     00.0     16.0   00.24   01.2     10.3    01:54     WSW
04    81.0   085.8   12:06    74.8   06:38     00.0     16.1   00.00   01.8     09.2    15:05     SSW
05    80.2   083.7   12:46    77.2   03:39     00.0     15.3   00.00   01.5     06.9    17:56     SSE
06    80.2   083.4   11:01    77.7   06:20     00.0     15.3   00.00   01.7     06.9    18:02     SSE
07    80.0   083.6   11:16    77.0   06:45     00.0     15.0   00.00   02.5     08.1    16:25      S 
08    80.0   083.7   12:35    77.2   07:05     00.0     15.1   00.00   02.5     08.1    14:42     SSE
09    80.1   083.1   14:12    77.9   07:53     00.0     15.2   00.00   01.9     09.2    17:10     SSE
10    80.7   084.1   12:41    77.9   06:33     00.0     15.8   00.00   02.8     09.2    16:37     ESE
11    81.8   084.0   17:06    77.5   09:05     00.0     16.9   00.08   04.1     12.7    14:36     WSW
12    76.6   082.7   10:29    71.6   15:14     00.0     11.6   02.43   01.2     11.5    16:11     WSW
13    78.6   085.8   13:35    73.0   03:00     00.0     13.7   00.22   01.9     14.9    16:27      SW
14    80.6   085.8   09:38    75.9   06:48     00.0     15.7   00.03   01.4     13.8    07:29     SSW
15    80.0   086.1   12:19    75.2   07:23     00.0     15.0   00.00   00.7     06.9    15:17     SSW
16    81.3   087.6   17:19    74.5   07:27     00.0     16.3   00.00   01.1     09.2    11:01     WSW
17    82.7   091.2   15:10    75.0   06:46     00.0     17.8   00.01   02.6     19.6    13:06      NE
18    82.0   088.0   13:06    76.1   06:52     00.0     17.1   00.00   01.4     06.9    15:36      W 
19    83.4   087.3   12:48    81.0   07:18     00.0     18.5   00.00   02.7     10.3    13:49     WSW
20    82.4   086.4   13:22    78.4   06:10     00.0     17.5   00.30   04.3     10.3    21:24     WSW
21    81.7   084.0   16:01    77.9   08:53     00.0     16.8   00.22   03.7     10.3    14:58     WSW
22    83.0   086.9   12:49    79.9   07:05     00.0     18.1   00.00   02.8     10.3    20:00     WSW
23    82.5   085.4   13:00    80.8   06:54     00.0     17.6   00.00   03.5     10.3    16:22     WSW
24    83.6   088.7   13:11    80.1   06:32     00.0     18.6   00.00   01.9     08.1    18:01     WSW
25    81.8   087.6   13:26    77.7   07:30     00.0     16.9   00.10   02.1     14.9    13:22     NNE
26    78.8   085.5   15:52    73.8   06:51     00.0     13.9   00.00   02.3     17.3    16:28      NE
27    78.7   085.8   16:35    67.6   06:42     00.0     13.7   00.00   01.5     13.8    12:10     ESE
28    81.3   085.1   16:31    77.0   02:42     00.0     16.4   00.42   02.8     09.2    17:06     WSW
29    80.3   085.5   10:55    74.3   17:19     00.0     15.4   00.52   01.4     27.6    15:40      W 
30    80.7   084.7   14:48    77.2   01:42     00.0     15.8   00.00   01.7     12.7    14:41      NE
----------------------------------------------------------------------------------------------------------------------------------------------------------