MONTHLY CLIMATOLOGICAL SUMMARY for JULY 2014

NAME:    CITY:  STATE: 
ELEV:  LAT:  LONG: 

                            TEMPERATURE ( F), RAIN (in.), WIND SPEED (mph)

                                               HEAT     COOL           AVG
      MEAN                                     DEG      DEG            WIND                       DOM
DAY   TEMP    HIGH   TIME     LOW    TIME      DAYS     DAYS    RAIN   SPEED    HIGH    TIME      DIR
----------------------------------------------------------------------------------------------------------------------------------------------------------
01    79.5   088.5   14:31    69.4   06:20     00.0     14.6   00.00   00.7     09.2    13:17      SW
02    83.1   087.6   15:40    78.8   06:29     00.0     18.1   00.00   01.8     10.3    15:32      SW
03    82.2   087.6   14:54    74.8   18:36     00.0     17.3   01.63   03.0     67.8    23:00      S 
04    78.8   087.5   14:00    74.3   00:01     00.0     13.9   00.00   04.3     34.5    00:01      N 
05    76.1   083.9   15:12    65.5   00:00     00.0     11.1   00.00   04.5     17.3    10:36     NNE
06    74.1   085.8   15:18    61.7   06:17     00.0     09.2   00.00   00.4     08.1    12:09     NNE
07    79.2   085.8   15:49    71.1   06:19     00.0     14.2   00.00   01.9     12.7    11:20     WSW
08    82.2   087.6   15:56    78.4   06:07     00.0     17.3   00.00   03.6     11.5    22:48      SW
09    83.3   089.6   14:00    79.3   05:53     00.0     18.3   00.00   03.3     11.5    17:22      SW
10    82.2   089.6   11:42    72.3   00:00     00.0     17.3   00.17   02.5     17.3    23:41      SW
11    77.4   084.1   11:55    72.1   01:36     00.0     12.5   00.30   00.2     08.1    05:40     WSW
12    78.1   088.4   15:01    72.0   00:00     00.0     13.2   00.00   01.3     12.7    12:05      N 
13    79.8   088.4   15:13    71.8   02:00     00.0     14.9   00.00   01.1     09.2    15:22     WSW
14    82.5   089.2   15:33    77.5   06:44     00.0     17.6   00.00   02.1     11.5    22:13      SW
15    80.5   086.4   12:38    75.4   21:01     00.0     15.5   00.09   03.3     12.7    15:40     SSW
16    74.8   079.5   01:19    72.3   00:00     00.0     09.8   01.85   00.5     10.3    01:35      SW
17    76.2   085.0   15:43    69.6   00:00     00.0     11.2   00.00   04.1     17.3    13:23     NNE
18    73.9   084.9   13:13    66.9   05:58     00.0     09.0   00.00   03.9     28.8    13:32      NE
19    76.0   079.0   23:00    73.0   00:00     00.0     11.1   00.00   10.3     11.5    00:00      NE
20    77.3   089.0   15:00    70.0   23:00     00.0     12.4   00.00   01.9     14.9    15:00      E 
21    77.3   084.0   13:00    73.0   00:00     00.0     12.4   00.39   02.3     05.8    00:00     WSW
22    76.7   083.0   13:00    73.0   23:00     00.0     11.7   00.70   02.3     05.8    00:00     WSW
23    78.7   088.0   13:00    74.0   00:00     00.0     13.7   00.00   01.9     06.9    00:00      SW
24    77.7   089.0   13:00    72.0   00:00     00.0     12.7   04.68   02.3     14.9    13:00     SSW
25    74.0   084.0   12:00    69.0   00:00     00.0     09.1   00.43   01.5     05.8    12:00     SSW
26    79.2   084.2   15:00    74.2   07:00     00.0     14.3   00.25   00.6     00.0    00:00     SSW
27    82.9   087.6   14:27    78.1   03:14     00.0     18.0   00.00   01.0     11.5    16:31     SSW
28    81.4   089.5   15:06    73.0   11:04     00.0     16.5   00.48   01.3     23.0    18:22     WSW
29    76.8   085.3   15:38    68.9   06:59     00.0     11.9   00.03   04.0     18.4    11:10     NNE
30    76.4   085.5   15:00    68.0   06:59     00.0     11.5   00.00   02.7     16.1    17:37      NE
31    77.1   087.3   14:43    68.2   06:34     00.0     12.1   00.00   02.1     19.6    11:25     ENE
----------------------------------------------------------------------------------------------------------------------------------------------------------