MONTHLY CLIMATOLOGICAL SUMMARY for JULY 2018 NAME: Mandy Farms CITY: Morehead City STATE: NC ELEV: 10 LAT: 034:43:32 LONG: 0076:45:37 TEMPERATURE ( °F), RAIN (in.), WIND SPEED (mph) HEAT COOL AVG MEAN DEG DEG WIND DOM DAY TEMP HIGH TIME LOW TIME DAYS DAYS RAIN SPEED HIGH TIME DIR ---------------------------------------------------------------------------------------------------------------------------------------------------------- 01 81.7 088.5 10:51 75.2 05:41 0.0 16.7 00.00 1.0 12.0 08:26 NW 02 82.4 089.6 10:56 75.7 05:59 0.0 17.4 00.00 1.0 10.5 09:52 NE 03 81.3 088.8 15:00 74.0 05:09 0.0 16.3 00.00 2.0 18.0 10:37 ENE 04 82.5 088.8 10:58 76.6 00:53 0.0 17.5 00.04 1.0 15.0 15:53 ENE 05 82.2 088.9 10:59 75.5 06:04 0.0 17.2 00.00 1.0 12.0 13:04 SE 06 82.0 088.5 15:19 75.5 06:24 0.0 17.0 00.00 1.0 07.5 13:39 S 07 78.6 085.8 10:19 71.1 22:39 0.0 15.1 00.21 5.0 36.0 18:04 NNE 08 74.7 078.9 12:19 70.6 05:24 0.0 09.7 00.06 6.0 27.0 12:49 NNE 09 76.9 084.5 14:40 69.5 06:24 0.0 11.9 00.00 6.0 25.5 10:39 NNE 10 75.9 088.3 15:09 63.6 05:38 0.0 10.9 00.00 4.0 21.0 10:36 N 11 79.6 088.9 15:06 70.6 06:15 0.0 14.6 00.00 1.0 09.0 08:09 W 12 80.1 086.3 10:54 73.8 16:28 0.0 15.1 00.81 1.0 10.5 16:14 WSW 13 79.7 086.1 14:45 73.4 04:57 0.0 14.7 00.00 3.0 19.5 11:08 NE 14 77.1 084.7 14:45 69.6 23:47 0.0 12.2 00.00 3.0 16.5 13:03 NE 15 76.1 085.8 14:52 66.6 06:06 0.0 11.1 00.00 1.0 10.5 08:45 NNW 16 81.4 085.2 12:24 77.7 06:54 0.0 16.4 00.00 0.1 06.0 13:15 SW 17 82.8 086.6 10:31 79.1 04:23 0.0 17.8 00.00 2.0 10.5 12:39 SW 18 80.6 085.8 15:12 75.6 06:12 0.0 15.6 00.06 2.0 16.5 13:25 N 19 79.7 086.7 10:49 72.9 05:47 0.0 14.7 00.00 2.0 16.5 11:50 NE 20 77.3 081.7 09:31 73.1 15:47 0.0 12.3 01.13 2.0 13.5 15:45 ENE 21 77.5 082.4 16:55 72.7 01:16 0.0 12.5 00.58 1.0 15.0 12:37 WNW 22 81.5 087.6 10:33 75.4 21:09 0.0 17.8 00.04 1.0 10.5 20:48 SSW 23 78.0 082.2 17:33 73.8 04:25 0.0 13.0 00.18 1.0 10.5 20:07 SSW 24 77.4 080.9 12:04 73.9 08:49 0.0 12.4 02.02 1.0 10.5 04:14 SSW 25 78.2 082.9 15:29 73.4 21:53 0.0 13.2 00.66 1.0 12.0 04:09 SW 26 79.4 085.4 15:04 73.6 00:04 0.0 14.4 00.12 0.1 06.0 16:44 SW 27 79.6 083.9 15:23 75.3 09:45 0.0 14.6 00.46 1.0 12.0 12:04 SW 28 81.6 086.1 10:14 77.0 06:19 0.0 16.6 00.01 2.0 12.0 12:24 SW 29 79.0 083.0 14:18 75.0 09:44 0.0 14.0 00.30 1.0 09.0 03:57 WSW 30 76.0 079.2 12:00 72.8 06:26 0.0 11.0 01.33 1.0 13.5 05:53 WSW 31 79.7 083.9 15:43 75.5 09:04 0.0 14.7 00.49 1.0 10.5 08:46 SW ----------------------------------------------------------------------------------------------------------------------------------------------------------