MONTHLY CLIMATOLOGICAL SUMMARY for JULY 2019 NAME: Mandy Farms CITY: Morehead City STATE: NC ELEV: 10 LAT: 034:43:32 LONG: 0076:45:37 TEMPERATURE ( °F), RAIN (in.), WIND SPEED (mph) HEAT COOL AVG MEAN DEG DEG WIND DOM DAY TEMP HIGH TIME LOW TIME DAYS DAYS RAIN SPEED HIGH TIME DIR ---------------------------------------------------------------------------------------------------------------------------------------------------------- 01 083.8 092.8 14:54 74.9 23:55 0.0 19.2 00.00 02.0 15.0 14:09 NNE 02 079.3 089.4 14:32 69.2 05:12 0.0 14.3 00.00 01.0 12.0 15:07 SSW 03 081.9 090.6 13:22 73.4 15:35 0.0 16.9 00.71 01.0 22.5 14:26 SW 04 082.1 088.7 14:28 75.6 23:53 0.0 17.1 00.88 01.0 13.5 10:20 SW 05 081.8 088.2 11:06 75.8 00:53 0.0 16.8 00.19 01.0 12.0 15:41 SSW 06 080.8 087.1 15:06 74.6 10:59 0.0 15.8 01.01 01.0 15.0 14:53 SSW 07 083.9 088.5 10:49 79.5 04:29 0.0 18.9 00.00 02.0 13.5 15:17 SW 08 081.2 088.4 14:55 73.9 20:55 0.0 16.2 00.14 01.0 19.5 17:04 WSW 09 081.1 087.3 14:09 75.2 01:19 0.0 16.1 00.00 02.0 16.5 14:49 NE 10 081.8 088.5 10:56 75.3 03:34 0.0 16.8 00.00 01.0 10.5 08:22 E 11 082.8 088.6 15:34 77.3 07:39 0.0 18.8 00.00 01.0 13.5 15:09 SW 12 080.2 087.5 15:10 73.1 07:50 0.0 15.2 00.17 02.0 19.5 06:49 WSW 13 083.6 089.9 10:59 77.3 05:57 0.0 18.6 00.00 01.0 10.5 08:27 SW 14 082.3 089.4 12:25 75.6 07:05 0.0 17.3 00.00 01.0 09.0 07:45 WSW 15 084.4 091.1 11:15 78.1 05:15 0.0 19.4 00.00 01.0 07.5 13:04 WSW 16 085.0 091.2 10:45 78.7 04:00 0.0 20.0 00.00 01.0 09.0 14:50 SW 17 085.7 089.6 11:05 81.7 06:20 0.0 20.7 00.00 01.0 16.5 17:00 SW 18 085.7 089.7 15:10 81.7 06:50 0.0 20.7 00.00 03.0 22.5 14:35 SW 19 084.6 089.6 14:24 79.6 04:20 0.0 19.6 00.00 02.0 13.5 15:54 SW 20 084.9 089.8 15:10 80.0 06:15 0.0 19.9 00.00 02.0 15.0 19:24 SW 21 085.1 090.8 14:55 79.4 06:40 0.0 20.1 00.00 02.0 13.5 17:09 SW 22 084.5 089.1 14:52 80.0 05:54 0.0 19.5 00.00 02.0 18.0 15:37 SW 23 080.5 087.0 15:46 74.0 21:04 0.0 15.5 00.15 02.0 21.0 20:37 SW 24 075.0 080.2 17:40 69.7 07:35 0.0 10.0 00.00 03.0 13.5 10:44 ENE 25 077.7 086.6 14:50 70.1 06:35 0.0 12.7 00.00 04.3 24.0 10:53 NNE 26 077.8 086.8 15:04 71.9 06:20 0.0 12.8 00.00 02.9 21.0 12:54 NE 27 078.5 087.0 14:25 70.7 05:35 0.0 13.5 00.00 02.5 22.5 14:54 NE 28 076.7 089.6 14:50 65.7 03:50 0.0 11.7 00.00 01.5 16.5 12:39 NNE 29 076.3 088.3 11:25 64.7 06:10 0.0 11.3 00.00 00.8 12.0 11:39 NE 30 076.4 088.6 11:15 67.4 06:25 0.0 11.4 00.00 00.6 10.5 15:24 WNW 31 081.9 089.5 11:04 73.7 06:09 0.0 16.9 00.00 00.4 07.5 13:39 NE ----------------------------------------------------------------------------------------------------------------------------------------------------------