MONTHLY CLIMATOLOGICAL SUMMARY for AUG 1998

NAME:    CITY:  STATE: 
ELEV:  LAT:  LONG: 

                            TEMPERATURE ( F), RAIN (in.), WIND SPEED (mph)

                                            
                                            
DAY   MEAN   HIGH   TIME     LOW    TIME      HEAT     COOL      RAIN
-----------------------------------------------------------------------------------------------------------------------------------------
16    81.0   083.2   15:47   75.0   08:10     00.0     16.0      00.00
17    81.0   081.3   15:15   73.1   06:48     00.0     16.0      00.00   
18    81.0   084.4   14:27   80.4   08:11     00.0     16.0      00.00   
19    81.0   087.3   14:33   77.4   07:20     00.0     16.0      00.00   
20    81.0   085.1   13:45   75.0   07:27     00.0     16.0      00.00   
21    81.0   088.0   13:56   71.2   07:50     00.0     16.0      01.50   
22    81.0   086.0   14:33   73.2   23:50     00.0     16.0      00.00   
23    81.0   086.0   14:40   69.0   06:25     00.0     16.0      00.00   
24    81.0   086.1   13:20   70.1   07:14     00.0     16.0      00.00   
25    81.0   092.0   12:10   74.1   02:12     00.0     16.0      00.00    
26    81.0   089.2   13:33   78.1   00:01     00.0     16.0      05.61   
27    81.0   087.0   13:23   79.1   07:36     00.0     16.0      01.00  
28    81.0   085.1   14:01   75.1   09:06     00.0     16.0      00.00   
29    81.0   085.3   15:15   77.1   23:59     00.0     16.0      00.39   
30    81.0   082.1   23:51   67.2   07:50     00.0     16.0      00.00   
31    81.0   075.1   23:54   62.2   07:50     00.0     16.0      00.00  
----------------------------------------------------------------------------------------------------------------------------------------