MONTHLY CLIMATOLOGICAL SUMMARY for AUG 2012

NAME:    CITY:  STATE: 
ELEV:  LAT:  LONG: 

                            TEMPERATURE ( F), RAIN (in.), WIND SPEED (mph)

                                               HEAT     COOL           AVG
      MEAN                                     DEG      DEG            WIND                       DOM
DAY   TEMP    HIGH   TIME     LOW    TIME      DAYS     DAYS    RAIN   SPEED    HIGH    TIME      DIR
----------------------------------------------------------------------------------------------------------------------------------------------------------
01    76.4   081.5   16:27    73.4   22:43     00.0     11.4   00.38   01.8     10.4    12:12      SW
02    78.7   085.8   15:35    70.0   06:27     00.0     13.7   00.00   01.5     09.2    16:12     WSW
03    81.8   089.6   13:09    73.2   06:49     00.0     16.8   00.00   02.6     10.4    14:35      SW
04    82.4   087.6   17:05    77.5   09:14     00.0     17.5   00.12   02.6     11.5    12:57      SW
05    83.4   087.6   17:16    78.8   05:33     00.0     18.5   00.00   03.4     12.7    16:25      SW
06    81.5   087.6   15:36    77.5   10:06     00.0     16.6   00.19   03.0     09.2    18:39      SW
07    79.5   083.8   17:20    75.7   09:00     00.0     14.6   00.46   01.5     11.5    08:12      SW
08    76.7   080.2   15:50    75.2   00:00     00.0     11.8   00.49   00.4     05.8    16:31      SW
09    78.7   087.4   16:13    72.0   07:06     00.0     13.8   00.00   02.2     09.2    00:00      SW
10    80.1   085.5   15:30    75.0   05:26     00.0     15.2   00.55   06.3     15.0    10:01      SW
11    78.7   081.7   16:34    73.6   11:42     00.0     13.7   00.58   05.9     12.7    02:36      SW
12    77.7   083.1   15:46    74.5   07:15     00.0     12.7   00.12   02.6     10.4    07:11      SW
13    79.5   087.4   16:10    73.0   06:31     00.0     14.5   00.00   02.2     10.4    16:06      SW
14    81.0   087.3   16:05    76.6   07:49     00.0     16.0   00.00   03.1     11.5    17:13      SW
15    79.6   087.5   15:57    72.3   21:34     00.0     14.6   00.84   03.5     11.5    16:29      SW
16    77.1   088.3   14:10    73.0   00:02     00.0     12.2   00.27   01.3     11.5    10:10      S 
17    78.6   087.3   15:39    71.6   06:58     00.0     13.7   00.00   02.7     10.4    14:48      SW
18    79.9   087.5   15:56    74.7   07:33     00.0     14.9   00.00   02.0     10.4    23:57     SSW
19    75.4   084.2   13:10    71.4   07:08     00.0     10.4   01.59   01.3     12.7    15:40      SE
20    75.9   083.1   14:46    73.0   08:41     00.0     10.9   00.73   00.7     09.2    12:58     ENE
21    74.4   077.9   16:48    71.8   00:00     00.0     09.4   00.55   00.1     04.6    17:28      E 
22    75.5   085.6   15:54    71.2   02:32     00.0     10.6   00.15   01.1     10.4    14:08     ENE
23    74.6   082.8   12:50    71.8   21:54     00.0     09.7   00.92   01.7     10.4    09:48      NE
24    73.9   079.2   13:03    70.2   00:00     00.0     09.0   01.58   03.4     25.3    20:29     ENE
25    73.7   082.1   15:49    69.4   00:00     00.0     08.8   00.15   02.6     15.0    11:32     WSW
26    77.6   085.8   13:09    69.4   00:08     00.0     12.7   00.01   02.6     15.0    13:33      NE
27    78.0   085.7   14:33    74.1   06:11     00.0     13.1   01.36   01.3     12.7    17:35     SSE
28    76.7   080.1   10:47    74.5   18:46     00.0     11.8   00.64   02.1     15.0    23:16     SSW
29    77.0   084.7   15:30    73.8   08:09     00.0     12.1   00.09   00.6     09.2    12:19     ESE
30    77.7   083.6   14:55    72.1   00:00     00.0     12.7   00.00   01.1     06.9    17:33      S 
31    76.9   087.1   14:21    68.9   07:00     00.0     11.9   00.00   03.1     09.2    22:49      SW
----------------------------------------------------------------------------------------------------------------------------------------------------------