MONTHLY CLIMATOLOGICAL SUMMARY for AUG 2013

NAME:    CITY:  STATE: 
ELEV:  LAT:  LONG: 

                            TEMPERATURE ( F), RAIN (in.), WIND SPEED (mph)

                                               HEAT     COOL           AVG
      MEAN                                     DEG      DEG            WIND                       DOM
DAY   TEMP    HIGH   TIME     LOW    TIME      DAYS     DAYS    RAIN   SPEED    HIGH    TIME      DIR
----------------------------------------------------------------------------------------------------------------------------------------------------------
01    79.8   082.4   04:04    75.4   07:15     00.0     14.8   00.91   01.7     11.5    04:43      W 
02    83.0   085.8   16:15    79.3   06:53     00.0     18.0   00.00   02.7     10.3    15:49      W 
03    84.5   088.0   11:53    80.1   00:00     00.0     19.5   00.00   03.0     09.2    15:17      W 
04    79.2   088.1   09:51    69.3   00:00     00.0     14.3   00.44   01.8     24.1    13:25     NNE
05    74.0   084.5   11:16    64.2   06:29     00.0     09.0   00.00   01.9     17.3    14:39     ENE
06    76.0   087.4   16:04    66.7   05:57     00.0     11.1   00.00   01.1     12.7    16:16      SW
07    77.2   085.0   14:39    69.8   06:46     00.0     12.3   00.00   01.3     11.5    12:00      NW
08    80.9   085.8   17:32    76.5   06:46     00.0     16.0   00.00   01.3     06.9    19:25      W 
09    81.9   087.4   16:01    79.7   07:13     00.0     16.9   00.00   03.5     10.3    17:09      W 
10    82.2   087.3   14:49    77.0   00:00     00.0     17.3   00.00   03.4     11.5    18:02      W 
11    81.1   087.3   14:31    76.3   00:52     00.0     16.2   00.00   01.6     08.1    13:41      W 
12    82.2   089.4   15:47    76.6   06:25     00.0     17.3   00.00   01.9     10.3    13:23      W 
13    80.6   086.0   14:52    74.1   07:20     00.0     15.7   00.70   03.4     11.5    17:19      W 
14    74.9   081.0   00:02    70.5   23:25     00.0     10.0   00.36   03.3     20.7    12:44     ENE
15    67.9   070.9   01:26    65.5   05:08     00.0     02.9   00.94   04.3     17.3    19:36     ENE
16    70.9   074.1   13:26    68.9   00:10     00.0     06.0   00.00   03.9     16.1    11:24     ENE
17    73.5   078.4   11:57    69.1   04:53     00.0     08.5   00.54   00.1     10.3    18:34      NE
18    77.4   084.0   15:28    72.3   07:30     00.0     12.4   00.00   00.8     08.1    16:12     WSW
19    76.2   084.0   13:39    73.0   00:00     00.0     11.3   00.35   03.5     16.1    15:25      NE
20    74.7   081.4   18:00    72.4   04:17     00.0     09.8   00.00   01.4     12.7    11:08      E 
21    78.1   085.8   15:19    72.1   04:36     00.0     13.1   00.00   00.4     09.2    09:16      NW
22    78.2   083.5   12:55    71.6   07:04     00.0     13.2   00.00   00.0     06.9    20:31      W 
23    78.0   083.7   11:31    71.8   22:22     00.0     13.0   00.12   01.4     14.9    19:57      S 
24    74.2   080.2   14:32    70.2   07:24     00.0     09.3   00.24   03.1     17.3    14:48      NW
25    73.0   079.2   14:01    68.0   07:04     00.0     08.1   00.00   01.5     14.9    14:05     WSW
26    72.0   079.9   15:12    65.7   07:10     00.0     07.0   00.00   02.0     09.2    11:05     NNW
27    73.1   079.5   14:37    64.4   07:04     00.0     08.1   00.00   01.4     09.2    18:12      S 
28    77.7   081.1   13:17    74.7   06:49     00.0     12.7   00.01   01.6     10.3    10:25      S 
29    78.1   083.8   14:59    72.9   00:00     00.0     13.2   00.70   00.9     17.3    15:40     SSW
30    76.0   081.6   14:15    70.2   07:04     00.0     11.1   00.00   00.7     10.3    09:57      SW
31    77.3   082.8   14:38    71.1   07:21     00.0     12.3   00.00   01.0     08.1    13:49      S 
----------------------------------------------------------------------------------------------------------------------------------------------------------