MONTHLY CLIMATOLOGICAL SUMMARY for AUG 2014

NAME:    CITY:  STATE: 
ELEV:  LAT:  LONG: 

                            TEMPERATURE ( F), RAIN (in.), WIND SPEED (mph)

                                               HEAT     COOL           AVG
      MEAN                                     DEG      DEG            WIND                       DOM
DAY   TEMP    HIGH   TIME     LOW    TIME      DAYS     DAYS    RAIN   SPEED    HIGH    TIME      DIR
----------------------------------------------------------------------------------------------------------------------------------------------------------
01    75.2   078.1   00:36    72.1   12:42     00.0     10.2   04.55   01.1     17.3    08:25     ESE
02    74.0   076.5   16:27    72.3   22:46     00.0     09.0   01.54   00.1     06.9    06:15      S 
03    72.5   073.8   00:00    70.7   18:33     00.0     07.5   00.80   01.1     09.2    10:16     NNW
04    74.4   078.1   18:45    72.1   04:13     00.0     09.5   00.76   00.1     05.8    22:48     SSE
05    76.7   084.0   13:20    72.1   00:00     00.0     11.7   00.59   01.9     18.4    19:14      N 
06    78.1   088.2   15:27    68.4   06:27     00.0     13.1   00.01   00.7     08.1    16:57      SW
07    76.0   088.3   11:00    70.9   06:48     00.0     11.1   00.42   00.7     19.6    14:07      N 
08    77.7   086.0   14:48    71.1   06:20     00.0     12.7   00.00   03.8     17.3    09:50      NE
09    74.7   080.6   12:32    70.5   17:08     00.0     09.8   00.05   03.5     14.9    12:35     ENE
10    77.1   084.1   12:08    72.0   01:24     00.0     12.1   00.04   02.6     13.8    16:38     ENE
11    78.5   087.2   15:15    73.2   01:43     00.0     13.6   00.04   02.4     16.1    17:51      E 
12    80.8   087.6   15:10    74.5   07:10     00.0     15.9   00.00   00.9     10.3    01:05      SW
13    80.9   087.6   15:27    73.0   00:00     00.0     15.9   00.00   01.2     13.8    08:39      W 
14    73.9   084.6   15:13    65.5   07:02     00.0     09.0   00.00   02.2     14.9    08:39     NNW
15    75.2   085.7   15:09    64.0   07:38     00.0     10.3   00.00   00.5     10.3    11:12      SW
16    77.7   086.4   11:32    68.2   06:58     00.0     12.8   00.00   00.2     05.8    19:02     SSW
17    81.2   087.6   15:44    74.3   06:54     00.0     16.3   00.00   01.0     11.5    10:31     WSW
18    78.9   087.6   14:26    69.4   23:01     00.0     14.0   03.88   01.4     29.9    18:18      SW
19    79.3   087.5   15:25    69.8   02:38     00.0     14.4   00.03   01.0     12.7    00:37      SW
20    79.6   087.6   15:31    73.9   07:20     00.0     14.7   00.00   01.9     13.8    10:18      NW
21    79.8   089.1   11:20    74.2   14:41     00.0     14.9   00.23   00.3     12.7    14:41      SW
22    82.3   091.2   15:07    74.7   07:00     00.0     17.3   00.00   00.8     13.8    11:38     WSW
23    77.9   085.5   13:22    72.5   21:01     00.0     13.0   00.74   01.6     20.7    19:51      NE
24    76.5   082.0   15:17    71.1   00:00     00.0     11.5   00.00   09.3     28.8    16:36      NE
25    73.1   080.8   13:12    67.1   07:12     00.0     08.2   00.00   08.1     27.6    14:28     NNE
26    75.4   084.7   14:47    66.7   06:33     00.0     10.5   00.00   07.3     23.0    11:57     NNE
27    76.9   087.1   15:25    70.3   05:06     00.0     11.9   00.00   05.8     23.0    13:43      N 
28    77.4   086.8   15:51    65.7   05:19     00.0     12.4   00.00   01.3     14.9    10:19     WSW
29    79.8   087.8   11:38    72.9   07:01     00.0     14.9   00.00   00.9     11.5    10:34     WNW
30    78.4   088.0   16:02    72.5   06:38     00.0     13.4   00.00   00.0     03.5    16:41     SSE
31    80.4   088.7   15:49    72.9   07:01     00.0     15.5   00.00   00.3     08.1    10:27     SSW
----------------------------------------------------------------------------------------------------------------------------------------------------------