MONTHLY CLIMATOLOGICAL SUMMARY for AUG. 2017

NAME: MoreheadCityWeather.Com   CITY: Morehead City STATE: NC
ELEV: 10 LAT: 034:44:02 LONG: 0076:44:54

                            TEMPERATURE ( F), RAIN (in.), WIND SPEED (mph)

                                               HEAT     COOL           AVG
      MEAN                                     DEG      DEG            WIND                       DOM
DAY   TEMP    HIGH   TIME     LOW    TIME      DAYS     DAYS    RAIN   SPEED    HIGH    TIME      DIR
--------------------------------------------------------------------------------------------------------
01    83.4   086.0   15:05    60.1   21:05     00.0     18.4   00.00   10.9     14.9    17:01      N 
02    81.2   086.7   15:35    60.8   20:42     00.0     16.2   00.00   07.8     20.7    19:47      N 
03    79.0   086.4   17:36    66.7   06:02     00.0     14.1   00.00   04.8     16.1    18:43      N 
04    82.3   082.6   15:15    74.7   02:30     00.0     17.3   00.14   06.3     17.3    11:07      N 
05    81.4   086.0   10:59    75.7   05:23     00.0     16.5   00.42   07.3     11.5    12:33      N 
06    83.8   088.3   11:00    73.2   18:33     00.0     18.8   00.00   16.4     11.5    07:52      N 
07    84.6   086.4   15:08    75.9   06:22     00.0     19.7   00.19   16.4     11.5    15:38      N 
08    84.2   081.5   14:22    72.0   08:52     00.0     19.2   01.05   07.3     05.3    14:55      SW	
09    82.2   075.0   13:55    71.4   07:15     00.0     17.2   00.64   09.9     05.3    15:23      SW
10    82.2   085.3   14:22    71.1   08:12     00.0     17.2   00.00   07.8	10.2    14:24      SW	
11    82.2   086.5   15:52    73.2   07:11     00.0     17.2   00.00   05.8     04.2    15:25      SW 
12    82.2   084.9   12:55    77.0   08:15     00.0     17.2   00.24   06.3     05.3    14:22       S	
13    82.2   088.5   16:22    75.9   07:15     00.0	17.2   00.36   06.8	11.0    15:23      SW			
14    82.2   089.1   15:22    75.9   07:11     00.0     17.2   00.04   05.3     10.2    14:42      SW				
15    82.2   090.5   16:11    77.0   08:11     00.0	17.2   00.00   05.8	04.7    15:25      SW			
16    82.2   089.4   15:15    75.7   06:56     00.0     17.2   00.00   08.9	05.3    16:22      SW				
17    82.2   090.1   14:22    74.8   07:10     00.0     17.2   00.00   06.8	11.8    15:52      SW				
18    82.2   090.5   16:22    81.0   06:54     00.0	17.2   00.00   06.8	27.2    14:22      SW
19    82.2   090.7   15:15    73.6   08:11     00.0     25.7   00.45   04.3     23.3    15:52      SW
20    82.2   090.5   16:22    74.7   07:15     00.0     25.5   00.00   02.5     06.3    14:42      SW 
21    82.2   088.7   11:55    75.7   08:11     00.0     23.7   00.22   02.7     07.8    15:55      SW
22    82.2   088.7   13:25    74.3   07:15     00.0     16.0   00.03   02.4     06.3    14:23      SW
23    82.2   088.7   14:14    72.1   08:14     00.0     17.2   00.71   02.4     26.3    14:25      SW 
24    82.2   083.7   15:22    72.0   07:15     00.0     17.2   00.06   01.4     17.9    15:22      SW 
25    82.2   086.0   14:25    72.0   08:15     00.0     17.2   01.83   02.2 	18.7    14:42      SW 
26    82.2   087.6   15:52    73.6   07:11     00.0     17.2   00.00   02.5     23.3    15:52      SW
27    82.2   083.1   15:22    72.3   07:15     00.0     17.2   00.00   02.4	24.8	14:42      SW
28    82.2   078.1   14:41    72.1   06:55     00.0	17.2   01.41   03.5	24.8	15:52      SW 
29    82.2   084.9   15:55    68.2   07:15     00.0    	17.2   00.86   05.2     27.3	15:22      SW 
30    82.2   081.0   14:55    67.1   08:12     00.0     17.2   00.00   03.2     18.7    19:21      SW
31    82.2   085.3   16:23    70.9   07:12     00.0     17.2   00.07   02.4     07.8    14:23      SW		
--------------------------------------------------------------------------------------------------------
82.2 (82.8)   90.6  day 01     73.2  day 03   000.0    121.1   03.78   04.3     20.7   day 02      N 
Max >=  86: 6
Min <=  86: 7
Max Rain: 2.55 ON 2-08-16
Days of Rain: 5 (> .008in) 3 (> .08in) 1 (> 0.8in)