MONTHLY CLIMATOLOGICAL SUMMARY for AUGUST 2019 NAME: Mandy Farms CITY: Morehead City STATE: NC ELEV: 10 LAT: 034:43:32 LONG: 0076:45:37 TEMPERATURE ( °F), RAIN (in.), WIND SPEED (mph) HEAT COOL AVG MEAN DEG DEG WIND DOM DAY TEMP HIGH TIME LOW TIME DAYS DAYS RAIN SPEED HIGH TIME DIR ---------------------------------------------------------------------------------------------------------------------------------------------------------- 01 080.7 089.2 11:15 74.0 06:50 0.0 15.7 00.00 00.4 13.5 15:28 WNW 02 079.4 087.4 10:35 74.8 23:05 0.0 14.4 00.53 01.0 13.5 06:14 NE 03 077.4 081.8 16:40 74.1 07:00 0.0 12.4 00.07 00.5 09.0 16:04 NNE 04 079.3 089.0 11:25 70.9 06:40 0.0 14.3 00.00 00.8 10.5 10:24 N 05 078.0 086.5 15:40 73.2 23:40 0.0 13.5 02.35 00.5 13.5 23:19 NNW 06 076.3 085.5 13:35 71.8 06:10 0.0 11.3 00.00 00.7 10.5 08:54 NW 07 083.3 088.3 15:25 78.1 06:45 0.0 18.3 00.00 01.2 13.5 19:09 SW 08 081.6 088.3 11:35 71.8 16:20 0.0 16.6 00.66 01.4 12.0 13:44 SW 09 082.4 092.3 11:10 74.1 06:30 0.0 17.4 00.00 00.3 09.0 15:25 SW 10 082.6 090.4 11:00 74.5 06:55 0.0 17.6 00.06 00.6 16.5 17:54 NNW 11 080.3 088.2 14:20 74.1 01:10 0.0 15.3 00.25 01.7 16.5 09:49 NE 12 078.7 087.9 15:15 74.8 03:00 0.0 13.7 00.00 01.3 15.0 12:14 ENE 13 081.4 088.6 10:39 74.2 06:40 0.0 16.4 00.00 00.4 10.5 14:29 SW 14 085.0 089.4 14:45 81.0 07:20 0.0 20.0 00.00 01.5 13.5 17:09 SW 15 083.1 088.2 14:35 78.0 07:48 0.0 18.1 00.16 00.2 04.5 14:51 NW 16 080.0 086.0 10:01 74.0 06:59 0.0 15.0 03.38 00.4 12.0 06:03 NE 17 077.5 082.5 13:04 73.1 06:28 0.0 12.5 00.73 00.3 09.0 00:37 WSW 18 080.5 086.0 16:20 75.6 06:00 0.0 15.5 00.97 01.5 13.5 07:09 SW 19 082.6 088.0 15:05 77.3 06:50 0.0 17.6 00.00 00.9 15.0 15:34 SW 20 083.1 088.8 15:15 78.5 07:15 0.0 18.1 00.00 01.2 12.0 15:04 SW 21 084.4 088.6 15:15 80.2 06:55 0.0 19.4 00.00 01.8 19.5 16:19 SW 22 084.1 088.9 14:29 80.2 03:45 0.0 19.1 00.00 01.7 22.5 15:21 SW 23 085.4 089.4 11:00 81.4 06:55 0.0 20.4 00.00 01.8 13.5 15:44 SW 24 078.2 082.9 11:05 74.7 06:55 0.0 13.2 00.00 03.2 21.0 18:09 NNE 25 075.0 079.4 16:50 71.9 03:05 0.0 10.0 00.01 04.2 27.0 15:54 NNE 26 075.2 082.7 15:15 71.3 08:05 0.0 10.2 00.00 04.4 21.0 09:54 NNE 27 078.7 086.1 15:38 71.3 06:35 0.0 13.7 00.00 03.4 18.0 12:29 NNW 28 078.6 087.8 14:54 71.2 06:43 0.0 12.6 00.00 02.1 19.5 14:06 NNW 29 079.2 086.8 15:14 74.1 06:14 0.0 14.2 00.00 01.8 16.5 10:24 NNE 30 077.3 086.9 15:19 67.5 06:49 0.0 12.3 00.00 00.3 09.0 11:39 ENE 31 075.5 086.3 11:19 66.8 07:19 0.0 10.5 00.00 01.4 18.0 14:39 ENE ----------------------------------------------------------------------------------------------------------------------------------------------------------