MONTHLY CLIMATOLOGICAL SUMMARY for SEP 1998

NAME:    CITY:  STATE: 
ELEV:  LAT:  LONG: 

                            TEMPERATURE ( F), RAIN (in.), WIND SPEED (mph)

                                           
                                           
DAY   MEAN   HIGH     TIME   LOW    TIME    HEAT  COOL     RAIN   
----------------------------------------------------------------------------------------------------------------------------------------
01    78.0   076.0   14:34   65.0   07:34   00.0  13.0     00.00   
02    78.0   075.1   15:23   69.0   06:55   00.0  13.0     00.00   
03    78.0   077.0   14:21   72.0   07:34   00.0  13.0     02.16   
04    78.0   074.3   17:10   71.3   22:55   00.0  13.0     01.00   
05    78.0   091.0   16:15   73.0   06:44   00.0  13.0     00.00   
06    78.0   081.1   16:40   72.1   07:38   00.0  13.0     01.00   
07    78.0   081.0   16:18   73.1   02:18   00.0  13.0     01.00   
08    78.0   085.0   15:06   73.2   00:00   00.0  13.0     00.00   
09    78.0   084.0   00:06   74.1   00:00   00.0  13.0     00.00   
10    78.0   086.2   15:38   73.1   06:49   00.0  13.0     00.00   
11    78.0   091.0   14:47   69.4   08:01   00.0  13.0     00.00   
12    78.0   083.0   16:08   61.4   08:16   00.0  13.0     00.00   
13    78.0   083.0   15:30   64.1   00:00   00.0  13.0     00.00   
14    78.0   085.0   13:20   72.0   00:00   00.0  13.0     00.84   
15    78.0   080.0   16:35   72.3   07:32   00.0  13.0     00.00   
16    78.0   085.2   15:47   69.0   08:10   00.0  13.0     00.40   
17    78.0   080.3   15:15   62.1   06:48   00.0  13.0     00.00   
18    78.0   082.4   14:27   59.4   08:11   00.0  13.0     00.00   
19    78.0   083.3   14:33   63.4   07:20   00.0  13.0     00.00   
20    78.0   080.1   13:45   69.0   07:27   00.0  13.0     00.00   
21    78.0   075.0   13:56   68.2   07:50   00.0  13.0     00.00   
22    78.0   071.0   14:33   58.2   23:50   00.0  13.0     00.00   
23    78.0   079.0   14:40   55.0   06:25   00.0  13.0     00.00   
24    78.0   074.1   13:20   55.1   07:14   00.0  13.0     00.00    
25    78.0   085.0   12:10   66.1   02:12   00.0  13.0     00.00    
26    78.0   090.1   13:33   66.1   00:01   00.0  13.0     00.00   
27    78.0   084.0   13:23   73.1   07:36   00.0  13.0     00.00   
28    78.0   081.1   14:01   73.1   09:06   00.0  13.0     00.00   
29    78.0   087.3   00:03   71.1   23:59   00.0  13.0     00.00   
30    78.0   081.1   23:51   64.2   07:50   00.0  13.0     00.00   
----------------------------------------------------------------------------------------------------------------------------------------