MONTHLY CLIMATOLOGICAL SUMMARY for SEP 2012

NAME:    CITY:  STATE: 
ELEV:  LAT:  LONG: 

                            TEMPERATURE ( F), RAIN (in.), WIND SPEED (mph)

                                               HEAT     COOL           AVG
      MEAN                                     DEG      DEG            WIND                       DOM
DAY   TEMP    HIGH   TIME     LOW    TIME      DAYS     DAYS    RAIN   SPEED    HIGH    TIME      DIR
----------------------------------------------------------------------------------------------------------------------------------------------------------
01    81.1   088.3   14:39    77.2   07:48     00.0     16.2   00.00   02.3     10.4    06:00     SSW
02    78.9   087.4   13:17    75.4   00:00     00.0     14.0   00.02   00.2     08.1    15:07     NNE
03    76.6   079.7   15:54    72.3   13:33     00.0     11.7   02.93   00.7     09.2    13:08     ESE
04    78.2   082.8   15:10    74.5   07:21     00.0     13.3   00.22   02.3     09.2    15:56     SSW
05    80.0   086.4   14:18    76.8   07:38     00.0     15.1   00.00   04.2     11.5    16:01      SW
06    80.5   086.4   14:14    71.8   23:48     00.0     15.6   00.78   04.2     12.7    22:39     SSW
07    77.4   084.2   14:44    71.8   00:25     00.0     12.5   00.47   01.7     09.2    15:55     SSW
08    79.1   084.7   13:23    74.3   04:26     00.0     14.2   00.22   03.9     11.5    23:07      SW
09    73.8   080.2   00:03    66.7   00:00     00.0     08.8   00.00   01.9     12.7    14:29     ENE
10    67.0   079.2   18:01    61.3   07:26     00.0     02.0   00.00   01.4     15.0    10:43      NE
11    68.6   079.0   15:33    58.6   06:07     00.0     03.6   00.00   03.8     21.9    12:39      NE
12    71.8   080.6   15:28    58.6   02:37     00.0     06.9   00.00   05.7     24.2    12:40     ENE
13    73.2   082.2   15:32    63.5   02:51     00.0     08.3   00.00   05.4     25.3    15:44      NE
14    74.9   082.2   15:22    70.0   00:00     00.0     09.9   00.01   04.9     27.6    12:06     ENE
15    74.6   084.0   15:33    67.5   05:01     00.0     09.7   00.00   03.2     17.3    12:44      NE
16    72.2   081.3   14:29    64.9   02:31     00.0     07.2   00.00   02.3     16.1    09:27     ENE
17    74.0   082.2   14:44    69.3   07:18     00.0     09.1   00.16   01.7     11.5    16:35      SW
18    77.5   084.0   12:41    73.0   03:37     00.0     12.5   00.44   05.8     17.3    12:54      SW
19    72.5   078.1   01:23    66.7   23:40     00.0     07.6   00.31   04.8     25.3    13:06      NE
20    70.4   076.6   16:07    65.1   00:00     00.0     05.5   00.04   04.6     18.4    12:48      NE
21    69.0   081.2   15:53    60.6   06:54     00.0     04.1   00.00   02.0     15.0    11:03     ENE
22    71.9   083.9   14:56    61.9   07:03     00.0     06.9   00.00   02.3     10.4    16:13      SW
23    73.0   080.2   13:53    64.6   00:00     00.0     08.0   00.00   05.1     25.3    11:18     ENE
24    65.4   074.7   15:17    55.2   00:00     00.0     00.5   00.00   04.6     24.2    13:05     ENE
25    65.0   078.2   15:01    53.2   03:11     00.0     00.0   00.00   02.1     13.8    16:19     ENE
26    68.4   082.9   14:21    58.1   07:18     00.0     03.5   00.00   01.0     09.2    10:22     SSW
27    70.6   084.0   14:23    62.4   08:16     00.0     05.7   00.00   01.2     09.2    12:41      SW
28    72.2   084.0   13:38    61.7   07:12     00.0     07.2   00.00   01.5     10.4    13:21      W 
29    71.4   082.0   13:03    66.7   23:36     00.0     06.4   00.82   01.8     16.1    14:53      NE
30    69.3   077.5   16:07    64.9   08:02     00.0     04.3   00.14   02.8     16.1    11:04     NNE
----------------------------------------------------------------------------------------------------------------------------------------------------------